{"id":12908,"date":"2021-10-16T11:27:14","date_gmt":"2021-10-16T16:27:14","guid":{"rendered":"https:\/\/iselamendez.mx\/farmacia\/?post_type=product&#038;p=12908"},"modified":"2026-04-11T16:18:31","modified_gmt":"2026-04-11T22:18:31","slug":"zo-skin-health-rozatrol-50ml","status":"publish","type":"product","link":"https:\/\/iselamendez.mx\/farmacia\/tienda\/funcion\/limpieza\/exfoliacion\/zo-skin-health-rozatrol-50ml\/","title":{"rendered":"ZO Skin Health Rozatrol 50ml"},"content":{"rendered":"<p><a href=\"https:\/\/www.zoskinhealth.es\/zo-skin-health\/rozatrol\/\">ZO Skin Health Rozatrol\u00a050ML<\/a><\/p>\n<p>Es un suero de tratamiento para pieles enrojecidas y sensibilizadas que act\u00faa para normalizar la piel reduciendo el exceso de grasa superficial. Las propiedades exfoliantes proporcionan una exfoliaci\u00f3n ultra suave para prevenir los signos del envejecimiento prematuro.<\/p>\n<p><strong>\u00bfC\u00f3mo funciona?<\/strong><br \/>\nEl complejo de amino\u00e1cidos avanzado ayuda a restaurar la piel a una apariencia m\u00e1s radiante; Tambi\u00e9n\u00a0proporciona una exfoliaci\u00f3n suave para ayudar a suavizar la textura de la piel e incluso al tono de la piel; as\u00ed como para brindar una protecci\u00f3n antioxidante que ayuda a minimizar la apariencia; la sensaci\u00f3n de inflamaci\u00f3n y el da\u00f1o inducido por el estr\u00e9s oxidativo diario. Por ultimo ayuda a reponer la hidrataci\u00f3n y respalda la funci\u00f3n de barrera de la piel saludable<\/p>\n<p>\u00bfQu\u00e9 contiene ZO Skin Health Rozatrol?<\/p>\n<ul>\n<li><strong>Lactosa,\u00a0prote\u00edna de la leche, extracto de Brassica oleracea it\u00e1lica:<\/strong>\u00a0\u00a0\u00a0Ayuda a calmar la piel a trav\u00e9s de la hidrataci\u00f3n, minimizando la aparici\u00f3n de piel roja y sensibilizada.<\/li>\n<li><strong>Acetato de farnesilo, farnesol, triacetato de pantenilo:\u00a0<\/strong>\u00a0ayuda a reducir la grasa<\/li>\n<li><strong>Papa\u00edna:\u00a0\u00a0<\/strong>\u00a0proporciona una exfoliaci\u00f3n enzim\u00e1tica suave para mejorar la textura y el tono de la piel.<\/li>\n<li><strong>ZO-RRS\u00a0<sup>2<\/sup>\u00a0\u00ae:\u00a0<\/strong>\u00a0exclusivo complejo de c\u00e9lulas madre vegetales que proporciona una potente protecci\u00f3n antioxidante<\/li>\n<li><strong>Glicerina:\u00a0\u00a0<\/strong>\u00a0Repone la hidrataci\u00f3n.<\/li>\n<\/ul>\n<p><strong>Modo de uso:<\/strong><\/p>\n<p>Aplicar tu <a href=\"https:\/\/www.zoskinhealth.es\/zo-skin-health\/rozatrol\/\">Rozatrol<\/a> sobre la piel limpia y seca.<\/p>\n<p>Se recomienda usar una crema posteriormente; prueba con <a href=\"https:\/\/iselamendez.mx\/farmacia\/tienda\/marcas\/zo-skin-health\/zo-skin-health-hydrating-creme-113gr\/\">Zo Skin Health Hydrating<\/a>\u00a0Creme<\/p>\n<p>&nbsp;<\/p>\n<p>&nbsp;<\/p>\n","protected":false},"excerpt":{"rendered":"<p>Salud es belleza.<\/p>\n","protected":false},"featured_media":12909,"comment_status":"open","ping_status":"closed","template":"","meta":[],"product_brand":[479],"product_cat":[161,109,157,114,77,486,79,71,136],"product_tag":[371],"class_list":{"0":"post-12908","1":"product","2":"type-product","3":"status-publish","4":"has-post-thumbnail","6":"product_brand-zo-skin-health","7":"product_cat-crema-facial-tipo-de-producto","8":"product_cat-exfoliacion","9":"product_cat-hidratacion","10":"product_cat-limpieza","11":"product_cat-limpieza-y-mas","12":"product_cat-promociones-2026","13":"product_cat-rostro","14":"product_cat-tratamiento","15":"product_cat-zo-skin-health","16":"product_tag-zo-skin-health","18":"first","19":"instock","20":"shipping-taxable","21":"purchasable","22":"product-type-simple"},"aioseo_notices":[],"_links":{"self":[{"href":"https:\/\/iselamendez.mx\/farmacia\/wp-json\/wp\/v2\/product\/12908","targetHints":{"allow":["GET"]}}],"collection":[{"href":"https:\/\/iselamendez.mx\/farmacia\/wp-json\/wp\/v2\/product"}],"about":[{"href":"https:\/\/iselamendez.mx\/farmacia\/wp-json\/wp\/v2\/types\/product"}],"replies":[{"embeddable":true,"href":"https:\/\/iselamendez.mx\/farmacia\/wp-json\/wp\/v2\/comments?post=12908"}],"wp:featuredmedia":[{"embeddable":true,"href":"https:\/\/iselamendez.mx\/farmacia\/wp-json\/wp\/v2\/media\/12909"}],"wp:attachment":[{"href":"https:\/\/iselamendez.mx\/farmacia\/wp-json\/wp\/v2\/media?parent=12908"}],"wp:term":[{"taxonomy":"product_brand","embeddable":true,"href":"https:\/\/iselamendez.mx\/farmacia\/wp-json\/wp\/v2\/product_brand?post=12908"},{"taxonomy":"product_cat","embeddable":true,"href":"https:\/\/iselamendez.mx\/farmacia\/wp-json\/wp\/v2\/product_cat?post=12908"},{"taxonomy":"product_tag","embeddable":true,"href":"https:\/\/iselamendez.mx\/farmacia\/wp-json\/wp\/v2\/product_tag?post=12908"}],"curies":[{"name":"wp","href":"https:\/\/api.w.org\/{rel}","templated":true}]}}