{"id":13046,"date":"2021-10-21T16:12:14","date_gmt":"2021-10-21T21:12:14","guid":{"rendered":"https:\/\/iselamendez.mx\/farmacia\/?post_type=product&#038;p=13046"},"modified":"2026-04-01T03:20:32","modified_gmt":"2026-04-01T09:20:32","slug":"is-clinical-neck-perfect-complex-50g","status":"publish","type":"product","link":"https:\/\/iselamendez.mx\/farmacia\/tienda\/funcion\/tratamiento\/anti-edad\/is-clinical-neck-perfect-complex-50g\/","title":{"rendered":"Is Clinical Neck Perfect Complex 50g"},"content":{"rendered":"<p><a href=\"https:\/\/isclinical.com\/neckperfect-complex.html\">Is Clinical Neck Perfect Complex 50g<\/a><\/p>\n<p>Contiene ingredientes bot\u00e1nicos y antioxidantes, para rejuvenecer el cuello, la mand\u00edbula y el escote para lucir una piel m\u00e1s tersa y definida. Es un producto que ayudara a revolucionar la piel, para que luzca una piel joven. Te ayudara a disminuir la apariencia de las l\u00edneas finas, arrugas<\/p>\n<p><strong>BENEFICIOS:<\/strong><\/p>\n<p>Te ayudara a tener una piel m\u00e1s tersa y esculpida<\/p>\n<p>Tendr\u00e1s una mejor sensaci\u00f3n de firmeza y elasticidad<\/p>\n<p>Suavizara las l\u00edneas finas y las arrugas<\/p>\n<p>Tendr\u00e1s una hidrataci\u00f3n intensa y penetrante.<\/p>\n<p>&nbsp;<\/p>\n<p>Gracias a la vitamina B5, tendr\u00e1s una piel sana, tambi\u00e9n a sus extractos bot\u00e1nicos como lo es la semilla de almendra dulce te ayudara a calmar y mejorar la tez y la flexibilidad, la goma de acacia Senegal es un extracto de \u00e1rbol este te ayudara a alisar y a reafirma visiblemente la piel y la quinua hidrolizada te ayudara a proteger la piel de los agresores ambientales.<\/p>\n<p>&nbsp;<\/p>\n<p>&nbsp;<\/p>\n<p>Tienda en l\u00ednea <a href=\"https:\/\/iselamendez.mx\/\">Isela M\u00e9ndez<\/a> tenemos los mejores productos de IS CLINICAL consulta algunos de nuestros dermat\u00f3logos para una mejor autoevaluaci\u00f3n.<\/p>\n","protected":false},"excerpt":{"rendered":"<p>Salud es belleza.<\/p>\n","protected":false},"featured_media":13050,"comment_status":"open","ping_status":"closed","template":"","meta":[],"product_brand":[435],"product_cat":[152,161,81,72,138,71],"product_tag":[],"class_list":{"0":"post-13046","1":"product","2":"type-product","3":"status-publish","4":"has-post-thumbnail","6":"product_brand-is-clinical","7":"product_cat-anti-edad","8":"product_cat-crema-facial-tipo-de-producto","9":"product_cat-cuello-y-escote","10":"product_cat-gel-estilizador","11":"product_cat-is-clinical","12":"product_cat-tratamiento","14":"first","15":"instock","16":"shipping-taxable","17":"purchasable","18":"product-type-simple"},"aioseo_notices":[],"_links":{"self":[{"href":"https:\/\/iselamendez.mx\/farmacia\/wp-json\/wp\/v2\/product\/13046","targetHints":{"allow":["GET"]}}],"collection":[{"href":"https:\/\/iselamendez.mx\/farmacia\/wp-json\/wp\/v2\/product"}],"about":[{"href":"https:\/\/iselamendez.mx\/farmacia\/wp-json\/wp\/v2\/types\/product"}],"replies":[{"embeddable":true,"href":"https:\/\/iselamendez.mx\/farmacia\/wp-json\/wp\/v2\/comments?post=13046"}],"wp:featuredmedia":[{"embeddable":true,"href":"https:\/\/iselamendez.mx\/farmacia\/wp-json\/wp\/v2\/media\/13050"}],"wp:attachment":[{"href":"https:\/\/iselamendez.mx\/farmacia\/wp-json\/wp\/v2\/media?parent=13046"}],"wp:term":[{"taxonomy":"product_brand","embeddable":true,"href":"https:\/\/iselamendez.mx\/farmacia\/wp-json\/wp\/v2\/product_brand?post=13046"},{"taxonomy":"product_cat","embeddable":true,"href":"https:\/\/iselamendez.mx\/farmacia\/wp-json\/wp\/v2\/product_cat?post=13046"},{"taxonomy":"product_tag","embeddable":true,"href":"https:\/\/iselamendez.mx\/farmacia\/wp-json\/wp\/v2\/product_tag?post=13046"}],"curies":[{"name":"wp","href":"https:\/\/api.w.org\/{rel}","templated":true}]}}