{"id":13204,"date":"2021-11-03T18:34:30","date_gmt":"2021-11-04T00:34:30","guid":{"rendered":"https:\/\/iselamendez.mx\/farmacia\/?post_type=product&#038;p=13204"},"modified":"2026-04-21T23:04:18","modified_gmt":"2026-04-22T05:04:18","slug":"filorga-skin-unify-50ml","status":"publish","type":"product","link":"https:\/\/iselamendez.mx\/farmacia\/tienda\/funcion\/tratamiento\/anti-edad\/filorga-skin-unify-50ml\/","title":{"rendered":"Filorga Skin Unify Crema 50ml"},"content":{"rendered":"<p><a href=\"https:\/\/es.filorga.com\/product\/skin-unify\/\">Filorga Skin-Unify 50ml<\/a><\/p>\n<p>Es una crema con 3 efectos, anti-mancha, unificadora e ilumina.<\/p>\n<p>Inspirada en las 3 t\u00e9cnicas de la medicina est\u00e9tica, tiene un efecto de peeling y de medical strobing te ayuda a revelar luminosidad gracias sus activos avanzados te reduce las manchas oscuras y a la vez te unifican la tez dando volumen a la piel para recrear \u00e1reas de luz te dejara un efecto al instante.<\/p>\n<p>La acci\u00f3n anti-manchas es una combinaci\u00f3n de vitamina C, glabridina y extracto de algas te ayudaran a lucir una piel lisa y sin manchas. As\u00ed como te dejara un efecto peeling gracias a sus nutrientes como el \u00e1cido hialur\u00f3nico te dejara una piel m\u00e1s iluminada y m\u00e1s firme<\/p>\n<p>&nbsp;<\/p>\n<p><strong>MODO DE USO:<\/strong><\/p>\n<p>Aplicar en el rostro de abajo hacia arriba, incluyendo el cuello dando peque\u00f1os toques alrededor de los ojos.<\/p>\n<p>&nbsp;<\/p>\n<p>Tienda en l\u00ednea <a href=\"https:\/\/iselamendez.mx\/\">Isela M\u00e9ndez<\/a> tenemos los mejores productos de FILORGA consulta algunos de nuestros dermat\u00f3logos para una mejor autoevaluaci\u00f3n<\/p>\n<p>&nbsp;<\/p>\n","protected":false},"excerpt":{"rendered":"<p>Salud es belleza.<\/p>\n","protected":false},"featured_media":13206,"comment_status":"open","ping_status":"closed","template":"","meta":[],"product_brand":[423],"product_cat":[152,161,160,176,49,157,486,79,71],"product_tag":[346],"class_list":{"0":"post-13204","1":"product","2":"type-product","3":"status-publish","4":"has-post-thumbnail","6":"product_brand-filorga","7":"product_cat-anti-edad","8":"product_cat-crema-facial-tipo-de-producto","9":"product_cat-efecto-lifting","10":"product_cat-efecto-peeling","11":"product_cat-filorga","12":"product_cat-hidratacion","13":"product_cat-promociones-2026","14":"product_cat-rostro","15":"product_cat-tratamiento","16":"product_tag-filorga","18":"first","19":"instock","20":"shipping-taxable","21":"purchasable","22":"product-type-simple"},"aioseo_notices":[],"_links":{"self":[{"href":"https:\/\/iselamendez.mx\/farmacia\/wp-json\/wp\/v2\/product\/13204","targetHints":{"allow":["GET"]}}],"collection":[{"href":"https:\/\/iselamendez.mx\/farmacia\/wp-json\/wp\/v2\/product"}],"about":[{"href":"https:\/\/iselamendez.mx\/farmacia\/wp-json\/wp\/v2\/types\/product"}],"replies":[{"embeddable":true,"href":"https:\/\/iselamendez.mx\/farmacia\/wp-json\/wp\/v2\/comments?post=13204"}],"wp:featuredmedia":[{"embeddable":true,"href":"https:\/\/iselamendez.mx\/farmacia\/wp-json\/wp\/v2\/media\/13206"}],"wp:attachment":[{"href":"https:\/\/iselamendez.mx\/farmacia\/wp-json\/wp\/v2\/media?parent=13204"}],"wp:term":[{"taxonomy":"product_brand","embeddable":true,"href":"https:\/\/iselamendez.mx\/farmacia\/wp-json\/wp\/v2\/product_brand?post=13204"},{"taxonomy":"product_cat","embeddable":true,"href":"https:\/\/iselamendez.mx\/farmacia\/wp-json\/wp\/v2\/product_cat?post=13204"},{"taxonomy":"product_tag","embeddable":true,"href":"https:\/\/iselamendez.mx\/farmacia\/wp-json\/wp\/v2\/product_tag?post=13204"}],"curies":[{"name":"wp","href":"https:\/\/api.w.org\/{rel}","templated":true}]}}