{"id":14766,"date":"2022-02-16T16:53:52","date_gmt":"2022-02-16T22:53:52","guid":{"rendered":"https:\/\/iselamendez.mx\/farmacia\/?post_type=product&#038;p=14766"},"modified":"2026-04-24T12:23:12","modified_gmt":"2026-04-24T18:23:12","slug":"esthederm-intensive-hyaluronic-serum-30ml","status":"publish","type":"product","link":"https:\/\/iselamendez.mx\/farmacia\/tienda\/funcion\/tratamiento\/anti-edad\/esthederm-intensive-hyaluronic-serum-30ml\/","title":{"rendered":"Esthederm Intensive Hyaluronic+ Serum 30ml"},"content":{"rendered":"<p><a href=\"https:\/\/institutesthederm.com.mx\/?gclid=Cj0KCQiA3rKQBhCNARIsACUEW_ZsgtS1_46lwYZ09iN3JecGR990pr6zkpb9YS-VVxr-IbkNAPwtVdcaAqupEALw_wcB\">Esthederm Intensive Hyaluronic Serum 30ml<\/a><\/p>\n<h5>Suero de \u00e1cido hialur\u00f3nico es ideal para una hidrataci\u00f3n profunda y duradera para todo tipo de piel<\/h5>\n<h5><\/h5>\n<h5>\u00bfC\u00f3mo act\u00faa?<\/h5>\n<ul>\n<li><strong>+8h Hidrataci\u00f3n profunda<\/strong><br \/>\nCombinaci\u00f3n de 3 \u00e1cidos hialur\u00f3nicos que estimula la producci\u00f3n natural de \u00e1cido hialur\u00f3nico y limita la p\u00e9rdida transepid\u00e9rmica de agua para un efecto de relleno duradero.<\/li>\n<li><strong>Arrugas visiblemente reducidas<\/strong><br \/>\nSuaviza las arrugas y las l\u00edneas de deshidrataci\u00f3n, hidrata intensa y duraderamente, rellena y tensa la piel.<\/li>\n<\/ul>\n<p>&nbsp;<\/p>\n<h5>Modo de uso:<\/h5>\n<p>1. Aplicar 2 o 3 bombeos de <a href=\"https:\/\/institutesthederm.com.mx\/?gclid=Cj0KCQiA3rKQBhCNARIsACUEW_ZsgtS1_46lwYZ09iN3JecGR990pr6zkpb9YS-VVxr-IbkNAPwtVdcaAqupEALw_wcB\">Intensive Hyaluronic<\/a> \u00a0en el rostro, cuello y escote por la ma\u00f1ana y noche.<br \/>\n2. Masajear usando suaves movimientos comenzando por las mejillas.<br \/>\n3. Continuar por la frente, el ment\u00f3n y el contorno facial. Terminar con el cuello y el escote.<\/p>\n<p>&nbsp;<\/p>\n<p>Tienda en l\u00ednea <a href=\"https:\/\/iselamendez.mx\/\">Isela M\u00e9ndez<\/a> tenemos los mejores productos de <b>ESTHEDERM<\/b>\u00a0consulta algunos de nuestros dermat\u00f3logos para una mejor autoevaluaci\u00f3n.<\/p>\n<p>&nbsp;<\/p>\n","protected":false},"excerpt":{"rendered":"<p>Salud es belleza.<\/p>\n<h4>PRODUCTO NUEVO<\/h4>\n","protected":false},"featured_media":68541,"comment_status":"open","ping_status":"closed","template":"","meta":[],"product_brand":[418],"product_cat":[152,81,201,157,486,79,202],"product_tag":[350],"class_list":{"0":"post-14766","1":"product","2":"type-product","3":"status-publish","4":"has-post-thumbnail","6":"product_brand-esthederm","7":"product_cat-anti-edad","8":"product_cat-cuello-y-escote","9":"product_cat-esthederm","10":"product_cat-hidratacion","11":"product_cat-promociones-2026","12":"product_cat-rostro","13":"product_cat-suero-en-gel","14":"product_tag-esthederm","16":"first","17":"instock","18":"shipping-taxable","19":"purchasable","20":"product-type-simple"},"aioseo_notices":[],"_links":{"self":[{"href":"https:\/\/iselamendez.mx\/farmacia\/wp-json\/wp\/v2\/product\/14766","targetHints":{"allow":["GET"]}}],"collection":[{"href":"https:\/\/iselamendez.mx\/farmacia\/wp-json\/wp\/v2\/product"}],"about":[{"href":"https:\/\/iselamendez.mx\/farmacia\/wp-json\/wp\/v2\/types\/product"}],"replies":[{"embeddable":true,"href":"https:\/\/iselamendez.mx\/farmacia\/wp-json\/wp\/v2\/comments?post=14766"}],"wp:featuredmedia":[{"embeddable":true,"href":"https:\/\/iselamendez.mx\/farmacia\/wp-json\/wp\/v2\/media\/68541"}],"wp:attachment":[{"href":"https:\/\/iselamendez.mx\/farmacia\/wp-json\/wp\/v2\/media?parent=14766"}],"wp:term":[{"taxonomy":"product_brand","embeddable":true,"href":"https:\/\/iselamendez.mx\/farmacia\/wp-json\/wp\/v2\/product_brand?post=14766"},{"taxonomy":"product_cat","embeddable":true,"href":"https:\/\/iselamendez.mx\/farmacia\/wp-json\/wp\/v2\/product_cat?post=14766"},{"taxonomy":"product_tag","embeddable":true,"href":"https:\/\/iselamendez.mx\/farmacia\/wp-json\/wp\/v2\/product_tag?post=14766"}],"curies":[{"name":"wp","href":"https:\/\/api.w.org\/{rel}","templated":true}]}}

<p><a href="https://institutesthederm.com.mx/?gclid=Cj0KCQiA3rKQBhCNARIsACUEW_ZsgtS1_46lwYZ09iN3JecGR990pr6zkpb9YS-VVxr-IbkNAPwtVdcaAqupEALw_wcB">Esthederm Intensive Hyaluronic Serum 30ml</a></p>
<h5>Suero de ácido hialurónico es ideal para una hidratación profunda y duradera para todo tipo de piel</h5>
<h5></h5>
<h5>¿Cómo actúa?</h5>
<ul>
<li><strong>+8h Hidratación profunda</strong><br />
Combinación de 3 ácidos hialurónicos que estimula la producción natural de ácido hialurónico y limita la pérdida transepidérmica de agua para un efecto de relleno duradero.</li>
<li><strong>Arrugas visiblemente reducidas</strong><br />
Suaviza las arrugas y las líneas de deshidratación, hidrata intensa y duraderamente, rellena y tensa la piel.</li>
</ul>
<p>&nbsp;</p>
<h5>Modo de uso:</h5>
<p>1. Aplicar 2 o 3 bombeos de <a href="https://institutesthederm.com.mx/?gclid=Cj0KCQiA3rKQBhCNARIsACUEW_ZsgtS1_46lwYZ09iN3JecGR990pr6zkpb9YS-VVxr-IbkNAPwtVdcaAqupEALw_wcB">Intensive Hyaluronic</a>  en el rostro, cuello y escote por la mañana y noche.<br />
2. Masajear usando suaves movimientos comenzando por las mejillas.<br />
3. Continuar por la frente, el mentón y el contorno facial. Terminar con el cuello y el escote.</p>
<p>&nbsp;</p>
<p>Tienda en línea <a href="https://iselamendez.mx/">Isela Méndez</a> tenemos los mejores productos de <b>ESTHEDERM</b> consulta algunos de nuestros dermatólogos para una mejor autoevaluación.</p>
<p>&nbsp;</p>
