{"id":14830,"date":"2022-02-17T17:57:39","date_gmt":"2022-02-17T23:57:39","guid":{"rendered":"https:\/\/iselamendez.mx\/farmacia\/?post_type=product&#038;p=14830"},"modified":"2026-04-11T16:18:42","modified_gmt":"2026-04-11T22:18:42","slug":"esthederm-intensive-hyaluronic-masque-75ml","status":"publish","type":"product","link":"https:\/\/iselamendez.mx\/farmacia\/tienda\/funcion\/tratamiento\/efecto-lifting\/esthederm-intensive-hyaluronic-masque-75ml\/","title":{"rendered":"Esthederm Intensive Hyaluronic Mask 75ml"},"content":{"rendered":"<p><a href=\"https:\/\/institutesthederm.com.mx\/nuestrosproductos\/intensive-hyaluronic-mascarilla\/\">Esthederm Intensive Hyaluronic Masque 75ml <\/a><\/p>\n<h5>Mascarilla de \u00e1cido hialur\u00f3nico S.O.S. &#8211; Hidrataci\u00f3n inmediata que persiste durante +8\u202fh<\/h5>\n<p>Es arcilla blanca y tiene una textura muy suave.<\/p>\n<h5>\u00bfC\u00f3mo act\u00faa?<\/h5>\n<p>Hidrataci\u00f3n de respuesta inmediata<\/p>\n<p>&nbsp;<\/p>\n<ul>\n<li><strong>+93% de hidrataci\u00f3n<\/strong><\/li>\n<\/ul>\n<p>En tan solo 2 h incrementa la hidrataci\u00f3n en +93% y persiste hasta por 8 h con un 67% de hidrataci\u00f3n<\/p>\n<ul>\n<li><strong>Hidrata intensamente<\/strong><\/li>\n<\/ul>\n<p>Combinaci\u00f3n de 3 \u00e1cidos hialur\u00f3nicos que estimula la producci\u00f3n natural de \u00e1cido hialur\u00f3nico y limita la p\u00e9rdida transepid\u00e9rmica de agua para un efecto de relleno duradero.<\/p>\n<ul>\n<li><strong>Suaviza l\u00edneas de expresi\u00f3n<\/strong><\/li>\n<\/ul>\n<p>Rellena y suaviza finas l\u00edneas de expresi\u00f3n por deshidrataci\u00f3n<\/p>\n<p>&nbsp;<\/p>\n<h5>Modo de uso:<\/h5>\n<p>1. Aplica <a href=\"https:\/\/institutesthederm.com.mx\/nuestrosproductos\/intensive-hyaluronic-mascarilla\/\">Hyaluronic Masque,<\/a> una capa gruesa en rostro, cuello y escote.<br \/>\n2. Dejar actuar durante 15 a 20 minutos y enjuagar o eliminar el exceso de producto con un pa\u00f1uelo.<\/p>\n<p><strong>Frecuencia: dos o tres veces a la semana<\/strong>.<\/p>\n<p>&nbsp;<\/p>\n<p><strong>TIP DE USO: Puede usarse ocasionalmente como un tratamiento nocturno (aplique una capa delgada) y deje reposar toda la noche; ideal para salir por la noche para un efecto inmediato en la piel.<\/strong><\/p>\n<p>&nbsp;<\/p>\n<p>&nbsp;<\/p>\n<p>&nbsp;<\/p>\n","protected":false},"excerpt":{"rendered":"<p>Salud es belleza<\/p>\n<h4><\/h4>\n","protected":false},"featured_media":14852,"comment_status":"open","ping_status":"closed","template":"","meta":[],"product_brand":[418],"product_cat":[81,160,201,157,167,486,79],"product_tag":[350],"class_list":{"0":"post-14830","1":"product","2":"type-product","3":"status-publish","4":"has-post-thumbnail","6":"product_brand-esthederm","7":"product_cat-cuello-y-escote","8":"product_cat-efecto-lifting","9":"product_cat-esthederm","10":"product_cat-hidratacion","11":"product_cat-mascarilla-facial-tipo-de-producto","12":"product_cat-promociones-2026","13":"product_cat-rostro","14":"product_tag-esthederm","16":"first","17":"outofstock","18":"shipping-taxable","19":"purchasable","20":"product-type-simple"},"aioseo_notices":[],"_links":{"self":[{"href":"https:\/\/iselamendez.mx\/farmacia\/wp-json\/wp\/v2\/product\/14830","targetHints":{"allow":["GET"]}}],"collection":[{"href":"https:\/\/iselamendez.mx\/farmacia\/wp-json\/wp\/v2\/product"}],"about":[{"href":"https:\/\/iselamendez.mx\/farmacia\/wp-json\/wp\/v2\/types\/product"}],"replies":[{"embeddable":true,"href":"https:\/\/iselamendez.mx\/farmacia\/wp-json\/wp\/v2\/comments?post=14830"}],"wp:featuredmedia":[{"embeddable":true,"href":"https:\/\/iselamendez.mx\/farmacia\/wp-json\/wp\/v2\/media\/14852"}],"wp:attachment":[{"href":"https:\/\/iselamendez.mx\/farmacia\/wp-json\/wp\/v2\/media?parent=14830"}],"wp:term":[{"taxonomy":"product_brand","embeddable":true,"href":"https:\/\/iselamendez.mx\/farmacia\/wp-json\/wp\/v2\/product_brand?post=14830"},{"taxonomy":"product_cat","embeddable":true,"href":"https:\/\/iselamendez.mx\/farmacia\/wp-json\/wp\/v2\/product_cat?post=14830"},{"taxonomy":"product_tag","embeddable":true,"href":"https:\/\/iselamendez.mx\/farmacia\/wp-json\/wp\/v2\/product_tag?post=14830"}],"curies":[{"name":"wp","href":"https:\/\/api.w.org\/{rel}","templated":true}]}}