{"id":15855,"date":"2022-04-08T17:11:46","date_gmt":"2022-04-08T22:11:46","guid":{"rendered":"https:\/\/iselamendez.mx\/farmacia\/?post_type=product&#038;p=15855"},"modified":"2026-04-11T16:18:49","modified_gmt":"2026-04-11T22:18:49","slug":"microvance-hyalurovance-15-piezas","status":"publish","type":"product","link":"https:\/\/iselamendez.mx\/farmacia\/tienda\/funcion\/tratamiento\/suplementos-alimenticios\/microvance-hyalurovance-15-piezas\/","title":{"rendered":"Microvance Hyalurovance 15 piezas"},"content":{"rendered":"<h3><strong>Microvance Hyalurovance 15 piezas<\/strong><\/h3>\n<h4>Descripci\u00f3n larga<\/h4>\n<p><strong>Microvance Hyalurovance 15 piezas<\/strong> es un suplemento de \u00faltima generaci\u00f3n dise\u00f1ado para mejorar la <strong>hidrataci\u00f3n<\/strong> y <strong>elasticidad<\/strong> de la piel desde el interior. Este producto contiene \u00e1cido hialur\u00f3nico, un componente clave que act\u00faa como un poderoso hidratante natural, ayudando a retener la humedad en la piel y reduciendo la aparici\u00f3n de l\u00edneas finas y arrugas. Adem\u00e1s, su f\u00f3rmula est\u00e1 enriquecida con antioxidantes que protegen la piel contra los da\u00f1os causados por los radicales libres, promoviendo una apariencia <strong>m\u00e1s joven<\/strong> y <strong>saludable<\/strong>. <strong>Microvance Hyalurovance<\/strong> es ideal para quienes buscan mantener su piel hidratada, firme y radiante.<\/p>\n<h4>Beneficios<\/h4>\n<ul>\n<li>Mejora la <strong>hidrataci\u00f3n<\/strong> y <strong>elasticidad<\/strong> de la piel.<\/li>\n<li><strong>Reduce<\/strong> la aparici\u00f3n de l\u00edneas finas y arrugas.<\/li>\n<li><strong>Protege<\/strong> la piel contra los da\u00f1os causados por los radicales libres.<\/li>\n<li><strong>Promueve<\/strong> una piel m\u00e1s firme y radiante.<\/li>\n<li>Apoya la <strong>salud general<\/strong> de la piel desde el interior.<\/li>\n<\/ul>\n<h4>Ingredientes<\/h4>\n<ul>\n<li><strong>\u00c1cido Hialur\u00f3nico<\/strong>: Hidratante natural que retiene la humedad en la piel.<\/li>\n<li><strong>Antioxidantes<\/strong>: Protegen contra los radicales libres y el envejecimiento prematuro.<\/li>\n<\/ul>\n<h4>C\u00f3mo usar<\/h4>\n<p>Toma una c\u00e1psula de <strong>Microvance Hyalurovance<\/strong> al d\u00eda con un vaso de agua. Es recomendable su uso diario y constante para obtener los mejores resultados. Este suplemento es ideal para complementar tu rutina de cuidado de la piel.<\/p>\n<h4>Llamada a la acci\u00f3n<\/h4>\n<p>Mant\u00e9n tu piel joven e hidratada con <strong>Microvance Hyalurovance 15 piezas<\/strong>, disponible en la <a href=\"https:\/\/www.facebook.com\/clinicaIselaMendez\" target=\"_new\" rel=\"noopener\">Farmacia en L\u00ednea Isela M\u00e9ndez<\/a>. \u00a1Cuida tu piel desde el interior!<\/p>\n<h4>Conclusi\u00f3n<\/h4>\n<p>Dale a tu piel la hidrataci\u00f3n que necesita con <strong>Microvance Hyalurovance 15 piezas<\/strong>. Encu\u00e9ntralo en la <a href=\"https:\/\/iselamendez.mx\/farmacia\/programa-de-lealtad-boutique-isela-mendez\" target=\"_new\" rel=\"noopener\">Farmacia en L\u00ednea Isela M\u00e9ndez<\/a>. \u00a1Haz que tu piel luzca m\u00e1s joven y saludable<\/p>\n<p>&nbsp;<\/p>\n<p>&nbsp;<\/p>\n","protected":false},"excerpt":{"rendered":"<p>Salud es belleza<\/p>\n<h4><\/h4>\n","protected":false},"featured_media":61191,"comment_status":"open","ping_status":"closed","template":"","meta":[],"product_brand":[528],"product_cat":[203,207,158,135],"product_tag":[],"class_list":{"0":"post-15855","1":"product","2":"type-product","3":"status-publish","4":"has-post-thumbnail","6":"product_brand-ysonut","7":"product_cat-antioxidante","8":"product_cat-microvance","9":"product_cat-suplementos-alimenticios","10":"product_cat-via-oral","12":"first","13":"outofstock","14":"shipping-taxable","15":"purchasable","16":"product-type-simple"},"aioseo_notices":[],"_links":{"self":[{"href":"https:\/\/iselamendez.mx\/farmacia\/wp-json\/wp\/v2\/product\/15855","targetHints":{"allow":["GET"]}}],"collection":[{"href":"https:\/\/iselamendez.mx\/farmacia\/wp-json\/wp\/v2\/product"}],"about":[{"href":"https:\/\/iselamendez.mx\/farmacia\/wp-json\/wp\/v2\/types\/product"}],"replies":[{"embeddable":true,"href":"https:\/\/iselamendez.mx\/farmacia\/wp-json\/wp\/v2\/comments?post=15855"}],"wp:featuredmedia":[{"embeddable":true,"href":"https:\/\/iselamendez.mx\/farmacia\/wp-json\/wp\/v2\/media\/61191"}],"wp:attachment":[{"href":"https:\/\/iselamendez.mx\/farmacia\/wp-json\/wp\/v2\/media?parent=15855"}],"wp:term":[{"taxonomy":"product_brand","embeddable":true,"href":"https:\/\/iselamendez.mx\/farmacia\/wp-json\/wp\/v2\/product_brand?post=15855"},{"taxonomy":"product_cat","embeddable":true,"href":"https:\/\/iselamendez.mx\/farmacia\/wp-json\/wp\/v2\/product_cat?post=15855"},{"taxonomy":"product_tag","embeddable":true,"href":"https:\/\/iselamendez.mx\/farmacia\/wp-json\/wp\/v2\/product_tag?post=15855"}],"curies":[{"name":"wp","href":"https:\/\/api.w.org\/{rel}","templated":true}]}}