{"id":16926,"date":"2022-05-16T18:06:12","date_gmt":"2022-05-16T23:06:12","guid":{"rendered":"https:\/\/iselamendez.mx\/farmacia\/?post_type=product&#038;p=16926"},"modified":"2026-04-15T10:39:30","modified_gmt":"2026-04-15T16:39:30","slug":"isispharma-glyco-a-soft-peeling-30ml","status":"publish","type":"product","link":"https:\/\/iselamendez.mx\/farmacia\/tienda\/funcion\/tratamiento\/efecto-peeling\/isispharma-glyco-a-soft-peeling-30ml\/","title":{"rendered":"Isispharma Glyco-A Soft Peeling 30ml"},"content":{"rendered":"<p><a href=\"https:\/\/www.isispharma.com\/es\/producto\/soft-peeling\/\">Isispharma Glyco-A Soft Peeling 30m<\/a>l<\/p>\n<h5>Crema de noche 5.5% de \u00e1cido glicolico<\/h5>\n<h5>Tez opaca, irregular, poros dilatados<\/h5>\n<p>&nbsp;<\/p>\n<p>Tiene una concentraci\u00f3n del 5.5% que te ayudar a lucir una tez m\u00e1s luminosa y una piel m\u00e1s uniforme, es un peeling profesional que puedes realizar desde tu casa.<\/p>\n<p>\u00bfSab\u00edas que?<\/p>\n<p>Cuanto m\u00e1s \u00e1cido sea el PH , m\u00e1s eficaz ser\u00e1 el peeling. Cuando se aplica sobre la peil la acci\u00f3n del \u00e1cido glicolico dura solo 30min.<\/p>\n<p>&nbsp;<\/p>\n<h5>Modo de uso:<\/h5>\n<p>Aplicar una fina capa del producto por toda la cara y masajear suavemente hasta su completa absorci\u00f3n, \u00fanicamente por la noche, de 2 a 3 veces por semana y despu\u00e9s realiza una limpieza a profundidad.<\/p>\n<p>La crema de noche GLYCO-A SOFT Peeling se ha concebido para que act\u00fae durante la noche, por lo que no se requiere enjuagar. Sin embargo, en caso de sensaci\u00f3n de malestar, le recomendamos que deje el producto actuar durante al menos 30 minutos, con el fin de beneficiarse de la eficacia de los AHA.<\/p>\n<p>La acci\u00f3n de los AHA sobre la piel puede causar una ligera sensaci\u00f3n de hormigueo. Se trata de una reacci\u00f3n normal que no deber\u00eda persistir m\u00e1s all\u00e1 de unos pocos minutos. En caso de que la sensaci\u00f3n de hormigueo durara m\u00e1s de diez minutos, opte por un producto con una concentraci\u00f3n que se adapte mejor a la sensibilidad de su piel.<\/p>\n<p>&nbsp;<\/p>\n<h5>Lea cuidadosamente<\/h5>\n<ul>\n<li>Evitar el contorno de los ojos. En caso de contacto, aclarar con agua abundante<\/li>\n<li>Resulta fundamental utilizar protecci\u00f3n solar elevada durante el tratamiento, as\u00ed como una semana despu\u00e9s de su interrupci\u00f3n.<\/li>\n<li>Evitar la aplicaci\u00f3n de peelings superficiales durante el per\u00edodo de verano<\/li>\n<li>No aplicar el producto en pieles sensibles o sensibilizadas. No combinar con otros productos exfoliantes (qu\u00edmicos o mec\u00e1nicos).<\/li>\n<li>No someterse a ning\u00fan peeling en el plazo de las 72 horas posteriores a una depilaci\u00f3n.<\/li>\n<li>Realice una prueba de alergia sobre el pliegue del codo 24 horas antes de la primera aplicaci\u00f3n.<\/li>\n<li>No utilizar en caso de embarazo. No utilizar en ni\u00f1os menores de 12 a\u00f1os.<\/li>\n<li>Ciertos tratamientos farmacol\u00f3gicos no son compatibles con los peelings. En caso de duda, consulte con un profesional m\u00e9dico.<\/li>\n<\/ul>\n<p>&nbsp;<\/p>\n<p>&nbsp;<\/p>\n","protected":false},"excerpt":{"rendered":"<p>Salud es belleza<\/p>\n<h5><\/h5>\n","protected":false},"featured_media":16920,"comment_status":"open","ping_status":"closed","template":"","meta":[],"product_brand":[439],"product_cat":[161,176,126,79],"product_tag":[],"class_list":{"0":"post-16926","1":"product","2":"type-product","3":"status-publish","4":"has-post-thumbnail","6":"product_brand-isispharma","7":"product_cat-crema-facial-tipo-de-producto","8":"product_cat-efecto-peeling","9":"product_cat-isis-pharma","10":"product_cat-rostro","12":"first","13":"outofstock","14":"shipping-taxable","15":"purchasable","16":"product-type-simple"},"aioseo_notices":[],"_links":{"self":[{"href":"https:\/\/iselamendez.mx\/farmacia\/wp-json\/wp\/v2\/product\/16926","targetHints":{"allow":["GET"]}}],"collection":[{"href":"https:\/\/iselamendez.mx\/farmacia\/wp-json\/wp\/v2\/product"}],"about":[{"href":"https:\/\/iselamendez.mx\/farmacia\/wp-json\/wp\/v2\/types\/product"}],"replies":[{"embeddable":true,"href":"https:\/\/iselamendez.mx\/farmacia\/wp-json\/wp\/v2\/comments?post=16926"}],"wp:featuredmedia":[{"embeddable":true,"href":"https:\/\/iselamendez.mx\/farmacia\/wp-json\/wp\/v2\/media\/16920"}],"wp:attachment":[{"href":"https:\/\/iselamendez.mx\/farmacia\/wp-json\/wp\/v2\/media?parent=16926"}],"wp:term":[{"taxonomy":"product_brand","embeddable":true,"href":"https:\/\/iselamendez.mx\/farmacia\/wp-json\/wp\/v2\/product_brand?post=16926"},{"taxonomy":"product_cat","embeddable":true,"href":"https:\/\/iselamendez.mx\/farmacia\/wp-json\/wp\/v2\/product_cat?post=16926"},{"taxonomy":"product_tag","embeddable":true,"href":"https:\/\/iselamendez.mx\/farmacia\/wp-json\/wp\/v2\/product_tag?post=16926"}],"curies":[{"name":"wp","href":"https:\/\/api.w.org\/{rel}","templated":true}]}}