{"id":19181,"date":"2022-09-22T18:10:17","date_gmt":"2022-09-22T23:10:17","guid":{"rendered":"https:\/\/iselamendez.mx\/farmacia\/?post_type=product&#038;p=19181"},"modified":"2026-04-22T23:59:28","modified_gmt":"2026-04-23T05:59:28","slug":"isispharma-glyco-a-foamer-100ml","status":"publish","type":"product","link":"https:\/\/iselamendez.mx\/farmacia\/tienda\/funcion\/limpieza\/limpieza-y-mas\/isispharma-glyco-a-foamer-100ml\/","title":{"rendered":"Isispharma Glyco-A Foamer 100ml"},"content":{"rendered":"<h4>Isispharma Glyco-A Foamer 100ml<\/h4>\n<h5 class=\"sp_details--subtitle\">Limpiador Iluminador. Tez opaca. Relieve cut\u00e1neo irregular. Poros dilatados.<\/h5>\n<p>&nbsp;<\/p>\n<h5>\u00bfC\u00f3mo act\u00faa?<\/h5>\n<p>Limpia la piel y elimina cualquier rastro de posibles impurezas. Gracias a su leve concentraci\u00f3n en \u00e1cido glic\u00f3lico del 5,5 %, este limpiador ilumina y purifica la piel, al tiempo que acidifica su pH natural para optimizar la eficacia de cualquier peeling posterior.<\/p>\n<p>&nbsp;<\/p>\n<h5>Advertencia:<\/h5>\n<p>\u2022\u00a0No aplicar el producto en pieles sensibles o sensibilizadas. No combinar con otros productos exfoliantes (qu\u00edmicos o mec\u00e1nicos).<br \/>\n\u2022 No someterse a ning\u00fan peeling en el plazo de las 72\u00a0horas posteriores a una depilaci\u00f3n.<br \/>\n\u2022 Realice una prueba de alergia sobre el pliegue del codo 24 horas antes de la primera aplicaci\u00f3n.<br \/>\n\u2022 No utilizar en caso de embarazo. No utilizar en ni\u00f1os menores de 12 a\u00f1os.<br \/>\n\u2022 Ciertos tratamientos farmacol\u00f3gicos no son compatibles con los peelings. En caso de duda, consulte con un profesional m\u00e9dico.<\/p>\n<p>&nbsp;<\/p>\n<h5>Activos principales:<\/h5>\n<div class=\"sp_assets--asset\">\n<div class=\"sp_assets--asset-title-wrapper\">\n<ul>\n<li class=\"sp_assets--asset-title\">\u00c1cido glic\u00f3lico 5,5%<\/li>\n<\/ul>\n<\/div>\n<div class=\"sp_assets--asset-content\">Se trata del \u00e1cido frutal m\u00e1s eficaz, tambi\u00e9n conocido por sus propiedades exfoliantes y por ayudar a suavizar el relieve cut\u00e1neo, eliminar las c\u00e9lulas muertas y fomentar la renovaci\u00f3n celular. Un verdadero concentrado de juventud que, adem\u00e1s, estimula la producci\u00f3n de col\u00e1geno.<\/div>\n<\/div>\n<div class=\"sp_assets--asset\">\n<div class=\"sp_assets--asset-title-wrapper\">\n<div><\/div>\n<ul>\n<li class=\"sp_assets--asset-title\">Amino\u00e1cidos extra\u00eddos de la avena<\/li>\n<\/ul>\n<\/div>\n<div class=\"sp_assets--asset-content\">Calman la irritaci\u00f3n y la sensaci\u00f3n de calor.<\/div>\n<div><\/div>\n<\/div>\n<h5>Modo de uso:<\/h5>\n<p>Aplicar por la ma\u00f1ana y por la noche una peque\u00f1a dosis sobre la palma de la mano. Esparcir la espuma por toda la cara y masajear suavemente. Dejar actuar durante 2\u00a0minutos antes de proceder a su aclarado.<\/p>\n<p>Para una mayor eficacia, aplicar a los pocos minutos de cualquier peeling con productos de la gama GLYCO-A, adaptando la concentraci\u00f3n de \u00e1cido glic\u00f3lico a su tipo de piel y a las imperfecciones que desee combatir.<\/p>\n<p>Evitar el contorno de los ojos. En caso de contacto, aclarar con agua abundante.<\/p>\n","protected":false},"excerpt":{"rendered":"<p>Salud es belleza<\/p>\n<h4>PRODUCTO NUEVO<\/h4>\n","protected":false},"featured_media":19184,"comment_status":"open","ping_status":"closed","template":"","meta":[],"product_brand":[439],"product_cat":[126,114,77,79],"product_tag":[],"class_list":{"0":"post-19181","1":"product","2":"type-product","3":"status-publish","4":"has-post-thumbnail","6":"product_brand-isispharma","7":"product_cat-isis-pharma","8":"product_cat-limpieza","9":"product_cat-limpieza-y-mas","10":"product_cat-rostro","12":"first","13":"instock","14":"shipping-taxable","15":"purchasable","16":"product-type-simple"},"aioseo_notices":[],"_links":{"self":[{"href":"https:\/\/iselamendez.mx\/farmacia\/wp-json\/wp\/v2\/product\/19181","targetHints":{"allow":["GET"]}}],"collection":[{"href":"https:\/\/iselamendez.mx\/farmacia\/wp-json\/wp\/v2\/product"}],"about":[{"href":"https:\/\/iselamendez.mx\/farmacia\/wp-json\/wp\/v2\/types\/product"}],"replies":[{"embeddable":true,"href":"https:\/\/iselamendez.mx\/farmacia\/wp-json\/wp\/v2\/comments?post=19181"}],"wp:featuredmedia":[{"embeddable":true,"href":"https:\/\/iselamendez.mx\/farmacia\/wp-json\/wp\/v2\/media\/19184"}],"wp:attachment":[{"href":"https:\/\/iselamendez.mx\/farmacia\/wp-json\/wp\/v2\/media?parent=19181"}],"wp:term":[{"taxonomy":"product_brand","embeddable":true,"href":"https:\/\/iselamendez.mx\/farmacia\/wp-json\/wp\/v2\/product_brand?post=19181"},{"taxonomy":"product_cat","embeddable":true,"href":"https:\/\/iselamendez.mx\/farmacia\/wp-json\/wp\/v2\/product_cat?post=19181"},{"taxonomy":"product_tag","embeddable":true,"href":"https:\/\/iselamendez.mx\/farmacia\/wp-json\/wp\/v2\/product_tag?post=19181"}],"curies":[{"name":"wp","href":"https:\/\/api.w.org\/{rel}","templated":true}]}}