{"id":22513,"date":"2023-02-27T12:20:09","date_gmt":"2023-02-27T18:20:09","guid":{"rendered":"https:\/\/iselamendez.mx\/farmacia\/?post_type=product&#038;p=22513"},"modified":"2026-04-11T16:19:45","modified_gmt":"2026-04-11T22:19:45","slug":"inbiotech-aquasense-400ml","status":"publish","type":"product","link":"https:\/\/iselamendez.mx\/farmacia\/tienda\/funcion\/tratamiento\/piel-sensible\/inbiotech-aquasense-400ml\/","title":{"rendered":"Inbiotech Aquasense 400ml"},"content":{"rendered":"<h5>Inbiotech Aquasense 400ml<\/h5>\n<p>Gel para ba\u00f1o que limpia e hidrata regulando el pH al incorporar hidr\u00f3genos en la piel.<\/p>\n<p>&nbsp;<\/p>\n<p>Por su acci\u00f3n reguladora del pH se puede usar en pieles sensibles (bebes), cara y zona intima.\u00a0Al ser syndet* es un sustituto del jab\u00f3n com\u00fan, que no contiene detergente. La l\u00ednea Inbiotech no es citot\u00f3xico, no genot\u00f3xicos (es decir, que no produce da\u00f1os al ADN, ni en las c\u00e9lulas del cuerpo).<\/p>\n<p>&nbsp;<\/p>\n<h5>Beneficios:<\/h5>\n<ul>\n<li>Regula el pH de la piel<\/li>\n<li>Normaliza el manto \u00e1cido de la piel<\/li>\n<li>Hidrataci\u00f3n prolongada<\/li>\n<\/ul>\n<h5><\/h5>\n<h5>Contiene:<\/h5>\n<ul>\n<li>Amino\u00e1cidos de base \u00e1cida<\/li>\n<li>\u00c1cido Rosmar\u00ednico<\/li>\n<li>Mucopolisac\u00e1ridos<\/li>\n<li>Sodyum Cocoyl Glutamate<\/li>\n<li>100% activos de extractos vegetales y nanotecnolog\u00eda.<\/li>\n<\/ul>\n<h5><\/h5>\n<h5>Modo de uso:<\/h5>\n<p>Humedezca en la piel, aplique en la cara y el cuerpo masajeando hasta generar espuma y enjuague.<\/p>\n","protected":false},"excerpt":{"rendered":"<p>Salud es belleza<\/p>\n","protected":false},"featured_media":61674,"comment_status":"open","ping_status":"closed","template":"","meta":[],"product_brand":[434],"product_cat":[80,87,183,114,113],"product_tag":[354],"class_list":{"0":"post-22513","1":"product","2":"type-product","3":"status-publish","4":"has-post-thumbnail","6":"product_brand-inbiotech","7":"product_cat-cuerpo","8":"product_cat-gel","9":"product_cat-inbiotech","10":"product_cat-limpieza","11":"product_cat-piel-sensible","12":"product_tag-inbiotech","14":"first","15":"outofstock","16":"shipping-taxable","17":"purchasable","18":"product-type-simple"},"aioseo_notices":[],"_links":{"self":[{"href":"https:\/\/iselamendez.mx\/farmacia\/wp-json\/wp\/v2\/product\/22513","targetHints":{"allow":["GET"]}}],"collection":[{"href":"https:\/\/iselamendez.mx\/farmacia\/wp-json\/wp\/v2\/product"}],"about":[{"href":"https:\/\/iselamendez.mx\/farmacia\/wp-json\/wp\/v2\/types\/product"}],"replies":[{"embeddable":true,"href":"https:\/\/iselamendez.mx\/farmacia\/wp-json\/wp\/v2\/comments?post=22513"}],"wp:featuredmedia":[{"embeddable":true,"href":"https:\/\/iselamendez.mx\/farmacia\/wp-json\/wp\/v2\/media\/61674"}],"wp:attachment":[{"href":"https:\/\/iselamendez.mx\/farmacia\/wp-json\/wp\/v2\/media?parent=22513"}],"wp:term":[{"taxonomy":"product_brand","embeddable":true,"href":"https:\/\/iselamendez.mx\/farmacia\/wp-json\/wp\/v2\/product_brand?post=22513"},{"taxonomy":"product_cat","embeddable":true,"href":"https:\/\/iselamendez.mx\/farmacia\/wp-json\/wp\/v2\/product_cat?post=22513"},{"taxonomy":"product_tag","embeddable":true,"href":"https:\/\/iselamendez.mx\/farmacia\/wp-json\/wp\/v2\/product_tag?post=22513"}],"curies":[{"name":"wp","href":"https:\/\/api.w.org\/{rel}","templated":true}]}}