{"id":32932,"date":"2023-12-14T11:27:33","date_gmt":"2023-12-14T17:27:33","guid":{"rendered":"https:\/\/iselamendez.mx\/farmacia\/?post_type=product&#038;p=32932"},"modified":"2026-04-21T23:05:32","modified_gmt":"2026-04-22T05:05:32","slug":"svr-densitium-creme-spf30-50ml","status":"publish","type":"product","link":"https:\/\/iselamendez.mx\/farmacia\/tienda\/funcion\/tratamiento\/anti-edad\/svr-densitium-creme-spf30-50ml\/","title":{"rendered":"SVR Densitium Creme SPF30 50ml"},"content":{"rendered":"<h4>SVR Densitium Creme SPF30 50ml<\/h4>\n<h5>Arrugas profundas, manchas oscuras y firmeza.<\/h5>\n<p>&nbsp;<\/p>\n<p><a href=\"https:\/\/es.svr.com\/\">Densitium Creme SPF 30<\/a> ofrece una acci\u00f3n antiedad total con protecci\u00f3n solar frente a los rayos UVB, UVA, IR y la luz visible, responsables del fotoenvejecimiento y las manchas.<\/p>\n<p>La combinaci\u00f3n de filtros combina una protecci\u00f3n solar alta de amplio espectro con un poderoso complejo antioxidante para proteger y fortalecer la piel contra los efectos del sol responsables de acelerar el envejecimiento de la piel.<\/p>\n<p>La piel est\u00e1 redensificada y m\u00e1s firme, y el rostro est\u00e1 m\u00e1s definido. Reforzada y protegida frente a los rayos solares, la piel luce m\u00e1s joven y radiante.<\/p>\n<p>&nbsp;<\/p>\n<h5>Beneficios:<\/h5>\n<p>\u2022Tendr\u00e1s una piel m\u00e1s tonificada y firme<br \/>\n\u2022 Una textura m\u00e1s redensificada y tersa<br \/>\n\u2022 Un tono uniforme y que las manchas oscuras se redujeron<\/p>\n<p>&nbsp;<\/p>\n<h5>Modo de uso:<\/h5>\n<p>Aplicar por la ma\u00f1ana sobre la piel limpia y seca.<\/p>\n<p>Excelente base de maquillaje, no grasa y no pegajosa, de acabado aterciopelado.<\/p>\n<p>En caso de exposici\u00f3n directa al sol, utilizar un <a href=\"https:\/\/iselamendez.mx\/farmacia\/?s=svr&amp;post_type=product&amp;dgwt_wcas=1\">protector solar adecuado.<\/a><\/p>\n<p>&nbsp;<\/p>\n<p>&nbsp;<\/p>\n<p>&nbsp;<\/p>\n<p>&nbsp;<\/p>\n","protected":false},"excerpt":{"rendered":"<p>Salud es belleza<\/p>\n","protected":false},"featured_media":33106,"comment_status":"open","ping_status":"closed","template":"","meta":[],"product_brand":[474],"product_cat":[152,161,486,83,79,590,32],"product_tag":[368],"class_list":{"0":"post-32932","1":"product","2":"type-product","3":"status-publish","4":"has-post-thumbnail","6":"product_brand-svr","7":"product_cat-anti-edad","8":"product_cat-crema-facial-tipo-de-producto","9":"product_cat-promociones-2026","10":"product_cat-protector-solar","11":"product_cat-rostro","12":"product_cat-semana-santa","13":"product_cat-svr","14":"product_tag-svr","16":"first","17":"instock","18":"shipping-taxable","19":"purchasable","20":"product-type-simple"},"aioseo_notices":[],"_links":{"self":[{"href":"https:\/\/iselamendez.mx\/farmacia\/wp-json\/wp\/v2\/product\/32932","targetHints":{"allow":["GET"]}}],"collection":[{"href":"https:\/\/iselamendez.mx\/farmacia\/wp-json\/wp\/v2\/product"}],"about":[{"href":"https:\/\/iselamendez.mx\/farmacia\/wp-json\/wp\/v2\/types\/product"}],"replies":[{"embeddable":true,"href":"https:\/\/iselamendez.mx\/farmacia\/wp-json\/wp\/v2\/comments?post=32932"}],"wp:featuredmedia":[{"embeddable":true,"href":"https:\/\/iselamendez.mx\/farmacia\/wp-json\/wp\/v2\/media\/33106"}],"wp:attachment":[{"href":"https:\/\/iselamendez.mx\/farmacia\/wp-json\/wp\/v2\/media?parent=32932"}],"wp:term":[{"taxonomy":"product_brand","embeddable":true,"href":"https:\/\/iselamendez.mx\/farmacia\/wp-json\/wp\/v2\/product_brand?post=32932"},{"taxonomy":"product_cat","embeddable":true,"href":"https:\/\/iselamendez.mx\/farmacia\/wp-json\/wp\/v2\/product_cat?post=32932"},{"taxonomy":"product_tag","embeddable":true,"href":"https:\/\/iselamendez.mx\/farmacia\/wp-json\/wp\/v2\/product_tag?post=32932"}],"curies":[{"name":"wp","href":"https:\/\/api.w.org\/{rel}","templated":true}]}}