{"id":45365,"date":"2024-12-06T14:48:44","date_gmt":"2024-12-06T20:48:44","guid":{"rendered":"https:\/\/iselamendez.mx\/farmacia\/?post_type=product&#038;p=45365"},"modified":"2026-04-15T10:42:16","modified_gmt":"2026-04-15T16:42:16","slug":"sensilis-pure-age-perfection-kit-protocolo-imperfecciones-y-arrugas","status":"publish","type":"product","link":"https:\/\/iselamendez.mx\/farmacia\/tienda\/funcion\/tratamiento\/seboreguladores\/sensilis-pure-age-perfection-kit-protocolo-imperfecciones-y-arrugas\/","title":{"rendered":"Sensilis Pure Age Perfection Kit Protocolo Imperfecciones y Arrugas"},"content":{"rendered":"<h3>Sensilis Pure Age Perfection Kit Protocolo Imperfecciones y Arrugas<\/h3>\n<p>&nbsp;<\/p>\n<p>Sensilis Pure Age Perfection Kit Protocolo Imperfecciones y Arrugas es un tratamiento integral para mejorar imperfecciones y arrugas, incluyendo productos como s\u00e9rum con retinol y lociones especializadas para una piel m\u00e1s clara y rejuvenecida.<\/p>\n<p>&nbsp;<\/p>\n<p>Sensilis Pure Age Perfection Kit Protocolo Imperfecciones y Arrugas es un conjunto de productos destinados a combatir las imperfecciones y arrugas en la piel. Este tratamiento incluye varios productos, cada uno con una funci\u00f3n espec\u00edfica para mejorar la apariencia y salud de la piel. Entre ellos se encuentra el Cicacne S\u00e9rum para pieles grasas y sensibles, una f\u00f3rmula sin aceite y de textura ultra-fluida que ayuda a corregir imperfecciones y a atenuar arrugas y manchas. Tambi\u00e9n se menciona el Sensilis Azelaic Peel, una loci\u00f3n gelificada que regula la secreci\u00f3n seb\u00e1cea, aclara manchas y reduce rojeces, adecuada para todo tipo de pieles sensibles. Este protocolo integral est\u00e1 dise\u00f1ado para ofrecer una soluci\u00f3n eficaz y suave para mejorar la textura de la piel, reducir imperfecciones y promover una apariencia m\u00e1s joven y saludable\u200b<\/p>\n","protected":false},"excerpt":{"rendered":"<p>Sensilis Pure Age Perfection Kit Protocolo Imperfecciones y Arrugas &nbsp; Sensilis Pure Age Perfection Kit Protocolo Imperfecciones y Arrugas es un tratamiento integral para mejorar imperfecciones y arrugas, incluyendo productos como s\u00e9rum con retinol y lociones especializadas para una piel [&hellip;]<\/p>\n","protected":false},"featured_media":45438,"comment_status":"open","ping_status":"closed","template":"","meta":[],"product_brand":[386],"product_cat":[104,519,166,486,83,200,79,155,590,305,69],"product_tag":[365],"class_list":{"0":"post-45365","1":"product","2":"type-product","3":"status-publish","4":"has-post-thumbnail","6":"product_brand-sensilis","7":"product_cat-fluido","8":"product_cat-invierno","9":"product_cat-locion-para-rostro-tipo-de-producto","10":"product_cat-promociones-2026","11":"product_cat-protector-solar","12":"product_cat-reafirmante","13":"product_cat-rostro","14":"product_cat-seboreguladores","15":"product_cat-semana-santa","16":"product_cat-sensilis","17":"product_cat-suero","18":"product_tag-sensilis","20":"first","21":"outofstock","22":"shipping-taxable","23":"purchasable","24":"product-type-simple"},"aioseo_notices":[],"_links":{"self":[{"href":"https:\/\/iselamendez.mx\/farmacia\/wp-json\/wp\/v2\/product\/45365","targetHints":{"allow":["GET"]}}],"collection":[{"href":"https:\/\/iselamendez.mx\/farmacia\/wp-json\/wp\/v2\/product"}],"about":[{"href":"https:\/\/iselamendez.mx\/farmacia\/wp-json\/wp\/v2\/types\/product"}],"replies":[{"embeddable":true,"href":"https:\/\/iselamendez.mx\/farmacia\/wp-json\/wp\/v2\/comments?post=45365"}],"wp:featuredmedia":[{"embeddable":true,"href":"https:\/\/iselamendez.mx\/farmacia\/wp-json\/wp\/v2\/media\/45438"}],"wp:attachment":[{"href":"https:\/\/iselamendez.mx\/farmacia\/wp-json\/wp\/v2\/media?parent=45365"}],"wp:term":[{"taxonomy":"product_brand","embeddable":true,"href":"https:\/\/iselamendez.mx\/farmacia\/wp-json\/wp\/v2\/product_brand?post=45365"},{"taxonomy":"product_cat","embeddable":true,"href":"https:\/\/iselamendez.mx\/farmacia\/wp-json\/wp\/v2\/product_cat?post=45365"},{"taxonomy":"product_tag","embeddable":true,"href":"https:\/\/iselamendez.mx\/farmacia\/wp-json\/wp\/v2\/product_tag?post=45365"}],"curies":[{"name":"wp","href":"https:\/\/api.w.org\/{rel}","templated":true}]}}