{"id":49720,"date":"2025-02-21T18:48:01","date_gmt":"2025-02-22T00:48:01","guid":{"rendered":"https:\/\/iselamendez.mx\/farmacia\/?post_type=product&#038;p=49720"},"modified":"2026-04-11T16:21:47","modified_gmt":"2026-04-11T22:21:47","slug":"prot-gold-proteina-liquida-de-colageno-nano-hidrolizado-sabor-frutos-rojos-887ml","status":"publish","type":"product","link":"https:\/\/iselamendez.mx\/farmacia\/tienda\/funcion\/tratamiento\/suplementos-alimenticios\/prot-gold-proteina-liquida-de-colageno-nano-hidrolizado-sabor-frutos-rojos-887ml\/","title":{"rendered":"ProT Gold Proteina Liquida de Colageno Nano Hidrolizado Sabor Frutos Rojos 887ml"},"content":{"rendered":"<h4 class=\"tw-data-text tw-text-large tw-ta\" dir=\"ltr\" data-placeholder=\"Traducci\u00f3n\" data-ved=\"2ahUKEwj2s_yVhNaLAxV9LkQIHSjrCkMQ3ewLegQIBxAV\" aria-label=\"Texto traducido: La mejor prote\u00edna disponible La prote\u00edna de col\u00e1geno nanohidrolizado ProT GOLD lista para beber se elabora en Estados Unidos y se ha demostrado que ayuda a curar las heridas hasta 2 veces m\u00e1s r\u00e1pido.\"><span class=\"Y2IQFc\" lang=\"es\">La prote\u00edna de col\u00e1geno nanohidrolizado ProT GOLD lista para beber se elabora en Estados Unidos y se ha demostrado que ayuda a curar las heridas hasta 2 veces m\u00e1s r\u00e1pido.<\/span><\/h4>\n<p>&nbsp;<\/p>\n<h4 id=\"tw-target-text\" class=\"tw-data-text tw-text-large tw-ta\" dir=\"ltr\" data-placeholder=\"Traducci\u00f3n\" data-ved=\"2ahUKEwj2s_yVhNaLAxV9LkQIHSjrCkMQ3ewLegQIBxAV\" aria-label=\"Texto traducido: Nanohidrolizado para una r\u00e1pida absorci\u00f3n La prote\u00edna col\u00e1geno nanohidrolizada en ProT Gold est\u00e1 formulada para una r\u00e1pida absorci\u00f3n y r\u00e1pida asimilaci\u00f3n a nivel celular.\"><span class=\"Y2IQFc\" lang=\"es\">Nanohidrolizado para una r\u00e1pida absorci\u00f3n La prote\u00edna col\u00e1geno nanohidrolizada en ProT Gold est\u00e1 formulada para una r\u00e1pida absorci\u00f3n y r\u00e1pida asimilaci\u00f3n a nivel celular.<\/span><\/h4>\n<h4 id=\"tw-target-text\" class=\"tw-data-text tw-text-large tw-ta\" dir=\"ltr\" data-placeholder=\"Traducci\u00f3n\" data-ved=\"2ahUKEwj2s_yVhNaLAxV9LkQIHSjrCkMQ3ewLegQIBxAV\" aria-label=\"Texto traducido: La mejor prote\u00edna disponible La prote\u00edna de col\u00e1geno nanohidrolizado ProT GOLD lista para beber se elabora en Estados Unidos y se ha demostrado que ayuda a curar las heridas hasta 2 veces m\u00e1s r\u00e1pido.\"><span class=\"Y2IQFc\" lang=\"es\">\u00a0<\/span><\/h4>\n<h4 id=\"tw-target-text\" class=\"tw-data-text tw-text-large tw-ta\" dir=\"ltr\" data-placeholder=\"Traducci\u00f3n\" data-ved=\"2ahUKEwj2s_yVhNaLAxV9LkQIHSjrCkMQ3ewLegQIBxAV\" aria-label=\"Texto traducido: Una prote\u00edna de col\u00e1geno completa La mayor\u00eda de los suplementos de col\u00e1geno carecen o tienen un contenido bajo de ciertos amino\u00e1cidos, pero ProT Gold contiene todos los amino\u00e1cidos esenciales, no esenciales y condicionalmente esenciales.\"><span class=\"Y2IQFc\" lang=\"es\">Una prote\u00edna de col\u00e1geno completa La mayor\u00eda de los suplementos de col\u00e1geno carecen o tienen un contenido bajo de ciertos amino\u00e1cidos, pero ProT Gold contiene todos los amino\u00e1cidos esenciales, no esenciales y condicionalmente esenciales.<\/span><\/h4>\n<p>&nbsp;<\/p>\n<h2 id=\"tw-target-text\" class=\"tw-data-text tw-text-large tw-ta\" dir=\"ltr\" data-placeholder=\"Traducci\u00f3n\" data-ved=\"2ahUKEwj2s_yVhNaLAxV9LkQIHSjrCkMQ3ewLegQIBxAV\" aria-label=\"Texto traducido: Grado m\u00e9dico El mismo col\u00e1geno nanohidrolizado en el que conf\u00edan casi 4.000 centros m\u00e9dicos para la nutrici\u00f3n diaria. Atenci\u00f3n a largo plazo, hospitales, atenci\u00f3n de heridas, di\u00e1lisis y cl\u00ednicas bari\u00e1tricas. Se ha demostrado que estimulan su sistema inmunol\u00f3gico.\"><strong><span class=\"Y2IQFc\" lang=\"es\">Grado m\u00e9dico <\/span><\/strong><\/h2>\n<h4 class=\"tw-data-text tw-text-large tw-ta\" dir=\"ltr\" data-placeholder=\"Traducci\u00f3n\" data-ved=\"2ahUKEwj2s_yVhNaLAxV9LkQIHSjrCkMQ3ewLegQIBxAV\" aria-label=\"Texto traducido: Grado m\u00e9dico El mismo col\u00e1geno nanohidrolizado en el que conf\u00edan casi 4.000 centros m\u00e9dicos para la nutrici\u00f3n diaria. Atenci\u00f3n a largo plazo, hospitales, atenci\u00f3n de heridas, di\u00e1lisis y cl\u00ednicas bari\u00e1tricas. Se ha demostrado que estimulan su sistema inmunol\u00f3gico.\"><span class=\"Y2IQFc\" lang=\"es\"> El mismo col\u00e1geno nanohidrolizado en el que conf\u00edan casi 4.000 centros m\u00e9dicos para la nutrici\u00f3n diaria. Atenci\u00f3n a largo plazo, hospitales, atenci\u00f3n de heridas, di\u00e1lisis y cl\u00ednicas bari\u00e1tricas. Se ha demostrado que estimulan su sistema inmunol\u00f3gico.<\/span><\/h4>\n<h2 id=\"tw-target-text\" class=\"tw-data-text tw-text-large tw-ta\" dir=\"ltr\" data-placeholder=\"Traducci\u00f3n\" data-ved=\"2ahUKEwj2s_yVhNaLAxV9LkQIHSjrCkMQ3ewLegQIBxAV\" aria-label=\"Texto traducido: cura heridas Debido a su perfil de amino\u00e1cidos, se ha demostrado que la prote\u00edna de col\u00e1geno hidrolizado cura las heridas r\u00e1pidamente. La prote\u00edna de col\u00e1geno fortificada cur\u00f3 las heridas al doble de velocidad en los pacientes durante un estudio de 8 semanas\"><strong><span class=\"Y2IQFc\" lang=\"es\">Cura heridas<\/span><\/strong><\/h2>\n<h4 class=\"tw-data-text tw-text-large tw-ta\" dir=\"ltr\" data-placeholder=\"Traducci\u00f3n\" data-ved=\"2ahUKEwj2s_yVhNaLAxV9LkQIHSjrCkMQ3ewLegQIBxAV\" aria-label=\"Texto traducido: cura heridas Debido a su perfil de amino\u00e1cidos, se ha demostrado que la prote\u00edna de col\u00e1geno hidrolizado cura las heridas r\u00e1pidamente. La prote\u00edna de col\u00e1geno fortificada cur\u00f3 las heridas al doble de velocidad en los pacientes durante un estudio de 8 semanas\"><span class=\"Y2IQFc\" lang=\"es\"><br \/>\nDebido a su perfil de amino\u00e1cidos, se ha demostrado que la prote\u00edna de col\u00e1geno hidrolizado cura las heridas r\u00e1pidamente. La prote\u00edna de col\u00e1geno fortificada cur\u00f3 las heridas al doble de velocidad en los pacientes durante un estudio de 8 semanas<\/span><\/h4>\n<h2 id=\"tw-target-text\" class=\"tw-data-text tw-text-large tw-ta\" dir=\"ltr\" data-placeholder=\"Traducci\u00f3n\" data-ved=\"2ahUKEwj2s_yVhNaLAxV9LkQIHSjrCkMQ3ewLegQIBxAV\" aria-label=\"Texto traducido: M\u00e1s funcional El cuerpo absorbe part\u00edculas m\u00e1s peque\u00f1as con mayor facilidad. ProT Gold descompone el col\u00e1geno de forma natural con una enzima de fruta para reducirlo a menos del 1 % de su tama\u00f1o. COMPRAR AHORA\"><span class=\"Y2IQFc\" lang=\"es\"><strong>M\u00e1s funcional<\/strong><br \/>\n<\/span><\/h2>\n<h4 class=\"tw-data-text tw-text-large tw-ta\" dir=\"ltr\" data-placeholder=\"Traducci\u00f3n\" data-ved=\"2ahUKEwj2s_yVhNaLAxV9LkQIHSjrCkMQ3ewLegQIBxAV\" aria-label=\"Texto traducido: M\u00e1s funcional El cuerpo absorbe part\u00edculas m\u00e1s peque\u00f1as con mayor facilidad. ProT Gold descompone el col\u00e1geno de forma natural con una enzima de fruta para reducirlo a menos del 1 % de su tama\u00f1o. COMPRAR AHORA\"><span class=\"Y2IQFc\" lang=\"es\"><br \/>\nEl cuerpo absorbe part\u00edculas m\u00e1s peque\u00f1as con mayor facilidad. ProT Gold descompone el col\u00e1geno de forma natural con una enzima de fruta para reducirlo a menos del 1 % de su tama\u00f1o. COMPRAR AHORA<\/span><\/h4>\n<h4 class=\"tw-data-text tw-text-large tw-ta\" dir=\"ltr\" data-placeholder=\"Traducci\u00f3n\" data-ved=\"2ahUKEwj2s_yVhNaLAxV9LkQIHSjrCkMQ3ewLegQIBxAV\" aria-label=\"Texto traducido: La mejor prote\u00edna disponible La prote\u00edna de col\u00e1geno nanohidrolizado ProT GOLD lista para beber se elabora en Estados Unidos y se ha demostrado que ayuda a curar las heridas hasta 2 veces m\u00e1s r\u00e1pido.\"><\/h4>\n<h2 id=\"tw-target-text\" class=\"tw-data-text tw-text-large tw-ta\" dir=\"ltr\" data-placeholder=\"Traducci\u00f3n\" data-ved=\"2ahUKEwj2s_yVhNaLAxV9LkQIHSjrCkMQ3ewLegQIBxAV\" aria-label=\"Texto traducido: Innovaci\u00f3n en Nutrici\u00f3n M\u00e9dica Avanzada 17 gramos de prote\u00edna total por porci\u00f3n de 1 onza. Prote\u00edna de col\u00e1geno nanohidrolizada para una r\u00e1pida absorci\u00f3n; El estudio in vitro demostr\u00f3 una digestibilidad del 100 % en menos de 15 minutos.\u2020 Fortificado con 2 x gramos de arginina por porci\u00f3n para acelerar la curaci\u00f3n de heridas. Cl\u00ednicamente probado para curar heridas 2 veces m\u00e1s r\u00e1pido. ProT Gold es una prote\u00edna COMPLETA a diferencia de la mayor\u00eda de las prote\u00ednas de col\u00e1geno hidrolizado del mercado. Est\u00e1 fortificado con arginina, taurina, tript\u00f3fano, histidina, metionina, glutamina y ciste\u00edna. SIN az\u00facar, SIN grasas, SIN carbohidratos. Sin gluten, sin OGM, sin lactosa y sin soja.\"><strong><span class=\"Y2IQFc\" lang=\"es\">Innovaci\u00f3n en Nutrici\u00f3n M\u00e9dica Avanzada <\/span><\/strong><\/h2>\n<h4 class=\"tw-data-text tw-text-large tw-ta\" dir=\"ltr\" data-placeholder=\"Traducci\u00f3n\" data-ved=\"2ahUKEwj2s_yVhNaLAxV9LkQIHSjrCkMQ3ewLegQIBxAV\" aria-label=\"Texto traducido: Innovaci\u00f3n en Nutrici\u00f3n M\u00e9dica Avanzada 17 gramos de prote\u00edna total por porci\u00f3n de 1 onza. Prote\u00edna de col\u00e1geno nanohidrolizada para una r\u00e1pida absorci\u00f3n; El estudio in vitro demostr\u00f3 una digestibilidad del 100 % en menos de 15 minutos.\u2020 Fortificado con 2 x gramos de arginina por porci\u00f3n para acelerar la curaci\u00f3n de heridas. Cl\u00ednicamente probado para curar heridas 2 veces m\u00e1s r\u00e1pido. ProT Gold es una prote\u00edna COMPLETA a diferencia de la mayor\u00eda de las prote\u00ednas de col\u00e1geno hidrolizado del mercado. Est\u00e1 fortificado con arginina, taurina, tript\u00f3fano, histidina, metionina, glutamina y ciste\u00edna. SIN az\u00facar, SIN grasas, SIN carbohidratos. Sin gluten, sin OGM, sin lactosa y sin soja.\"><span class=\"Y2IQFc\" lang=\"es\">&#8211; 17 gramos de prote\u00edna total por porci\u00f3n de 30 ml <\/span><\/h4>\n<h4 class=\"tw-data-text tw-text-large tw-ta\" dir=\"ltr\" data-placeholder=\"Traducci\u00f3n\" data-ved=\"2ahUKEwj2s_yVhNaLAxV9LkQIHSjrCkMQ3ewLegQIBxAV\" aria-label=\"Texto traducido: Innovaci\u00f3n en Nutrici\u00f3n M\u00e9dica Avanzada 17 gramos de prote\u00edna total por porci\u00f3n de 1 onza. Prote\u00edna de col\u00e1geno nanohidrolizada para una r\u00e1pida absorci\u00f3n; El estudio in vitro demostr\u00f3 una digestibilidad del 100 % en menos de 15 minutos.\u2020 Fortificado con 2 x gramos de arginina por porci\u00f3n para acelerar la curaci\u00f3n de heridas. Cl\u00ednicamente probado para curar heridas 2 veces m\u00e1s r\u00e1pido. ProT Gold es una prote\u00edna COMPLETA a diferencia de la mayor\u00eda de las prote\u00ednas de col\u00e1geno hidrolizado del mercado. Est\u00e1 fortificado con arginina, taurina, tript\u00f3fano, histidina, metionina, glutamina y ciste\u00edna. SIN az\u00facar, SIN grasas, SIN carbohidratos. Sin gluten, sin OGM, sin lactosa y sin soja.\"><span class=\"Y2IQFc\" lang=\"es\">&#8211; Prote\u00edna de col\u00e1geno nanohidrolizada para una r\u00e1pida absorci\u00f3n; El estudio in vitro demostr\u00f3 una digestibilidad del 100 % en menos de 15 minutos.\u2020 <\/span><\/h4>\n<h4 class=\"tw-data-text tw-text-large tw-ta\" dir=\"ltr\" data-placeholder=\"Traducci\u00f3n\" data-ved=\"2ahUKEwj2s_yVhNaLAxV9LkQIHSjrCkMQ3ewLegQIBxAV\" aria-label=\"Texto traducido: Innovaci\u00f3n en Nutrici\u00f3n M\u00e9dica Avanzada 17 gramos de prote\u00edna total por porci\u00f3n de 1 onza. Prote\u00edna de col\u00e1geno nanohidrolizada para una r\u00e1pida absorci\u00f3n; El estudio in vitro demostr\u00f3 una digestibilidad del 100 % en menos de 15 minutos.\u2020 Fortificado con 2 x gramos de arginina por porci\u00f3n para acelerar la curaci\u00f3n de heridas. Cl\u00ednicamente probado para curar heridas 2 veces m\u00e1s r\u00e1pido. ProT Gold es una prote\u00edna COMPLETA a diferencia de la mayor\u00eda de las prote\u00ednas de col\u00e1geno hidrolizado del mercado. Est\u00e1 fortificado con arginina, taurina, tript\u00f3fano, histidina, metionina, glutamina y ciste\u00edna. SIN az\u00facar, SIN grasas, SIN carbohidratos. Sin gluten, sin OGM, sin lactosa y sin soja.\"><span class=\"Y2IQFc\" lang=\"es\">&#8211; Fortificado con 2 x gramos de arginina por porci\u00f3n para acelerar la curaci\u00f3n de heridas. Cl\u00ednicamente probado para curar heridas 2 veces m\u00e1s r\u00e1pido. <\/span><\/h4>\n<h4 class=\"tw-data-text tw-text-large tw-ta\" dir=\"ltr\" data-placeholder=\"Traducci\u00f3n\" data-ved=\"2ahUKEwj2s_yVhNaLAxV9LkQIHSjrCkMQ3ewLegQIBxAV\" aria-label=\"Texto traducido: Innovaci\u00f3n en Nutrici\u00f3n M\u00e9dica Avanzada 17 gramos de prote\u00edna total por porci\u00f3n de 1 onza. Prote\u00edna de col\u00e1geno nanohidrolizada para una r\u00e1pida absorci\u00f3n; El estudio in vitro demostr\u00f3 una digestibilidad del 100 % en menos de 15 minutos.\u2020 Fortificado con 2 x gramos de arginina por porci\u00f3n para acelerar la curaci\u00f3n de heridas. Cl\u00ednicamente probado para curar heridas 2 veces m\u00e1s r\u00e1pido. ProT Gold es una prote\u00edna COMPLETA a diferencia de la mayor\u00eda de las prote\u00ednas de col\u00e1geno hidrolizado del mercado. Est\u00e1 fortificado con arginina, taurina, tript\u00f3fano, histidina, metionina, glutamina y ciste\u00edna. SIN az\u00facar, SIN grasas, SIN carbohidratos. Sin gluten, sin OGM, sin lactosa y sin soja.\"><span class=\"Y2IQFc\" lang=\"es\">&#8211; ProT Gold es una prote\u00edna COMPLETA a diferencia de la mayor\u00eda de las prote\u00ednas de col\u00e1geno hidrolizado del mercado. Est\u00e1 fortificado con arginina, taurina, tript\u00f3fano, histidina, metionina, glutamina y ciste\u00edna. <\/span><\/h4>\n<h4 class=\"tw-data-text tw-text-large tw-ta\" dir=\"ltr\" data-placeholder=\"Traducci\u00f3n\" data-ved=\"2ahUKEwj2s_yVhNaLAxV9LkQIHSjrCkMQ3ewLegQIBxAV\" aria-label=\"Texto traducido: Innovaci\u00f3n en Nutrici\u00f3n M\u00e9dica Avanzada 17 gramos de prote\u00edna total por porci\u00f3n de 1 onza. Prote\u00edna de col\u00e1geno nanohidrolizada para una r\u00e1pida absorci\u00f3n; El estudio in vitro demostr\u00f3 una digestibilidad del 100 % en menos de 15 minutos.\u2020 Fortificado con 2 x gramos de arginina por porci\u00f3n para acelerar la curaci\u00f3n de heridas. Cl\u00ednicamente probado para curar heridas 2 veces m\u00e1s r\u00e1pido. ProT Gold es una prote\u00edna COMPLETA a diferencia de la mayor\u00eda de las prote\u00ednas de col\u00e1geno hidrolizado del mercado. Est\u00e1 fortificado con arginina, taurina, tript\u00f3fano, histidina, metionina, glutamina y ciste\u00edna. SIN az\u00facar, SIN grasas, SIN carbohidratos. Sin gluten, sin OGM, sin lactosa y sin soja.\"><span class=\"Y2IQFc\" lang=\"es\">&#8211; SIN az\u00facar, SIN grasas, SIN carbohidratos. <\/span><\/h4>\n<h4 class=\"tw-data-text tw-text-large tw-ta\" dir=\"ltr\" data-placeholder=\"Traducci\u00f3n\" data-ved=\"2ahUKEwj2s_yVhNaLAxV9LkQIHSjrCkMQ3ewLegQIBxAV\" aria-label=\"Texto traducido: Innovaci\u00f3n en Nutrici\u00f3n M\u00e9dica Avanzada 17 gramos de prote\u00edna total por porci\u00f3n de 1 onza. Prote\u00edna de col\u00e1geno nanohidrolizada para una r\u00e1pida absorci\u00f3n; El estudio in vitro demostr\u00f3 una digestibilidad del 100 % en menos de 15 minutos.\u2020 Fortificado con 2 x gramos de arginina por porci\u00f3n para acelerar la curaci\u00f3n de heridas. Cl\u00ednicamente probado para curar heridas 2 veces m\u00e1s r\u00e1pido. ProT Gold es una prote\u00edna COMPLETA a diferencia de la mayor\u00eda de las prote\u00ednas de col\u00e1geno hidrolizado del mercado. Est\u00e1 fortificado con arginina, taurina, tript\u00f3fano, histidina, metionina, glutamina y ciste\u00edna. SIN az\u00facar, SIN grasas, SIN carbohidratos. Sin gluten, sin OGM, sin lactosa y sin soja.\"><span class=\"Y2IQFc\" lang=\"es\">&#8211; Sin gluten, sin OGM, sin lactosa y sin soja.<\/span><\/h4>\n<h4><\/h4>\n<h4 id=\"tw-target-text\" class=\"tw-data-text tw-text-large tw-ta\" dir=\"ltr\" data-placeholder=\"Traducci\u00f3n\" data-ved=\"2ahUKEwj2s_yVhNaLAxV9LkQIHSjrCkMQ3ewLegQIBxAV\" aria-label=\"Texto traducido: Una prote\u00edna de col\u00e1geno completa La mayor\u00eda de los suplementos de col\u00e1geno carecen o tienen un contenido bajo de ciertos amino\u00e1cidos, pero ProT Gold contiene todos los amino\u00e1cidos esenciales, no esenciales y condicionalmente esenciales.\"><\/h4>\n","protected":false},"excerpt":{"rendered":"<p>La prote\u00edna de col\u00e1geno nanohidrolizado ProT GOLD lista para beber se elabora en Estados Unidos y se ha demostrado que ayuda a curar las heridas hasta 2 veces m\u00e1s r\u00e1pido. &nbsp; Nanohidrolizado para una r\u00e1pida absorci\u00f3n La prote\u00edna col\u00e1geno nanohidrolizada [&hellip;]<\/p>\n","protected":false},"featured_media":49824,"comment_status":"open","ping_status":"closed","template":"","meta":[],"product_brand":[460],"product_cat":[80,92,372,158],"product_tag":[],"class_list":{"0":"post-49720","1":"product","2":"type-product","3":"status-publish","4":"has-post-thumbnail","6":"product_brand-prot-gold","7":"product_cat-cuerpo","8":"product_cat-marcas","9":"product_cat-prot-gold","10":"product_cat-suplementos-alimenticios","12":"first","13":"instock","14":"shipping-taxable","15":"purchasable","16":"product-type-simple"},"aioseo_notices":[],"_links":{"self":[{"href":"https:\/\/iselamendez.mx\/farmacia\/wp-json\/wp\/v2\/product\/49720","targetHints":{"allow":["GET"]}}],"collection":[{"href":"https:\/\/iselamendez.mx\/farmacia\/wp-json\/wp\/v2\/product"}],"about":[{"href":"https:\/\/iselamendez.mx\/farmacia\/wp-json\/wp\/v2\/types\/product"}],"replies":[{"embeddable":true,"href":"https:\/\/iselamendez.mx\/farmacia\/wp-json\/wp\/v2\/comments?post=49720"}],"wp:featuredmedia":[{"embeddable":true,"href":"https:\/\/iselamendez.mx\/farmacia\/wp-json\/wp\/v2\/media\/49824"}],"wp:attachment":[{"href":"https:\/\/iselamendez.mx\/farmacia\/wp-json\/wp\/v2\/media?parent=49720"}],"wp:term":[{"taxonomy":"product_brand","embeddable":true,"href":"https:\/\/iselamendez.mx\/farmacia\/wp-json\/wp\/v2\/product_brand?post=49720"},{"taxonomy":"product_cat","embeddable":true,"href":"https:\/\/iselamendez.mx\/farmacia\/wp-json\/wp\/v2\/product_cat?post=49720"},{"taxonomy":"product_tag","embeddable":true,"href":"https:\/\/iselamendez.mx\/farmacia\/wp-json\/wp\/v2\/product_tag?post=49720"}],"curies":[{"name":"wp","href":"https:\/\/api.w.org\/{rel}","templated":true}]}}