{"id":52697,"date":"2025-04-15T14:49:45","date_gmt":"2025-04-15T20:49:45","guid":{"rendered":"https:\/\/iselamendez.mx\/farmacia\/tienda\/sin%20categor\u00eda\/parabotica-cottonclean-mousse-facial-150-ml\/"},"modified":"2026-04-05T01:06:40","modified_gmt":"2026-04-05T07:06:40","slug":"parabotica-cottonclean-mousse-facial-150-ml","status":"publish","type":"product","link":"https:\/\/iselamendez.mx\/farmacia\/tienda\/funcion\/tratamiento\/piel-sensible\/parabotica-cottonclean-mousse-facial-150-ml\/","title":{"rendered":"Parabotica CottonClean Mousse Facial 150 ml"},"content":{"rendered":"<h2><strong>Parabotica CottonClean Mousse Facial 150 ml<\/strong><\/h2>\n<p>Soluci\u00f3n tensioactiva que se convierte en espuma gracias al espumador de su envase. Perfume sin al\u00e9rgenos.<\/p>\n<p><strong>Descripci\u00f3n<\/strong><br \/>\nLoci\u00f3n espumante facial que elimina el maquillaje y las impurezas de la piel respetando su equilibrio natural. Ha sido formulada con agentes limpiadores muy suaves y Extracto de algod\u00f3n que detoxifica y suaviza la piel.<\/p>\n<p><strong>Ingredientes<\/strong><br \/>\nTensioactivos suaves y no agresivos<br \/>\nExtracto de algod\u00f3n:<br \/>\nEl origen de la planta Eriophorum spissum se encuentra en los pa\u00edses n\u00f3rdicos. Sintetiza ingredientes activos como: az\u00facares, polifenoles y minerales que protegen y aumentan su resistencia a los elementos. De esta manera refuerza la barrera natural de la piel y calma las pieles m\u00e1s sensibles.<\/p>\n<p><strong>Modo de Uso<\/strong><br \/>\nNo agitar antes de usar. Aplicar sobre la piel del rostro, previamente humedecida con agua y efectuando un ligero masaje. Aclarar con abundante agua a continuaci\u00f3n.<\/p>\n","protected":false},"excerpt":{"rendered":"<p>Salud es belleza.<\/p>\n","protected":false},"featured_media":52805,"comment_status":"closed","ping_status":"closed","template":"","meta":[],"product_brand":[384],"product_cat":[271,166,385,113,15],"product_tag":[383],"class_list":{"0":"post-52697","1":"product","2":"type-product","3":"status-publish","4":"has-post-thumbnail","6":"product_brand-parabotica","7":"product_cat-desmaquillante","8":"product_cat-locion-para-rostro-tipo-de-producto","9":"product_cat-parabotica","10":"product_cat-piel-sensible","11":"product_cat-uncategorized","12":"product_tag-parabotica","14":"first","15":"instock","16":"shipping-taxable","17":"purchasable","18":"product-type-simple"},"aioseo_notices":[],"_links":{"self":[{"href":"https:\/\/iselamendez.mx\/farmacia\/wp-json\/wp\/v2\/product\/52697","targetHints":{"allow":["GET"]}}],"collection":[{"href":"https:\/\/iselamendez.mx\/farmacia\/wp-json\/wp\/v2\/product"}],"about":[{"href":"https:\/\/iselamendez.mx\/farmacia\/wp-json\/wp\/v2\/types\/product"}],"replies":[{"embeddable":true,"href":"https:\/\/iselamendez.mx\/farmacia\/wp-json\/wp\/v2\/comments?post=52697"}],"wp:featuredmedia":[{"embeddable":true,"href":"https:\/\/iselamendez.mx\/farmacia\/wp-json\/wp\/v2\/media\/52805"}],"wp:attachment":[{"href":"https:\/\/iselamendez.mx\/farmacia\/wp-json\/wp\/v2\/media?parent=52697"}],"wp:term":[{"taxonomy":"product_brand","embeddable":true,"href":"https:\/\/iselamendez.mx\/farmacia\/wp-json\/wp\/v2\/product_brand?post=52697"},{"taxonomy":"product_cat","embeddable":true,"href":"https:\/\/iselamendez.mx\/farmacia\/wp-json\/wp\/v2\/product_cat?post=52697"},{"taxonomy":"product_tag","embeddable":true,"href":"https:\/\/iselamendez.mx\/farmacia\/wp-json\/wp\/v2\/product_tag?post=52697"}],"curies":[{"name":"wp","href":"https:\/\/api.w.org\/{rel}","templated":true}]}}