{"id":53411,"date":"2025-04-29T17:14:11","date_gmt":"2025-04-29T23:14:11","guid":{"rendered":"https:\/\/iselamendez.mx\/farmacia\/?post_type=product&#038;p=53411"},"modified":"2026-04-21T23:06:06","modified_gmt":"2026-04-22T05:06:06","slug":"skymedic-hr3-gorra-246-diodos-laser","status":"publish","type":"product","link":"https:\/\/iselamendez.mx\/farmacia\/tienda\/funcion\/tratamiento\/crecimiento-capilar\/skymedic-hr3-gorra-246-diodos-laser\/","title":{"rendered":"Skymedic HR3 Gorra 246 diodos laser"},"content":{"rendered":"<h2><strong>Skymedic HR3 Gorra 246 diodos laser<\/strong><\/h2>\n<p><strong>HR3<\/strong> es un dispositivo de fototerapia de alta tecnologia que consigue mejorar la apariencia y la salud del cuero cabelludo y el cabello y puede ser utilizado para uso domiciliario por lo que el paciente es operador previsto. Consta de 4 programas un dependiendo del tipo de alopecia que tenga el usuario. El programa no1 se utiliza cuando el tipo de alopecia es el nivel 2 de la escala Norwood Hamilton seg\u00fan se muestra en el mando control del dispositivo en la pg. 7, el programa no2 es el nivel 4 de la misma escala que se muestra tambi\u00e9n en el mando control, el programa no3 es el nivel 5 y el programa no4 representa el nivel 7 de la misma escala.<\/p>\n<p><strong>HR3<\/strong> es un dispositivo de fototerapia con 246 diodos L\u00e1ser desfocalizados con luz roja 630 nm que funciona alternando diferentes frecuencias durante el ciclo de sesi\u00f3n. El equipo consta de:<\/p>\n<p><strong>Descripci\u00f3n del equipo<\/strong><\/p>\n<p>* 1 Fuente de alimentaci\u00f3n 100-240 a 12v<br \/>\n\u20221 Control electronico con 12v<br \/>\n\u20221 Dispositivo LED (gorra textil) de baja potencia LLLT con cable<\/p>\n<p><strong>Informaci\u00f3n general <\/strong><br \/>\nEl t\u00e9rmino alopecia significa una disminuci\u00f3n o p\u00e9rdida de cabello, localizada o generalizada, temporal o permanente de cualquier tipo u origen. En otras palabras, se refiere a la incapacidad del foliculo piloso para producir cabello. En este caso, no hay regeneraci\u00f3n del cabello, por lo tanto, la unidad folicular puede morir o quedar inactiva o latente, pero sin producir ning\u00fan tipo de cabello. Existen varias formas de alopecia, pero se distinguen dos tipos b\u00e1sicos: alopecias cicatriciales (irreversibles) y alopecias no cicatriciales (potencialmente reversibles). En el segundo caso, el foliculo piloso no se destruye y muestra cambios funcionales que pueden recuperarse<br \/>\nAunque actualmente no existe una terapia que definitivament detenga este problema, existen diferentes m\u00e9todos y t\u00e9cnicas m\u00e9dicas que ayudan a retrasar los diferentes tipos de alopecia. Un examen cl\u00ednico y fisico es suficiente para establecer un diagn\u00f3stico firme sin la necesidad de solicitar ninguna exploraci\u00f3n adicional Fundamentalmente la principal misi\u00f3n de la terapia LLLT es trabajar sobre el fol\u00edculo piloso, evitando que se cierre y disminuya la densidad del cabello o se caiga. El foliculo piloso es el encargado de controlar las fases de crecimiento del cabello: \u2022 la fase an\u00e1gena o de crecimiento \u2022 la fase de reposo .la fase tel\u00f3gena o de caida B\u00e1sicamente cuando se sufre de alopecia androg\u00e9nica el foliculo piloso alarga la fase de ca\u00edda y disminuye la fase an\u00e1gena o de crecimiento. Esto provoca no solo el cabello se caiga durante m\u00e1s tiempo, sino que pierda su densidad, se debilite y acabe por desaparecer. Asi pues, el foliculo piloso se va cerrando de tal manera que el pelo al principio empieza a ser m\u00e1s fino y quebradizo, para que al final o en la etapa m\u00e1s avanzada de la enfermedad se cierre por completo y deje de crecer cabello en dicho foliculo Las investigaciones indican que la terapia LLLT capilar, lo que hace es acelerar la mitosis o divisi\u00f3n celular. Haciendo que funcionen de manera adecuada los foliculos pilosos y estimulando la formaci\u00f3n de capilares, En pocas palabras, esta terapia activa la circulaci\u00f3n sanguinea del cuero cabelludo haciendo que los nutrientes lleguen m\u00e1s r\u00e1pido al foliculo piloso, lo alimenten y propicien el crecimiento correcto del cabello,<br \/>\nDescripci\u00f3n del equipo HR3 es un dispositivo de fototerapia con 246 diodos L\u00e1ser desfocalizados con luz roja 630 nm que funciona alternando diferentes frecuencias durante el ciclo de sesi\u00f3n<\/p>\n","protected":false},"excerpt":{"rendered":"<p>Skymedic HR3 Gorra 246 diodos laser HR3 es un dispositivo de fototerapia de alta tecnologia que consigue mejorar la apariencia y la salud del cuero cabelludo y el cabello y puede ser utilizado para uso domiciliario por lo que el [&hellip;]<\/p>\n","protected":false},"featured_media":43759,"comment_status":"open","ping_status":"closed","template":"","meta":[],"product_brand":[468],"product_cat":[112,151,209,486,590,297],"product_tag":[],"class_list":{"0":"post-53411","1":"product","2":"type-product","3":"status-publish","4":"has-post-thumbnail","6":"product_brand-skymedic","7":"product_cat-cabeza","8":"product_cat-crecimiento-capilar","9":"product_cat-cuidado-capilar","10":"product_cat-promociones-2026","11":"product_cat-semana-santa","12":"product_cat-skymedic","14":"first","15":"outofstock","16":"shipping-taxable","17":"purchasable","18":"product-type-simple"},"aioseo_notices":[],"_links":{"self":[{"href":"https:\/\/iselamendez.mx\/farmacia\/wp-json\/wp\/v2\/product\/53411","targetHints":{"allow":["GET"]}}],"collection":[{"href":"https:\/\/iselamendez.mx\/farmacia\/wp-json\/wp\/v2\/product"}],"about":[{"href":"https:\/\/iselamendez.mx\/farmacia\/wp-json\/wp\/v2\/types\/product"}],"replies":[{"embeddable":true,"href":"https:\/\/iselamendez.mx\/farmacia\/wp-json\/wp\/v2\/comments?post=53411"}],"wp:featuredmedia":[{"embeddable":true,"href":"https:\/\/iselamendez.mx\/farmacia\/wp-json\/wp\/v2\/media\/43759"}],"wp:attachment":[{"href":"https:\/\/iselamendez.mx\/farmacia\/wp-json\/wp\/v2\/media?parent=53411"}],"wp:term":[{"taxonomy":"product_brand","embeddable":true,"href":"https:\/\/iselamendez.mx\/farmacia\/wp-json\/wp\/v2\/product_brand?post=53411"},{"taxonomy":"product_cat","embeddable":true,"href":"https:\/\/iselamendez.mx\/farmacia\/wp-json\/wp\/v2\/product_cat?post=53411"},{"taxonomy":"product_tag","embeddable":true,"href":"https:\/\/iselamendez.mx\/farmacia\/wp-json\/wp\/v2\/product_tag?post=53411"}],"curies":[{"name":"wp","href":"https:\/\/api.w.org\/{rel}","templated":true}]}}