{"id":54246,"date":"2025-05-13T13:34:23","date_gmt":"2025-05-13T19:34:23","guid":{"rendered":"https:\/\/iselamendez.mx\/farmacia\/?post_type=product&#038;p=54246"},"modified":"2026-04-15T10:42:37","modified_gmt":"2026-04-15T16:42:37","slug":"tibet-natura-nadnicotinamida-ribosido-500mg-30caps","status":"publish","type":"product","link":"https:\/\/iselamendez.mx\/farmacia\/tienda\/funcion\/tratamiento\/suplementos-alimenticios\/tibet-natura-nadnicotinamida-ribosido-500mg-30caps\/","title":{"rendered":"Tibet Natura NAD+Nicotinamida Rib\u00f3sido 500mg 30caps"},"content":{"rendered":"<h2><span data-sheets-userformat=\"{&quot;2&quot;:14909,&quot;3&quot;:{&quot;1&quot;:0},&quot;5&quot;:{&quot;1&quot;:[{&quot;1&quot;:2,&quot;2&quot;:0,&quot;5&quot;:{&quot;1&quot;:2,&quot;2&quot;:0}},{&quot;1&quot;:0,&quot;2&quot;:0,&quot;3&quot;:3},{&quot;1&quot;:1,&quot;2&quot;:0,&quot;4&quot;:1}]},&quot;6&quot;:{&quot;1&quot;:[{&quot;1&quot;:2,&quot;2&quot;:0,&quot;5&quot;:{&quot;1&quot;:2,&quot;2&quot;:0}},{&quot;1&quot;:0,&quot;2&quot;:0,&quot;3&quot;:3},{&quot;1&quot;:1,&quot;2&quot;:0,&quot;4&quot;:1}]},&quot;7&quot;:{&quot;1&quot;:[{&quot;1&quot;:2,&quot;2&quot;:0,&quot;5&quot;:{&quot;1&quot;:2,&quot;2&quot;:0}},{&quot;1&quot;:0,&quot;2&quot;:0,&quot;3&quot;:3},{&quot;1&quot;:1,&quot;2&quot;:0,&quot;4&quot;:1}]},&quot;8&quot;:{&quot;1&quot;:[{&quot;1&quot;:2,&quot;2&quot;:0,&quot;5&quot;:{&quot;1&quot;:2,&quot;2&quot;:0}},{&quot;1&quot;:0,&quot;2&quot;:0,&quot;3&quot;:3},{&quot;1&quot;:1,&quot;2&quot;:0,&quot;4&quot;:1}]},&quot;12&quot;:0,&quot;14&quot;:{&quot;1&quot;:2,&quot;2&quot;:0},&quot;15&quot;:&quot;Arial&quot;,&quot;16&quot;:10}\" data-sheets-value=\"{&quot;1&quot;:2,&quot;2&quot;:&quot;Mantener fuera del alcance de los ni\u00f1os.nNo exceda la dosis recomendada.nNo compre el producto si el sello de seguridad est\u00e1 roto o da\u00f1ado.nConsulte a su m\u00e9dico antes de utilizar suplementos nutricionales si se encuentra bajo tratamiento por alguna afecci\u00f3n m\u00e9dica o si est\u00e1 embarazada o lactando.nAlmacene el producto bien cerrado en un lugar fresco y seco.&quot;}\" data-sheets-root=\"1\"><strong>\u00bfQu\u00e9 es NAD+ (Nicotinamida Adenina Dinucle\u00f3tido) 500 mg de Tibet Natura?<\/strong><\/span><\/h2>\n<p><strong>NAD + 500 mg de Tibet Natura\u00a0<\/strong>(Nicotinamida Adenina Dinucle\u00f3tido) es un suplemento alimentario crucial para la producci\u00f3n de energ\u00eda en las c\u00e9lulas. Este suplemento ayuda a mejorar la salud celular y promueve la longevidad al apoyar los procesos de reparaci\u00f3n celular y reducir el da\u00f1o oxidativo. Adem\u00e1s, NAD mejora la funci\u00f3n cognitiva y aumenta la resistencia f\u00edsica, siendo ideal para quienes buscan optimizar su energ\u00eda, salud cerebral y bienestar general.<\/p>\n<h2>\u00bfPara qu\u00e9 sirve el Suplemento NAD+ (Nicotinamida Adenina Dinucle\u00f3tido) 500 mg de Tibet Natura?<\/h2>\n<p>El suplemento\u00a0<strong>NAD+ (Nicotinamida Adenina Dinucle\u00f3tido) 500 mg<\/strong>\u00a0de Tibet Natura est\u00e1 formulado para mejorar la memoria, la retenci\u00f3n de conocimientos y la salud cerebral, adem\u00e1s de combatir los radicales libres para reducir el da\u00f1o oxidativo.<\/p>\n<p>Tambi\u00e9n contribuye a la regulaci\u00f3n del az\u00facar en sangre y promueve la reparaci\u00f3n celular, favoreciendo la longevidad y ayudando a ralentizar el envejecimiento prematuro. Aunque tiene potencial antienvejecimiento, se recomienda consultar a un profesional de la salud antes de iniciar su uso debido a la limitada investigaci\u00f3n en humanos.<\/p>\n<h2>\u00bfC\u00f3mo se usa<strong>\u00a0o c\u00f3mo tomar NAD+ (Nicotinamida Adenina Dinucle\u00f3tido) 500 mg de Tibet Natura<\/strong>?<\/h2>\n<p>Para tomar\u00a0<strong>NAD+ (Nicotinamida Adenina Dinucle\u00f3tido) 500 mg de Tibet Natura<\/strong>, se recomienda ingerir una c\u00e1psula al d\u00eda, preferiblemente por la ma\u00f1ana junto con el desayuno, para maximizar su absorci\u00f3n.<\/p>\n<p>Es importante no exceder la dosis diaria recomendada y consultar a un m\u00e9dico antes de usarlo si est\u00e1s embarazada, en periodo de lactancia, tomas medicamentos o tienes alguna condici\u00f3n m\u00e9dica preexistente. El uso regular puede ayudar a mejorar la salud cerebral, apoyar la reparaci\u00f3n celular y ralentizar el envejecimiento prematuro.<\/p>\n<h2>Advertencias y contraindicaciones de NAD+ (Nicotinamida Adenina Dinucle\u00f3tido) 500 mg de Tibet Natura<\/h2>\n<p><span data-sheets-root=\"1\" data-sheets-value=\"{&quot;1&quot;:2,&quot;2&quot;:&quot;Antes de empezar a tomar suplementos nutricionales, consulta a un profesional de la salud para evitar posibles interacciones medicamentosas y asegurar que sean adecuados para tu situaci\u00f3n m\u00e9dica y nutricional.&quot;}\" data-sheets-userformat=\"{&quot;2&quot;:4488,&quot;6&quot;:{&quot;1&quot;:[{&quot;1&quot;:2,&quot;2&quot;:0,&quot;5&quot;:{&quot;1&quot;:2,&quot;2&quot;:0}},{&quot;1&quot;:0,&quot;2&quot;:0,&quot;3&quot;:3},{&quot;1&quot;:1,&quot;2&quot;:0,&quot;4&quot;:1}]},&quot;10&quot;:2,&quot;11&quot;:0,&quot;15&quot;:&quot;Arial&quot;}\">Antes de empezar a tomar suplementos nutricionales, consulta a un profesional de la salud para evitar posibles interacciones medicamentosas y asegurar que sean adecuados para tu situaci\u00f3n m\u00e9dica y nutricional.<\/span><\/p>\n","protected":false},"excerpt":{"rendered":"<p>\u00bfQu\u00e9 es NAD+ (Nicotinamida Adenina Dinucle\u00f3tido) 500 mg de Tibet Natura? NAD + 500 mg de Tibet Natura\u00a0(Nicotinamida Adenina Dinucle\u00f3tido) es un suplemento alimentario crucial para la producci\u00f3n de energ\u00eda en las c\u00e9lulas. Este suplemento ayuda a mejorar la salud [&hellip;]<\/p>\n","protected":false},"featured_media":54793,"comment_status":"open","ping_status":"closed","template":"","meta":[],"product_brand":[533],"product_cat":[128,80,139,158,389],"product_tag":[],"class_list":{"0":"post-54246","1":"product","2":"type-product","3":"status-publish","4":"has-post-thumbnail","6":"product_brand-tibet-natura","7":"product_cat-capsulas","8":"product_cat-cuerpo","9":"product_cat-suplemento-alimenticio","10":"product_cat-suplementos-alimenticios","11":"product_cat-tibet-natura","13":"first","14":"instock","15":"shipping-taxable","16":"purchasable","17":"product-type-simple"},"aioseo_notices":[],"_links":{"self":[{"href":"https:\/\/iselamendez.mx\/farmacia\/wp-json\/wp\/v2\/product\/54246","targetHints":{"allow":["GET"]}}],"collection":[{"href":"https:\/\/iselamendez.mx\/farmacia\/wp-json\/wp\/v2\/product"}],"about":[{"href":"https:\/\/iselamendez.mx\/farmacia\/wp-json\/wp\/v2\/types\/product"}],"replies":[{"embeddable":true,"href":"https:\/\/iselamendez.mx\/farmacia\/wp-json\/wp\/v2\/comments?post=54246"}],"wp:featuredmedia":[{"embeddable":true,"href":"https:\/\/iselamendez.mx\/farmacia\/wp-json\/wp\/v2\/media\/54793"}],"wp:attachment":[{"href":"https:\/\/iselamendez.mx\/farmacia\/wp-json\/wp\/v2\/media?parent=54246"}],"wp:term":[{"taxonomy":"product_brand","embeddable":true,"href":"https:\/\/iselamendez.mx\/farmacia\/wp-json\/wp\/v2\/product_brand?post=54246"},{"taxonomy":"product_cat","embeddable":true,"href":"https:\/\/iselamendez.mx\/farmacia\/wp-json\/wp\/v2\/product_cat?post=54246"},{"taxonomy":"product_tag","embeddable":true,"href":"https:\/\/iselamendez.mx\/farmacia\/wp-json\/wp\/v2\/product_tag?post=54246"}],"curies":[{"name":"wp","href":"https:\/\/api.w.org\/{rel}","templated":true}]}}