{"id":54266,"date":"2025-05-13T15:52:31","date_gmt":"2025-05-13T21:52:31","guid":{"rendered":"https:\/\/iselamendez.mx\/farmacia\/?post_type=product&#038;p=54266"},"modified":"2026-04-21T23:06:07","modified_gmt":"2026-04-22T05:06:07","slug":"is-clinical-super-serum-advance-30ml","status":"publish","type":"product","link":"https:\/\/iselamendez.mx\/farmacia\/tienda\/funcion\/tratamiento\/anti-edad\/is-clinical-super-serum-advance-30ml\/","title":{"rendered":"iS Clinical Super Serum Advance+ 30mL"},"content":{"rendered":"<h2><strong>iS Clinical Super Serum Advance+ 30mL<\/strong><\/h2>\n<p>&nbsp;<\/p>\n<p><span data-sheets-value=\"{&quot;1&quot;:2,&quot;2&quot;:&quot;SUPER SERUM ADVANCE es una f\u00f3rmula cient\u00edficamente avanzada y cl\u00ednicamente probada que, por primera vez, combina una concentraci\u00f3n del\\r15% de nuestro \u00c1cido L-Asc\u00f3rbico de pr\u00f3xima generaci\u00f3n (Vitamina C) con un Factor de Crecimiento bioid\u00e9ntico del Trip\u00e9ptido de Cobre. El SUPER\\rSERUM ADVANCE tambi\u00e9n contiene poderosos antioxidantes bot\u00e1nicos y aclaradores seguros para la piel.&quot;}\" data-sheets-userformat=\"{&quot;2&quot;:12925,&quot;3&quot;:{&quot;1&quot;:0},&quot;5&quot;:{&quot;1&quot;:[{&quot;1&quot;:2,&quot;2&quot;:0,&quot;5&quot;:{&quot;1&quot;:2,&quot;2&quot;:0}},{&quot;1&quot;:0,&quot;2&quot;:0,&quot;3&quot;:3},{&quot;1&quot;:1,&quot;2&quot;:0,&quot;4&quot;:1}]},&quot;6&quot;:{&quot;1&quot;:[{&quot;1&quot;:2,&quot;2&quot;:0,&quot;5&quot;:{&quot;1&quot;:2,&quot;2&quot;:0}},{&quot;1&quot;:0,&quot;2&quot;:0,&quot;3&quot;:3},{&quot;1&quot;:1,&quot;2&quot;:0,&quot;4&quot;:1}]},&quot;7&quot;:{&quot;1&quot;:[{&quot;1&quot;:2,&quot;2&quot;:0,&quot;5&quot;:{&quot;1&quot;:2,&quot;2&quot;:0}},{&quot;1&quot;:0,&quot;2&quot;:0,&quot;3&quot;:3},{&quot;1&quot;:1,&quot;2&quot;:0,&quot;4&quot;:1}]},&quot;8&quot;:{&quot;1&quot;:[{&quot;1&quot;:2,&quot;2&quot;:0,&quot;5&quot;:{&quot;1&quot;:2,&quot;2&quot;:0}},{&quot;1&quot;:0,&quot;2&quot;:0,&quot;3&quot;:3},{&quot;1&quot;:1,&quot;2&quot;:0,&quot;4&quot;:1}]},&quot;9&quot;:0,&quot;12&quot;:0,&quot;15&quot;:&quot;Arial, sans-serif&quot;,&quot;16&quot;:6}\">SUPER SERUM ADVANCE es una f\u00f3rmula cient\u00edficamente avanzada y cl\u00ednicamente probada que, por primera vez, combina una concentraci\u00f3n del 15% de nuestro \u00c1cido L-Asc\u00f3rbico de pr\u00f3xima generaci\u00f3n (Vitamina C) con un Factor de Crecimiento bioid\u00e9ntico del Trip\u00e9ptido de Cobre. El SUPER SERUM ADVANCE tambi\u00e9n contiene poderosos antioxidantes bot\u00e1nicos y aclaradores seguros para la piel.<\/span><\/p>\n<p><strong>Incluye:\u00a0<\/strong>\u00c1cido L-asc\u00f3rbico,\u00a0Factor de crecimiento de trip\u00e9ptidos de cobre, centella asiatica, extracto de arbutina y hongos.<\/p>\n","protected":false},"excerpt":{"rendered":"<p>iS Clinical Super Serum Advance+ 30mL &nbsp; SUPER SERUM ADVANCE es una f\u00f3rmula cient\u00edficamente avanzada y cl\u00ednicamente probada que, por primera vez, combina una concentraci\u00f3n del 15% de nuestro \u00c1cido L-Asc\u00f3rbico de pr\u00f3xima generaci\u00f3n (Vitamina C) con un Factor de [&hellip;]<\/p>\n","protected":false},"featured_media":54638,"comment_status":"open","ping_status":"closed","template":"","meta":[],"product_brand":[435],"product_cat":[152,203,154,519,138,79,69],"product_tag":[],"class_list":{"0":"post-54266","1":"product","2":"type-product","3":"status-publish","4":"has-post-thumbnail","6":"product_brand-is-clinical","7":"product_cat-anti-edad","8":"product_cat-antioxidante","9":"product_cat-despigmentantes","10":"product_cat-invierno","11":"product_cat-is-clinical","12":"product_cat-rostro","13":"product_cat-suero","15":"first","16":"outofstock","17":"shipping-taxable","18":"purchasable","19":"product-type-simple"},"aioseo_notices":[],"_links":{"self":[{"href":"https:\/\/iselamendez.mx\/farmacia\/wp-json\/wp\/v2\/product\/54266","targetHints":{"allow":["GET"]}}],"collection":[{"href":"https:\/\/iselamendez.mx\/farmacia\/wp-json\/wp\/v2\/product"}],"about":[{"href":"https:\/\/iselamendez.mx\/farmacia\/wp-json\/wp\/v2\/types\/product"}],"replies":[{"embeddable":true,"href":"https:\/\/iselamendez.mx\/farmacia\/wp-json\/wp\/v2\/comments?post=54266"}],"wp:featuredmedia":[{"embeddable":true,"href":"https:\/\/iselamendez.mx\/farmacia\/wp-json\/wp\/v2\/media\/54638"}],"wp:attachment":[{"href":"https:\/\/iselamendez.mx\/farmacia\/wp-json\/wp\/v2\/media?parent=54266"}],"wp:term":[{"taxonomy":"product_brand","embeddable":true,"href":"https:\/\/iselamendez.mx\/farmacia\/wp-json\/wp\/v2\/product_brand?post=54266"},{"taxonomy":"product_cat","embeddable":true,"href":"https:\/\/iselamendez.mx\/farmacia\/wp-json\/wp\/v2\/product_cat?post=54266"},{"taxonomy":"product_tag","embeddable":true,"href":"https:\/\/iselamendez.mx\/farmacia\/wp-json\/wp\/v2\/product_tag?post=54266"}],"curies":[{"name":"wp","href":"https:\/\/api.w.org\/{rel}","templated":true}]}}