{"id":56311,"date":"2025-06-05T10:31:34","date_gmt":"2025-06-05T16:31:34","guid":{"rendered":"https:\/\/iselamendez.mx\/farmacia\/?post_type=product&#038;p=56311"},"modified":"2026-04-15T10:42:41","modified_gmt":"2026-04-15T16:42:41","slug":"parabotica-d-corrective-crema-de-manos-despigmentante-50ml","status":"publish","type":"product","link":"https:\/\/iselamendez.mx\/farmacia\/tienda\/funcion\/tratamiento\/despigmentantes\/parabotica-d-corrective-crema-de-manos-despigmentante-50ml\/","title":{"rendered":"Parabotica D-Corrective Crema de Manos Despigmentante 50ml"},"content":{"rendered":"<h2><strong>Parabotica D-Corrective Crema de Manos Despigmentante 50ml<\/strong><\/h2>\n<p>Cuidado e hidrataci\u00f3n en un solo producto<br \/>\n\u2022\u00a0\u00a0 \u00a0SIN PARABENOS<br \/>\n\u2022\u00a0\u00a0 \u00a0SIN AL\u00c9RGENOS<br \/>\n\u2022\u00a0\u00a0 \u00a0PERFUME SUAVE<br \/>\n\u2022\u00a0\u00a0 \u00a0TESTADO DERMATOL\u00d3GICAMENTE<\/p>\n<div class=\"tituloProductoDescripcion\"><strong>Descripci\u00f3n<\/strong><\/div>\n<div class=\"contenidoProductoDatos\">Crema de manos de cuidado diario, con acci\u00f3n despigmentante, hidratante y calmante.<br \/>\nCon\u00a0<strong>acci\u00f3n renovadora<\/strong>\u00a0que ayuda a unificar el tono y reducir el aspecto de las manchas de las manos.<br \/>\nEspecialmente indicada para manos con\u00a0<strong>hiperpigmentaciones<\/strong>.<\/div>\n<div><\/div>\n<div>\n<div class=\"tituloProductoCollapse\" data-toggle=\"collapse\" data-target=\"#productoModoUso\" aria-expanded=\"true\"><strong>Modo de Uso<\/strong><\/div>\n<div id=\"productoModoUso\" class=\"contenidoProductoDatos collapse show\">Te recomendamos que despu\u00e9s de cada aplicaci\u00f3n de D-CORRECTIVE MANOS. Utilizar protector solar en la zona para evitar m\u00e1s pigmentaciones y optimizar el tratamiento.<br \/>\nIndicado para todo tipo de pieles.<\/div>\n<div><\/div>\n<\/div>\n<div>\n<div class=\"tituloProductoMasInfoScroll\"><strong>M\u00e1s Informaci\u00f3n<\/strong><\/div>\n<div class=\"textoProductoMasInfoScroll\">Cuidado de manos hidratante con\u00a0<strong>acci\u00f3n despigmentante y renovadora<\/strong>\u00a0que reduce el aspecto de las manchas y ayuda a unificar el tono de las manos. De f\u00e1cil extensibilidad y r\u00e1pido secado que facilita continuar con tareas tras su aplicaci\u00f3n.<\/div>\n<\/div>\n","protected":false},"excerpt":{"rendered":"<p>Parabotica D-Corrective Crema de Manos Despigmentante 50ml Cuidado e hidrataci\u00f3n en un solo producto \u2022\u00a0\u00a0 \u00a0SIN PARABENOS \u2022\u00a0\u00a0 \u00a0SIN AL\u00c9RGENOS \u2022\u00a0\u00a0 \u00a0PERFUME SUAVE \u2022\u00a0\u00a0 \u00a0TESTADO DERMATOL\u00d3GICAMENTE Descripci\u00f3n Crema de manos de cuidado diario, con acci\u00f3n despigmentante, hidratante y calmante. Con\u00a0acci\u00f3n [&hellip;]<\/p>\n","protected":false},"featured_media":56322,"comment_status":"open","ping_status":"closed","template":"","meta":[],"product_brand":[384],"product_cat":[93,154,210,157,519,110,385,590],"product_tag":[],"class_list":{"0":"post-56311","1":"product","2":"type-product","3":"status-publish","4":"has-post-thumbnail","6":"product_brand-parabotica","7":"product_cat-crema-corporal","8":"product_cat-despigmentantes","9":"product_cat-hidratante","10":"product_cat-hidratacion","11":"product_cat-invierno","12":"product_cat-manos","13":"product_cat-parabotica","14":"product_cat-semana-santa","16":"first","17":"instock","18":"shipping-taxable","19":"purchasable","20":"product-type-simple"},"aioseo_notices":[],"_links":{"self":[{"href":"https:\/\/iselamendez.mx\/farmacia\/wp-json\/wp\/v2\/product\/56311","targetHints":{"allow":["GET"]}}],"collection":[{"href":"https:\/\/iselamendez.mx\/farmacia\/wp-json\/wp\/v2\/product"}],"about":[{"href":"https:\/\/iselamendez.mx\/farmacia\/wp-json\/wp\/v2\/types\/product"}],"replies":[{"embeddable":true,"href":"https:\/\/iselamendez.mx\/farmacia\/wp-json\/wp\/v2\/comments?post=56311"}],"wp:featuredmedia":[{"embeddable":true,"href":"https:\/\/iselamendez.mx\/farmacia\/wp-json\/wp\/v2\/media\/56322"}],"wp:attachment":[{"href":"https:\/\/iselamendez.mx\/farmacia\/wp-json\/wp\/v2\/media?parent=56311"}],"wp:term":[{"taxonomy":"product_brand","embeddable":true,"href":"https:\/\/iselamendez.mx\/farmacia\/wp-json\/wp\/v2\/product_brand?post=56311"},{"taxonomy":"product_cat","embeddable":true,"href":"https:\/\/iselamendez.mx\/farmacia\/wp-json\/wp\/v2\/product_cat?post=56311"},{"taxonomy":"product_tag","embeddable":true,"href":"https:\/\/iselamendez.mx\/farmacia\/wp-json\/wp\/v2\/product_tag?post=56311"}],"curies":[{"name":"wp","href":"https:\/\/api.w.org\/{rel}","templated":true}]}}