{"id":57293,"date":"2025-06-27T13:26:18","date_gmt":"2025-06-27T19:26:18","guid":{"rendered":"https:\/\/iselamendez.mx\/farmacia\/?post_type=product&#038;p=57293"},"modified":"2026-04-21T23:06:12","modified_gmt":"2026-04-22T05:06:12","slug":"cantabria-labs-heliocare-360-pediatrics-stick-spf50-25g","status":"publish","type":"product","link":"https:\/\/iselamendez.mx\/farmacia\/tienda\/marcas\/cantabria\/cantabria-labs-heliocare-360-pediatrics-stick-spf50-25g\/","title":{"rendered":"Cantabria Labs Heliocare 360 Pediatrics Stick SPF50+ 25g"},"content":{"rendered":"<h2><strong>Cantabria Labs Heliocare 360\u00b0 Pediatrics Stick SPF50+ 25g<\/strong><\/h2>\n<p>&nbsp;<\/p>\n<p>Fotoprotecci\u00f3n facial muy alta en formato stick, dise\u00f1ada para proteger e hidratar la piel. Su pr\u00e1ctico dise\u00f1o permite una aplicaci\u00f3n f\u00e1cil, incluso para los ni\u00f1os, ya que no requiere extenderse con las manos. Ahorra tiempo y fomenta mejores h\u00e1bitos de protecci\u00f3n solar en los m\u00e1s peque\u00f1os. Resistente al agua, al sudor y a la arena, con un acabado completamente invisible.<\/p>\n<p>F\u00f3rmula que protege frente a las 4 radiaciones, con Fernblock+, extracto del helecho Polypodium leucotomos, y Astanxantina, que proviene del microalga Haematococcus pluvialis para un mayor efecto antioxidante, que junto con los activos reparadores y antioxidantes, neutralizan y reparan el da\u00f1o solar.<\/p>\n<p><strong>Indicaciones<\/strong><br \/>\nAplicaci\u00f3n facial para ni\u00f1os<\/p>\n<p>Testado bajo control dermatol\u00f3gico, y pedi\u00e1trico (mayores de 2 a\u00f1os)<\/p>\n<p><strong>Caracter\u00edsticas<\/strong><br \/>\nProtecci\u00f3n de amplio espectro (SPF50+, PA++++, UVB, UVA,Visible e Infrarrojo)<\/p>\n<p>Antioxidante<\/p>\n<p>Resistente al agua, sudor y arena<\/p>\n<p><strong>Advertencias<\/strong><br \/>\nUso externo<\/p>\n<p>Evitar el contacto directo con ojos y mucosas<\/p>\n<p>No exponer a ni\u00f1os peque\u00f1os directamente al sol<\/p>\n<p>Conservar a temperatura inferior a 40 \u00b0C<\/p>\n<h2><strong>\u00a0<\/strong><\/h2>\n","protected":false},"excerpt":{"rendered":"<p>Cantabria Labs Heliocare 360\u00b0 Pediatrics Stick SPF50+ 25g &nbsp; Fotoprotecci\u00f3n facial muy alta en formato stick, dise\u00f1ada para proteger e hidratar la piel. Su pr\u00e1ctico dise\u00f1o permite una aplicaci\u00f3n f\u00e1cil, incluso para los ni\u00f1os, ya que no requiere extenderse con [&hellip;]<\/p>\n","protected":false},"featured_media":57531,"comment_status":"open","ping_status":"closed","template":"","meta":[],"product_brand":[404],"product_cat":[35,481,83,79,590,480],"product_tag":[],"class_list":{"0":"post-57293","1":"product","2":"type-product","3":"status-publish","4":"has-post-thumbnail","6":"product_brand-cantabria-labs","7":"product_cat-cantabria","8":"product_cat-pediatrico","9":"product_cat-protector-solar","10":"product_cat-rostro","11":"product_cat-semana-santa","12":"product_cat-stick","14":"first","15":"outofstock","16":"shipping-taxable","17":"purchasable","18":"product-type-simple"},"aioseo_notices":[],"_links":{"self":[{"href":"https:\/\/iselamendez.mx\/farmacia\/wp-json\/wp\/v2\/product\/57293","targetHints":{"allow":["GET"]}}],"collection":[{"href":"https:\/\/iselamendez.mx\/farmacia\/wp-json\/wp\/v2\/product"}],"about":[{"href":"https:\/\/iselamendez.mx\/farmacia\/wp-json\/wp\/v2\/types\/product"}],"replies":[{"embeddable":true,"href":"https:\/\/iselamendez.mx\/farmacia\/wp-json\/wp\/v2\/comments?post=57293"}],"wp:featuredmedia":[{"embeddable":true,"href":"https:\/\/iselamendez.mx\/farmacia\/wp-json\/wp\/v2\/media\/57531"}],"wp:attachment":[{"href":"https:\/\/iselamendez.mx\/farmacia\/wp-json\/wp\/v2\/media?parent=57293"}],"wp:term":[{"taxonomy":"product_brand","embeddable":true,"href":"https:\/\/iselamendez.mx\/farmacia\/wp-json\/wp\/v2\/product_brand?post=57293"},{"taxonomy":"product_cat","embeddable":true,"href":"https:\/\/iselamendez.mx\/farmacia\/wp-json\/wp\/v2\/product_cat?post=57293"},{"taxonomy":"product_tag","embeddable":true,"href":"https:\/\/iselamendez.mx\/farmacia\/wp-json\/wp\/v2\/product_tag?post=57293"}],"curies":[{"name":"wp","href":"https:\/\/api.w.org\/{rel}","templated":true}]}}