{"id":57294,"date":"2025-06-27T13:32:08","date_gmt":"2025-06-27T19:32:08","guid":{"rendered":"https:\/\/iselamendez.mx\/farmacia\/?post_type=product&#038;p=57294"},"modified":"2026-04-15T10:42:47","modified_gmt":"2026-04-15T16:42:47","slug":"cantabria-labs-iraltone-shampoo-ds-200ml","status":"publish","type":"product","link":"https:\/\/iselamendez.mx\/farmacia\/tienda\/funcion\/tratamiento\/anti-caspa\/cantabria-labs-iraltone-shampoo-ds-200ml\/","title":{"rendered":"Cantabria Labs Iraltone Shampoo DS 200ml"},"content":{"rendered":"<h2><strong>Cantabria Labs Iraltone Shampoo DS 200ml<\/strong><\/h2>\n<p>Champ\u00fa con acci\u00f3n completa para combatir los factores responsables de la descamaci\u00f3n, el picor y la irritaci\u00f3n del cuero cabelludo<\/p>\n<h4><strong>Detalle<\/strong><\/h4>\n<p>Champ\u00fa de acci\u00f3n m\u00faltiple, dise\u00f1ado para tratar eficazmente los estados descamativos seborreicos del cuero cabelludo.<\/p>\n<p>Su f\u00f3rmula avanzada combina activos espec\u00edficos con acci\u00f3n sin\u00e9rgica:<\/p>\n<p>Seborreguladora: Ayuda a normalizar la producci\u00f3n de sebo.<br \/>\nQueratol\u00edtica y queratorreguladora: Facilita la eliminaci\u00f3n de las escamas y previene su formaci\u00f3n.<br \/>\nAntioxidante: Protege el cuero cabelludo frente a los radicales libres, reduciendo la irritaci\u00f3n y el picor.<br \/>\nAdem\u00e1s, hidrata profundamente, proporcionando alivio y confort al cuero cabelludo, mientras deja el cabello suave, manejable y con un aspecto visiblemente saludable.<\/p>\n<h4><strong>Indicaciones<\/strong><\/h4>\n<p>Champ\u00fa especialmente formulado para la higiene del cuero cabelludo con descamaci\u00f3n, picor y enrojecimiento. Ofrece una completa acci\u00f3n anticaspa, aliviando el picor y reduciendo la irritaci\u00f3n, para un cuero cabelludo equilibrado y un cabello saludable.<\/p>\n<p>&nbsp;<\/p>\n<h4><strong>Caracter\u00edsticas<\/strong><\/h4>\n<p>F\u00f3rmula delicada que proporciona una higiene suave para el cuero cabelludo con tendencia seborreica<\/p>\n<p>F\u00f3rmula sin parabenos<\/p>\n<p>&nbsp;<\/p>\n<h4><strong>Advertencias<\/strong><\/h4>\n<p>Uso externo<\/p>\n<p>No ingerir<\/p>\n<p>Evitar el contacto con los ojos; si esto ocurre aclarar con abundante agua<\/p>\n<p>No usar en caso de lesiones del cuero cabelludo<\/p>\n<p>Mantener fuera de la vista y del alcance de los ni\u00f1os<\/p>\n<p>Mantener el envase cerrado<\/p>\n","protected":false},"excerpt":{"rendered":"<p>Cantabria Labs Iraltone Shampoo DS 200ml Champ\u00fa con acci\u00f3n completa para combatir los factores responsables de la descamaci\u00f3n, el picor y la irritaci\u00f3n del cuero cabelludo Detalle Champ\u00fa de acci\u00f3n m\u00faltiple, dise\u00f1ado para tratar eficazmente los estados descamativos seborreicos del [&hellip;]<\/p>\n","protected":false},"featured_media":57532,"comment_status":"open","ping_status":"closed","template":"","meta":[],"product_brand":[404],"product_cat":[174,112,35,209,213,590,68],"product_tag":[],"class_list":{"0":"post-57294","1":"product","2":"type-product","3":"status-publish","4":"has-post-thumbnail","6":"product_brand-cantabria-labs","7":"product_cat-anti-caspa","8":"product_cat-cabeza","9":"product_cat-cantabria","10":"product_cat-cuidado-capilar","11":"product_cat-piel-rojeces","12":"product_cat-semana-santa","13":"product_cat-shampoo","15":"first","16":"outofstock","17":"shipping-taxable","18":"purchasable","19":"product-type-simple"},"aioseo_notices":[],"_links":{"self":[{"href":"https:\/\/iselamendez.mx\/farmacia\/wp-json\/wp\/v2\/product\/57294","targetHints":{"allow":["GET"]}}],"collection":[{"href":"https:\/\/iselamendez.mx\/farmacia\/wp-json\/wp\/v2\/product"}],"about":[{"href":"https:\/\/iselamendez.mx\/farmacia\/wp-json\/wp\/v2\/types\/product"}],"replies":[{"embeddable":true,"href":"https:\/\/iselamendez.mx\/farmacia\/wp-json\/wp\/v2\/comments?post=57294"}],"wp:featuredmedia":[{"embeddable":true,"href":"https:\/\/iselamendez.mx\/farmacia\/wp-json\/wp\/v2\/media\/57532"}],"wp:attachment":[{"href":"https:\/\/iselamendez.mx\/farmacia\/wp-json\/wp\/v2\/media?parent=57294"}],"wp:term":[{"taxonomy":"product_brand","embeddable":true,"href":"https:\/\/iselamendez.mx\/farmacia\/wp-json\/wp\/v2\/product_brand?post=57294"},{"taxonomy":"product_cat","embeddable":true,"href":"https:\/\/iselamendez.mx\/farmacia\/wp-json\/wp\/v2\/product_cat?post=57294"},{"taxonomy":"product_tag","embeddable":true,"href":"https:\/\/iselamendez.mx\/farmacia\/wp-json\/wp\/v2\/product_tag?post=57294"}],"curies":[{"name":"wp","href":"https:\/\/api.w.org\/{rel}","templated":true}]}}