{"id":5878,"date":"2020-09-07T19:31:39","date_gmt":"2020-09-08T00:31:39","guid":{"rendered":"https:\/\/iselamendez.mx\/farmacia\/producto\/sin%20categor\u00eda\/ultra-facial-defens-spf50-f-gb-d-nl\/"},"modified":"2026-04-23T00:00:27","modified_gmt":"2026-04-23T06:00:27","slug":"skc-ultra-facial-uv-defense-spf-50","status":"publish","type":"product","link":"https:\/\/iselamendez.mx\/farmacia\/tienda\/funcion\/tratamiento\/anti-edad\/skc-ultra-facial-uv-defense-spf-50\/","title":{"rendered":"SkinCeuticals Ultra Facial UV Defense Sunscreen SPF50 30mL"},"content":{"rendered":"<p><a href=\"https:\/\/www.skinceuticals.com.mx\/SKC-LATAM635494349207.html\">Skinceuticals Ultra Facial UV Defense SPF 50 30ml<\/a><\/p>\n<h5>Protector solar nutritivo para el rostro<\/h5>\n<p>&nbsp;<\/p>\n<h5>\u00bfC\u00f3mo act\u00faa?<\/h5>\n<div class=\"pdp-product-details\">\n<div class=\"accordion-content\">\n<p>Protege la piel de la gama de rayos UV que causan el envejecimiento acelerado de la piel. Formulado con filtros UV de \u00faltima generaci\u00f3n, este protector solar de alta protecci\u00f3n evita la descomposici\u00f3n del col\u00e1geno inducida por los rayos UV.<\/p>\n<ul>\n<li>Alta protecci\u00f3n UVA\/UVB de amplio espectro<\/li>\n<li>Los filtros UV de \u00faltima generaci\u00f3n trabajan sin\u00e9rgicamente para prevenir el fotoenvejecimiento.<\/li>\n<li>No comedog\u00e9nico<\/li>\n<li>Hidrataci\u00f3n por 24 horas con una textura ultraligera<\/li>\n<li>Ideal para todo tipo de piel<\/li>\n<\/ul>\n<p>&nbsp;<\/p>\n<\/div>\n<\/div>\n<h5>Modo de uso:<\/h5>\n<p>Aplica <a href=\"https:\/\/www.skinceuticals.com.mx\/SKC-LATAM635494349207.html\"> Ultra Facial UV Defense<\/a> antes de la exposici\u00f3n al sol. Renovar la aplicaci\u00f3n de forma frecuente y generosa para mantener la protecci\u00f3n, sobre todo despu\u00e9s del ba\u00f1o, en caso de transpiraci\u00f3n o tras secarse la piel.<\/p>\n<p>Recuerda <a href=\"https:\/\/iselamendez.mx\/farmacia\/categoria-producto\/funcion\/limpieza\/\">limpiar<\/a> tu rostro diariamente y retirar residuos acumulados en el d\u00eda o la noche.<\/p>\n<p>Tienda en l\u00ednea <a href=\"https:\/\/iselamendez.mx\/\">Isela M\u00e9ndez<\/a> tenemos los mejores productos de <strong>SKINCEUTICALS<\/strong> consulta algunos de nuestros dermat\u00f3logos para una mejor autoevaluaci\u00f3n.<\/p>\n<p>&nbsp;<\/p>\n","protected":false},"excerpt":{"rendered":"<p>Salud es belleza<\/p>\n","protected":false},"featured_media":14136,"comment_status":"open","ping_status":"closed","template":"","meta":[],"product_brand":[379],"product_cat":[152,486,83,79,590,54,71],"product_tag":[367],"class_list":{"0":"post-5878","1":"product","2":"type-product","3":"status-publish","4":"has-post-thumbnail","6":"product_brand-skinceuticals","7":"product_cat-anti-edad","8":"product_cat-promociones-2026","9":"product_cat-protector-solar","10":"product_cat-rostro","11":"product_cat-semana-santa","12":"product_cat-skinceuticals","13":"product_cat-tratamiento","14":"product_tag-skinceuticals","16":"first","17":"instock","18":"shipping-taxable","19":"purchasable","20":"product-type-simple"},"aioseo_notices":[],"_links":{"self":[{"href":"https:\/\/iselamendez.mx\/farmacia\/wp-json\/wp\/v2\/product\/5878","targetHints":{"allow":["GET"]}}],"collection":[{"href":"https:\/\/iselamendez.mx\/farmacia\/wp-json\/wp\/v2\/product"}],"about":[{"href":"https:\/\/iselamendez.mx\/farmacia\/wp-json\/wp\/v2\/types\/product"}],"replies":[{"embeddable":true,"href":"https:\/\/iselamendez.mx\/farmacia\/wp-json\/wp\/v2\/comments?post=5878"}],"wp:featuredmedia":[{"embeddable":true,"href":"https:\/\/iselamendez.mx\/farmacia\/wp-json\/wp\/v2\/media\/14136"}],"wp:attachment":[{"href":"https:\/\/iselamendez.mx\/farmacia\/wp-json\/wp\/v2\/media?parent=5878"}],"wp:term":[{"taxonomy":"product_brand","embeddable":true,"href":"https:\/\/iselamendez.mx\/farmacia\/wp-json\/wp\/v2\/product_brand?post=5878"},{"taxonomy":"product_cat","embeddable":true,"href":"https:\/\/iselamendez.mx\/farmacia\/wp-json\/wp\/v2\/product_cat?post=5878"},{"taxonomy":"product_tag","embeddable":true,"href":"https:\/\/iselamendez.mx\/farmacia\/wp-json\/wp\/v2\/product_tag?post=5878"}],"curies":[{"name":"wp","href":"https:\/\/api.w.org\/{rel}","templated":true}]}}

https://iselamendez.mx/farmacia/producto/sin%20categoría/ultra-facial-defens-spf50-f-gb-d-nl/

<p><a href="https://www.skinceuticals.com.mx/SKC-LATAM635494349207.html">Skinceuticals Ultra Facial UV Defense SPF 50 30ml</a></p>
<h5>Protector solar nutritivo para el rostro</h5>
<p>&nbsp;</p>
<h5>¿Cómo actúa?</h5>
<div class="pdp-product-details">
<div class="accordion-content">
<p>Protege la piel de la gama de rayos UV que causan el envejecimiento acelerado de la piel. Formulado con filtros UV de última generación, este protector solar de alta protección evita la descomposición del colágeno inducida por los rayos UV.</p>
<ul>
<li>Alta protección UVA/UVB de amplio espectro</li>
<li>Los filtros UV de última generación trabajan sinérgicamente para prevenir el fotoenvejecimiento.</li>
<li>No comedogénico</li>
<li>Hidratación por 24 horas con una textura ultraligera</li>
<li>Ideal para todo tipo de piel</li>
</ul>
<p>&nbsp;</p>
</div>
</div>
<h5>Modo de uso:</h5>
<p>Aplica <a href="https://www.skinceuticals.com.mx/SKC-LATAM635494349207.html"> Ultra Facial UV Defense</a> antes de la exposición al sol. Renovar la aplicación de forma frecuente y generosa para mantener la protección, sobre todo después del baño, en caso de transpiración o tras secarse la piel.</p>
<p>Recuerda <a href="https://iselamendez.mx/farmacia/categoria-producto/funcion/limpieza/">limpiar</a> tu rostro diariamente y retirar residuos acumulados en el día o la noche.</p>
<p>Tienda en línea <a href="https://iselamendez.mx/">Isela Méndez</a> tenemos los mejores productos de <strong>SKINCEUTICALS</strong> consulta algunos de nuestros dermatólogos para una mejor autoevaluación.</p>
<p>&nbsp;</p>
