{"id":59161,"date":"2025-08-01T13:46:18","date_gmt":"2025-08-01T19:46:18","guid":{"rendered":"https:\/\/iselamendez.mx\/farmacia\/?post_type=product&#038;p=59161"},"modified":"2026-04-15T10:42:50","modified_gmt":"2026-04-15T16:42:50","slug":"sensilis-skin-glow-glycolic-gel-alisador-iluminador-50ml","status":"publish","type":"product","link":"https:\/\/iselamendez.mx\/farmacia\/tienda\/funcion\/tratamiento\/anti-edad\/sensilis-skin-glow-glycolic-gel-alisador-iluminador-50ml\/","title":{"rendered":"Sensilis Skin Glow Glycolic Gel Alisador Iluminador 50ml"},"content":{"rendered":"<h2><strong>Sensilis Skin Glow [Glycolic] Gel Alisador Iluminador 50ml<\/strong><\/h2>\n<p>&nbsp;<\/p>\n<div class=\"prose order-7 mb-4 mt-4 px-2 text-xs font-light text-black md:px-0 md:text-sm\">\n<p>Gel alisador iluminador de uso nocturno con 8% de \u00e1cido glic\u00f3lico por su acci\u00f3n renovadora devuelve la luz a la piel apagada. Ilumina de forma inmediata, hidrata en profundidad, unifica el tono y reafirma la piel.<\/p>\n<p>Apto para todo tipo de pieles incluso las m\u00e1s sensibles.<\/p>\n<\/div>\n<div class=\"prose order-12 mb-4 mt-10 px-2 text-sm font-light text-black marker:text-black md:px-0\">\n<p><strong>Beneficios<\/strong><\/p>\n<ul>\n<li>+14% Piel m\u00e1s renovada 28 d\u00edas<\/li>\n<li>+15% luminosidad inmediata<\/li>\n<li>+75% Hidrataci\u00f3n 28 d\u00edas<\/li>\n<li>43% S\u00edntesis de col\u00e1geno en 48 horas<\/li>\n<li>+16% Piel m\u00e1s unificada en 28 d\u00edas<\/li>\n<\/ul>\n<\/div>\n<p><strong>Ingredientes\u00a0<\/strong><\/p>\n<p>[Renueva e ilumina]<\/p>\n<div class=\"prose order-12 mb-4 mt-10 px-2 text-sm font-light text-black marker:text-black md:px-0\">\n<div>\n<div class=\"overflow-hidden\">\n<div id=\"headlessui-disclosure-panel-:r1:\" class=\"\" data-headlessui-state=\"open\">\n<div class=\"px-2 pb-6 pt-2 text-xs font-light md:px-0 md:text-sm\">\n<p>8% \u00c1cido Glic\u00f3lico<\/p>\n<p>[Antiaging]<br \/>\nRevitalizing Complex<\/p>\n<p>[Hidrata]<br \/>\n\u00c1cido Hialur\u00f3nico<\/p>\n<p>[Calma]<br \/>\nTazman Pepper&#8221;<\/p>\n<div class=\"overflow-hidden \">\n<p class=\"text-xs font-medium\"><strong>\u00bfEs para ti?<\/strong><\/p>\n<\/div>\n<div class=\"overflow-hidden \">\n<div class=\"text-3xl font-light md:text-5xl lg:max-w-6xl [&amp;_img]:-mt-[3px] [&amp;_img]:inline-flex [&amp;_img]:h-[52px] [&amp;_img]:w-auto [&amp;_img]:rounded-[45px] [&amp;_img]:object-cover [&amp;_img]:object-center\">\n<p>Es para aquellas pieles sensibles que quieran utilizar \u00c1cido Glic\u00f3lico para renovar y mejorar la luminosidad de la piel, sin temor a irritar su piel. Skin Glow [Glycolic] tiene una muy alta tolerancia para pieles sensibles.<\/p>\n<p class=\"font-light\"><strong>[Beneficios principales]<\/strong><\/p>\n<div>\n<p>Renueva<\/p>\n<p>Unifica el tono de la piel<\/p>\n<p>Ilumina<\/p>\n<p>Hidrata<\/p>\n<p>Reafirma<\/p>\n<\/div>\n<\/div>\n<\/div>\n<\/div>\n<\/div>\n<\/div>\n<\/div>\n<div><\/div>\n<div>\n<p><strong>\u00a0\u00bfComo usar Skin Glow [Glycolic]?<\/strong><\/p>\n<p>A dias alternos hasta tolerancia, aplicar por la noche sobre la piel limpia y seca, un pump del producto, dejar actuar durante toda la noche (hasta la ma\u00f1ana siguiente). A la ma\u00f1ana siguiente: Limpiar la cara y aplicar proteccion solar alta o muy alta<\/p>\n<\/div>\n<\/div>\n","protected":false},"excerpt":{"rendered":"<p>Sensilis Skin Glow [Glycolic] Gel Alisador Iluminador 50ml &nbsp; Gel alisador iluminador de uso nocturno con 8% de \u00e1cido glic\u00f3lico por su acci\u00f3n renovadora devuelve la luz a la piel apagada. Ilumina de forma inmediata, hidrata en profundidad, unifica el [&hellip;]<\/p>\n","protected":false},"featured_media":59409,"comment_status":"open","ping_status":"closed","template":"","meta":[],"product_brand":[386],"product_cat":[152,87,210,157,519,486,200,79,590,305],"product_tag":[],"class_list":{"0":"post-59161","1":"product","2":"type-product","3":"status-publish","4":"has-post-thumbnail","6":"product_brand-sensilis","7":"product_cat-anti-edad","8":"product_cat-gel","9":"product_cat-hidratante","10":"product_cat-hidratacion","11":"product_cat-invierno","12":"product_cat-promociones-2026","13":"product_cat-reafirmante","14":"product_cat-rostro","15":"product_cat-semana-santa","16":"product_cat-sensilis","18":"first","19":"instock","20":"shipping-taxable","21":"purchasable","22":"product-type-simple"},"aioseo_notices":[],"_links":{"self":[{"href":"https:\/\/iselamendez.mx\/farmacia\/wp-json\/wp\/v2\/product\/59161","targetHints":{"allow":["GET"]}}],"collection":[{"href":"https:\/\/iselamendez.mx\/farmacia\/wp-json\/wp\/v2\/product"}],"about":[{"href":"https:\/\/iselamendez.mx\/farmacia\/wp-json\/wp\/v2\/types\/product"}],"replies":[{"embeddable":true,"href":"https:\/\/iselamendez.mx\/farmacia\/wp-json\/wp\/v2\/comments?post=59161"}],"wp:featuredmedia":[{"embeddable":true,"href":"https:\/\/iselamendez.mx\/farmacia\/wp-json\/wp\/v2\/media\/59409"}],"wp:attachment":[{"href":"https:\/\/iselamendez.mx\/farmacia\/wp-json\/wp\/v2\/media?parent=59161"}],"wp:term":[{"taxonomy":"product_brand","embeddable":true,"href":"https:\/\/iselamendez.mx\/farmacia\/wp-json\/wp\/v2\/product_brand?post=59161"},{"taxonomy":"product_cat","embeddable":true,"href":"https:\/\/iselamendez.mx\/farmacia\/wp-json\/wp\/v2\/product_cat?post=59161"},{"taxonomy":"product_tag","embeddable":true,"href":"https:\/\/iselamendez.mx\/farmacia\/wp-json\/wp\/v2\/product_tag?post=59161"}],"curies":[{"name":"wp","href":"https:\/\/api.w.org\/{rel}","templated":true}]}}