{"id":5977,"date":"2020-09-07T19:31:53","date_gmt":"2020-09-08T00:31:53","guid":{"rendered":"https:\/\/iselamendez.mx\/farmacia\/producto\/sin%20categor\u00eda\/xerial-10-lait-corps-2\/"},"modified":"2026-04-01T03:19:30","modified_gmt":"2026-04-01T09:19:30","slug":"svr-xerial-10-lait-corps-400ml","status":"publish","type":"product","link":"https:\/\/iselamendez.mx\/farmacia\/tienda\/tipo-de-producto\/crema-corporal\/svr-xerial-10-lait-corps-400ml\/","title":{"rendered":"SVR Xerial 10 Lait 400ml"},"content":{"rendered":"<h5>SVR Xerial 10 Lait Corps 400ml<\/h5>\n<h5>Hidratante 24 horas suavizante con una acci\u00f3n anti-escamas confort intenso<\/h5>\n<p>&nbsp;<\/p>\n<p>Prep\u00e1rate para tener una piel m\u00e1s hidratada y lisa. Elimina c\u00e9lulas muertas, rugosidades y vellos enquistados con su f\u00f3rmula patentada. Esta crema alisa y elimina las c\u00e9lulas muertas de tu piel dej\u00e1ndola suave e hidratada reduce las rugosidades y los pelos enquistados de la piel para dejarla suave y s\u00faper hidratada tanto al tacto como a la vista.<\/p>\n<p>&nbsp;<\/p>\n<h5>\u00bfC\u00f3mo act\u00faa?<\/h5>\n<p>Es una crema apta para zonas muy secas y rugosas como: brazos, codos, piernas y pelos enquistados.<\/p>\n<div class=\"product__content\">\n<div class=\"product__tab expanded\" data-drawer-container=\"\">\n<div class=\"product__tab-content\" data-drawer-content=\"\">\n<p>La tecnolog\u00eda &#8220;Urea Pura&#8221; una mol\u00e9cula que ayuda a la hidrataci\u00f3n profunda de las distintas capas de la piel. Al mismo tiempo, favorece la descamaci\u00f3n natural de la epidermis, realizando una exfoliaci\u00f3n hidratante. La actuaci\u00f3n beneficiosa mejora la llamada funci\u00f3n barrera porque act\u00faa en los queratinocitos, estimulando la s\u00edntesis de prote\u00ednas estructurales. Tambi\u00e9n; activa el sistema inmune de la piel, estimulando la producci\u00f3n de p\u00e9ptidos antimicrobianos. Por ultimo mejora la flexibilidad, porque se extiende m\u00e1s all\u00e1 de la epidermis y llega a los fibroblastos, estimulando la s\u00edntesis del col\u00e1geno en la dermis.<\/p>\n<p>&nbsp;<\/p>\n<h5>Modo de Uso:<\/h5>\n<p>Aplica tu<strong> Lait Corps<\/strong> una o dos veces al d\u00eda en las zonas que notes que necesitan suavizar. \u00a1Recuerda que es apta para cualquier zona!.<\/p>\n<p>Se recomienda se recomienda una buena limpieza.<\/p>\n<\/div>\n<\/div>\n<\/div>\n<p>Tienda en l\u00ednea <a href=\"https:\/\/iselamendez.mx\/\">Isela M\u00e9ndez<\/a> tenemos los mejores productos de <strong>SVR<\/strong> consulta algunos de nuestros dermat\u00f3logos para una mejor autoevaluaci\u00f3n.<\/p>\n","protected":false},"excerpt":{"rendered":"<p>Salud es belleza<\/p>\n","protected":false},"featured_media":61056,"comment_status":"open","ping_status":"closed","template":"","meta":[],"product_brand":[474],"product_cat":[93,80,111,486,32],"product_tag":[368],"class_list":{"0":"post-5977","1":"product","2":"type-product","3":"status-publish","4":"has-post-thumbnail","6":"product_brand-svr","7":"product_cat-crema-corporal","8":"product_cat-cuerpo","9":"product_cat-pies","10":"product_cat-promociones-2026","11":"product_cat-svr","12":"product_tag-svr","14":"first","15":"instock","16":"shipping-taxable","17":"purchasable","18":"product-type-simple"},"aioseo_notices":[],"_links":{"self":[{"href":"https:\/\/iselamendez.mx\/farmacia\/wp-json\/wp\/v2\/product\/5977","targetHints":{"allow":["GET"]}}],"collection":[{"href":"https:\/\/iselamendez.mx\/farmacia\/wp-json\/wp\/v2\/product"}],"about":[{"href":"https:\/\/iselamendez.mx\/farmacia\/wp-json\/wp\/v2\/types\/product"}],"replies":[{"embeddable":true,"href":"https:\/\/iselamendez.mx\/farmacia\/wp-json\/wp\/v2\/comments?post=5977"}],"wp:featuredmedia":[{"embeddable":true,"href":"https:\/\/iselamendez.mx\/farmacia\/wp-json\/wp\/v2\/media\/61056"}],"wp:attachment":[{"href":"https:\/\/iselamendez.mx\/farmacia\/wp-json\/wp\/v2\/media?parent=5977"}],"wp:term":[{"taxonomy":"product_brand","embeddable":true,"href":"https:\/\/iselamendez.mx\/farmacia\/wp-json\/wp\/v2\/product_brand?post=5977"},{"taxonomy":"product_cat","embeddable":true,"href":"https:\/\/iselamendez.mx\/farmacia\/wp-json\/wp\/v2\/product_cat?post=5977"},{"taxonomy":"product_tag","embeddable":true,"href":"https:\/\/iselamendez.mx\/farmacia\/wp-json\/wp\/v2\/product_tag?post=5977"}],"curies":[{"name":"wp","href":"https:\/\/api.w.org\/{rel}","templated":true}]}}