{"id":66306,"date":"2025-11-25T15:52:18","date_gmt":"2025-11-25T21:52:18","guid":{"rendered":"https:\/\/iselamendez.mx\/farmacia\/?post_type=product&#038;p=66306"},"modified":"2026-04-15T10:43:20","modified_gmt":"2026-04-15T16:43:20","slug":"advaita-pilovait-1mg-30-tabletas","status":"publish","type":"product","link":"https:\/\/iselamendez.mx\/farmacia\/tienda\/funcion\/tratamiento\/crecimiento-capilar\/advaita-pilovait-1mg-30-tabletas\/","title":{"rendered":"Advaita Pilovait 1mg 30 tabletas"},"content":{"rendered":"<h5>Advaita Pilovait 60 tabletas<\/h5>\n<p>&nbsp;<\/p>\n<p>Est\u00e1 indicado en el tratamiento de alopecia androgen\u00e9tica en hombres, para incrementar el crecimiento de cabello y evitar que la densidad de pelo disminuya, evitando la ca\u00edda del mismo<\/p>\n<p>Contiene Finasterida<\/p>\n<p>&nbsp;<\/p>\n","protected":false},"excerpt":{"rendered":"<p>Salud es belleza<\/p>\n<p>PRECIO EXCLUSIVO EN FARMACIA EN L\u00cdNEA<\/p>\n","protected":false},"featured_media":20607,"comment_status":"open","ping_status":"closed","template":"","meta":[],"product_brand":[397],"product_cat":[287,112,151,71],"product_tag":[],"class_list":{"0":"post-66306","1":"product","2":"type-product","3":"status-publish","4":"has-post-thumbnail","6":"product_brand-advaita","7":"product_cat-advaita","8":"product_cat-cabeza","9":"product_cat-crecimiento-capilar","10":"product_cat-tratamiento","12":"first","13":"instock","14":"shipping-taxable","15":"purchasable","16":"product-type-simple"},"aioseo_notices":[],"_links":{"self":[{"href":"https:\/\/iselamendez.mx\/farmacia\/wp-json\/wp\/v2\/product\/66306","targetHints":{"allow":["GET"]}}],"collection":[{"href":"https:\/\/iselamendez.mx\/farmacia\/wp-json\/wp\/v2\/product"}],"about":[{"href":"https:\/\/iselamendez.mx\/farmacia\/wp-json\/wp\/v2\/types\/product"}],"replies":[{"embeddable":true,"href":"https:\/\/iselamendez.mx\/farmacia\/wp-json\/wp\/v2\/comments?post=66306"}],"wp:featuredmedia":[{"embeddable":true,"href":"https:\/\/iselamendez.mx\/farmacia\/wp-json\/wp\/v2\/media\/20607"}],"wp:attachment":[{"href":"https:\/\/iselamendez.mx\/farmacia\/wp-json\/wp\/v2\/media?parent=66306"}],"wp:term":[{"taxonomy":"product_brand","embeddable":true,"href":"https:\/\/iselamendez.mx\/farmacia\/wp-json\/wp\/v2\/product_brand?post=66306"},{"taxonomy":"product_cat","embeddable":true,"href":"https:\/\/iselamendez.mx\/farmacia\/wp-json\/wp\/v2\/product_cat?post=66306"},{"taxonomy":"product_tag","embeddable":true,"href":"https:\/\/iselamendez.mx\/farmacia\/wp-json\/wp\/v2\/product_tag?post=66306"}],"curies":[{"name":"wp","href":"https:\/\/api.w.org\/{rel}","templated":true}]}}