{"id":69641,"date":"2026-02-20T16:50:46","date_gmt":"2026-02-20T22:50:46","guid":{"rendered":"https:\/\/iselamendez.mx\/farmacia\/?post_type=product&#038;p=69641"},"modified":"2026-04-18T13:21:38","modified_gmt":"2026-04-18T19:21:38","slug":"ds-laboratories-spectral-cbx-soothing-hair-density-serum-60ml","status":"publish","type":"product","link":"https:\/\/iselamendez.mx\/farmacia\/tienda\/zona-del-cuerpo\/cabello\/ds-laboratories-spectral-cbx-soothing-hair-density-serum-60ml\/","title":{"rendered":"DS Laboratories Spectral CBX Soothing Hair Density Serum 60ml"},"content":{"rendered":"<h3><strong>DS Laboratories Spectral CBX Soothing Hair Density Serum 60ml<br \/>\n<\/strong><\/h3>\n<h4 data-start=\"0\" data-end=\"103\"><strong data-start=\"3\" data-end=\"103\"><span class=\"entity-underline hover:entity-accent inline cursor-pointer align-baseline\"><span class=\"whitespace-normal\">DS Laboratories Spectral CBX Soothing Hair Density Serum<\/span><\/span> \u2013 Serum Capilar Calmante para Densidad y Salud del Cabello<\/strong><\/h4>\n<hr data-start=\"105\" data-end=\"108\" \/>\n<h4 data-start=\"110\" data-end=\"154\"><strong data-start=\"114\" data-end=\"152\">Descripci\u00f3n<\/strong><\/h4>\n<p data-start=\"155\" data-end=\"899\">El <strong data-start=\"158\" data-end=\"202\">Spectral CBX Soothing Hair Density Serum<\/strong> de <span class=\"hover:entity-accent entity-underline inline cursor-pointer align-baseline\"><span class=\"whitespace-normal\">DS Laboratories<\/span><\/span> es un tratamiento capilar dermatol\u00f3gico formulado para <strong data-start=\"299\" data-end=\"353\">aumentar la densidad, grosor y volumen del cabello<\/strong>, al tiempo que <strong data-start=\"369\" data-end=\"407\">calma e hidrata el cuero cabelludo<\/strong>. Su f\u00f3rmula avanzada con Nanoxidil y el complejo calmante <strong data-start=\"466\" data-end=\"484\">CalmBlend CBX\u00ae<\/strong> act\u00faa sobre los fol\u00edculos pilosos para fomentar un entorno saludable que favorece un crecimiento m\u00e1s abundante y visible. Este s\u00e9rum trabaja a nivel de microcirculaci\u00f3n capilar para nutrir los fol\u00edculos, fortalecer los mechones y equilibrar el microbioma de la piel, ayudando a reducir la fragilidad y promover una apariencia de cabello m\u00e1s saludable y con mayor flexibilidad.<\/p>\n<hr data-start=\"901\" data-end=\"904\" \/>\n<h4 data-start=\"906\" data-end=\"926\"><strong data-start=\"910\" data-end=\"924\">Beneficios<\/strong><\/h4>\n<ul data-start=\"927\" data-end=\"1522\">\n<li data-start=\"927\" data-end=\"1037\">\n<p data-start=\"929\" data-end=\"1037\">Fomenta una <strong data-start=\"941\" data-end=\"977\">mayor densidad y volumen capilar<\/strong> con uso continuado.<\/p>\n<\/li>\n<li data-start=\"1038\" data-end=\"1120\">\n<p data-start=\"1040\" data-end=\"1120\">Mejora el grosor y longitud del cabello.<\/p>\n<\/li>\n<li data-start=\"1121\" data-end=\"1227\">\n<p data-start=\"1123\" data-end=\"1227\">Aporta hidrataci\u00f3n al cuero cabelludo y fortalece los fol\u00edculos.<\/p>\n<\/li>\n<li data-start=\"1228\" data-end=\"1325\">\n<p data-start=\"1230\" data-end=\"1325\">Sensaci\u00f3n calmante y refrescante en el cuero cabelludo.<\/p>\n<\/li>\n<li data-start=\"1326\" data-end=\"1434\">\n<p data-start=\"1328\" data-end=\"1434\">Contribuye a equilibrar el microbioma cut\u00e1neo del cuero cabelludo.<\/p>\n<\/li>\n<li data-start=\"1435\" data-end=\"1522\">\n<p data-start=\"1437\" data-end=\"1522\">Reduce exceso de sebo y mejora la peinabilidad.<\/p>\n<\/li>\n<\/ul>\n<hr data-start=\"1524\" data-end=\"1527\" \/>\n<h4 data-start=\"1529\" data-end=\"1557\"><strong data-start=\"1533\" data-end=\"1555\">Ingredientes clave<\/strong><\/h4>\n<ul data-start=\"1628\" data-end=\"2034\">\n<li data-start=\"1628\" data-end=\"1767\">\n<p data-start=\"1630\" data-end=\"1767\"><strong data-start=\"1630\" data-end=\"1644\">Nanoxidil:<\/strong> promueve un entorno favorable para el crecimiento capilar y aporta mayor densidad.<\/p>\n<\/li>\n<li data-start=\"1768\" data-end=\"1915\">\n<p data-start=\"1770\" data-end=\"1915\"><strong data-start=\"1770\" data-end=\"1789\">CalmBlend CBX\u00ae:<\/strong> complejo calmante que ayuda a mantener el equilibrio y confort del cuero cabelludo.<\/p>\n<\/li>\n<li data-start=\"1916\" data-end=\"2034\">\n<p data-start=\"1918\" data-end=\"2034\"><strong data-start=\"1918\" data-end=\"1942\">Agentes hidratantes:<\/strong> favorecen hidrataci\u00f3n profunda del cuero cabelludo.<\/p>\n<\/li>\n<\/ul>\n<hr data-start=\"2133\" data-end=\"2136\" \/>\n<h4 data-start=\"2138\" data-end=\"2157\"><strong data-start=\"2142\" data-end=\"2155\">C\u00f3mo usar<\/strong><\/h4>\n<ol data-start=\"2158\" data-end=\"2722\">\n<li data-start=\"2158\" data-end=\"2298\">\n<p data-start=\"2161\" data-end=\"2298\">Aplicar <strong data-start=\"2169\" data-end=\"2188\">6 atomizaciones<\/strong> directamente en el \u00e1rea afectada por p\u00e9rdida o afinamiento capilar.<\/p>\n<\/li>\n<li data-start=\"2299\" data-end=\"2419\">\n<p data-start=\"2302\" data-end=\"2419\">Masajear suavemente con las yemas de los dedos para favorecer la absorci\u00f3n.<\/p>\n<\/li>\n<li data-start=\"2420\" data-end=\"2491\">\n<p data-start=\"2423\" data-end=\"2491\">No enjuagar; dejar actuar.<\/p>\n<\/li>\n<li data-start=\"2492\" data-end=\"2621\">\n<p data-start=\"2495\" data-end=\"2621\">Repetir <strong data-start=\"2503\" data-end=\"2521\">2 veces al d\u00eda<\/strong> durante al menos <strong data-start=\"2539\" data-end=\"2550\">3 meses<\/strong> antes de evaluar resultados.<\/p>\n<\/li>\n<li data-start=\"2622\" data-end=\"2722\">\n<p data-start=\"2625\" data-end=\"2722\">El uso continuo es clave para obtener beneficios \u00f3ptimos.<\/p>\n<\/li>\n<\/ol>\n<hr data-start=\"2724\" data-end=\"2727\" \/>\n<h4 data-start=\"2729\" data-end=\"2758\"><strong data-start=\"2733\" data-end=\"2756\">Llamada a la acci\u00f3n<\/strong><\/h4>\n<p data-start=\"2759\" data-end=\"2987\">Compra <strong data-start=\"2766\" data-end=\"2826\">DS Laboratories Spectral CBX Soothing Hair Density Serum<\/strong> en <strong data-start=\"2830\" data-end=\"2864\">Farmacia en L\u00ednea Isela M\u00e9ndez<\/strong> y potencia la densidad, volumen y salud de tu cabello con un tratamiento capilar profesional dermatol\u00f3gicamente formulado.<\/p>\n","protected":false},"excerpt":{"rendered":"<p data-start=\"3040\" data-end=\"3183\">Serum capilar que promueve mayor densidad, grosor y volumen, calma el cuero cabelludo y fortalece el cabello para una apariencia m\u00e1s abundante.<\/p>\n","protected":false},"featured_media":69830,"comment_status":"open","ping_status":"closed","template":"","meta":[],"product_brand":[412],"product_cat":[502,209,115,590,105,69],"product_tag":[],"class_list":{"0":"post-69641","1":"product","2":"type-product","3":"status-publish","4":"has-post-thumbnail","6":"product_brand-ds-laboratories","7":"product_cat-cabello","8":"product_cat-cuidado-capilar","9":"product_cat-ds-laboratories","10":"product_cat-semana-santa","11":"product_cat-spray","12":"product_cat-suero","14":"first","15":"instock","16":"shipping-taxable","17":"purchasable","18":"product-type-simple"},"aioseo_notices":[],"_links":{"self":[{"href":"https:\/\/iselamendez.mx\/farmacia\/wp-json\/wp\/v2\/product\/69641","targetHints":{"allow":["GET"]}}],"collection":[{"href":"https:\/\/iselamendez.mx\/farmacia\/wp-json\/wp\/v2\/product"}],"about":[{"href":"https:\/\/iselamendez.mx\/farmacia\/wp-json\/wp\/v2\/types\/product"}],"replies":[{"embeddable":true,"href":"https:\/\/iselamendez.mx\/farmacia\/wp-json\/wp\/v2\/comments?post=69641"}],"wp:featuredmedia":[{"embeddable":true,"href":"https:\/\/iselamendez.mx\/farmacia\/wp-json\/wp\/v2\/media\/69830"}],"wp:attachment":[{"href":"https:\/\/iselamendez.mx\/farmacia\/wp-json\/wp\/v2\/media?parent=69641"}],"wp:term":[{"taxonomy":"product_brand","embeddable":true,"href":"https:\/\/iselamendez.mx\/farmacia\/wp-json\/wp\/v2\/product_brand?post=69641"},{"taxonomy":"product_cat","embeddable":true,"href":"https:\/\/iselamendez.mx\/farmacia\/wp-json\/wp\/v2\/product_cat?post=69641"},{"taxonomy":"product_tag","embeddable":true,"href":"https:\/\/iselamendez.mx\/farmacia\/wp-json\/wp\/v2\/product_tag?post=69641"}],"curies":[{"name":"wp","href":"https:\/\/api.w.org\/{rel}","templated":true}]}}