{"id":69866,"date":"2026-02-26T10:46:00","date_gmt":"2026-02-26T16:46:00","guid":{"rendered":"https:\/\/iselamendez.mx\/farmacia\/?post_type=product&#038;p=69866"},"modified":"2026-04-21T23:06:36","modified_gmt":"2026-04-22T05:06:36","slug":"noon-aesthetics-azelaic-br-13-dermshield-50ml-copia","status":"publish","type":"product","link":"https:\/\/iselamendez.mx\/farmacia\/tienda\/funcion\/tratamiento\/despigmentantes\/noon-aesthetics-azelaic-br-13-dermshield-50ml-copia\/","title":{"rendered":"NOON Aesthetics Azelaic-Br 13 + Dermshield 50ml"},"content":{"rendered":"<h3><strong>NOON Aesthetics Azelaic-Br 13 + DermShield<\/strong><\/h3>\n<h4><strong>S\u00e9rum Despigmentante Intensivo de Alta Tolerancia<\/strong><\/h4>\n<h4><strong>Nueva version de Noon Aesthetics Double White<\/strong><\/h4>\n<p data-start=\"195\" data-end=\"481\">S\u00e9rum dermatol\u00f3gico de uso profesional formulado con <strong data-start=\"301\" data-end=\"326\">13% de \u00e1cido azelaico<\/strong> combinado con la exclusiva tecnolog\u00eda <strong data-start=\"365\" data-end=\"380\">DermShield\u2122<\/strong>, dise\u00f1ada para reducir significativamente la irritaci\u00f3n asociada a altas concentraciones de activos.<\/p>\n<p data-start=\"483\" data-end=\"927\">Este tratamiento est\u00e1 especialmente indicado para <strong data-start=\"533\" data-end=\"613\">hiperpigmentaci\u00f3n, melasma, manchas postinflamatorias, acn\u00e9 y tono irregular<\/strong>, ayudando a inhibir la sobreproducci\u00f3n de melanina y a mejorar la textura cut\u00e1nea. El \u00e1cido azelaico es ampliamente reconocido en dermatolog\u00eda por su acci\u00f3n <strong data-start=\"771\" data-end=\"824\">despigmentante, antiinflamatoria y antibacteriana<\/strong>, lo que lo convierte en un activo multifuncional ideal para piel mixta, grasa o con tendencia acneica.<\/p>\n<p data-start=\"929\" data-end=\"1208\">La tecnolog\u00eda DermShield\u2122 permite maximizar la eficacia cl\u00ednica sin comprometer la tolerancia, minimizando ardor, enrojecimiento o molestias. Su textura ligera facilita la absorci\u00f3n r\u00e1pida, integr\u00e1ndose f\u00e1cilmente en rutinas despigmentantes avanzadas o protocolos dermatol\u00f3gicos.<\/p>\n<p data-start=\"1210\" data-end=\"1348\">Azelaic-Br 13 es una excelente opci\u00f3n para quienes buscan un tratamiento intensivo contra manchas con respaldo dermocosm\u00e9tico profesional. Ofrece un tratamiento preventivo y correctivo a largo plazo para las manchas oscuras, con bajo riesgo de efectos secundarios o rebote.<br \/>\nAdem\u00e1s de su capacidad para aclarar la piel, tambi\u00e9n posee propiedades antiinflamatorias y antibacterianas.<\/p>\n<hr data-start=\"1350\" data-end=\"1353\" \/>\n<h4 data-start=\"1355\" data-end=\"1373\"><strong data-start=\"1359\" data-end=\"1373\">Beneficios<\/strong><\/h4>\n<ul data-start=\"1374\" data-end=\"1697\">\n<li data-start=\"1374\" data-end=\"1426\">\n<p data-start=\"1376\" data-end=\"1426\">Contiene 13% de \u00e1cido azelaico de alta eficacia.<\/p>\n<\/li>\n<li data-start=\"1427\" data-end=\"1474\">\n<p data-start=\"1429\" data-end=\"1474\">Ayuda a reducir melasma y manchas postacn\u00e9.<\/p>\n<\/li>\n<li data-start=\"1475\" data-end=\"1524\">\n<p data-start=\"1477\" data-end=\"1524\">Mejora la uniformidad y luminosidad del tono.<\/p>\n<\/li>\n<li data-start=\"1525\" data-end=\"1559\">\n<p data-start=\"1527\" data-end=\"1559\">Disminuye inflamaci\u00f3n y rojez.<\/p>\n<\/li>\n<li data-start=\"1560\" data-end=\"1590\">\n<p data-start=\"1562\" data-end=\"1590\">Regula producci\u00f3n de sebo.<\/p>\n<\/li>\n<li data-start=\"1591\" data-end=\"1648\">\n<p data-start=\"1593\" data-end=\"1648\">Tecnolog\u00eda DermShield\u2122 que mejora tolerancia cut\u00e1nea.<\/p>\n<\/li>\n<li data-start=\"1649\" data-end=\"1697\">\n<p data-start=\"1651\" data-end=\"1697\">Textura ligera, ideal para piel mixta a grasa.<\/p>\n<\/li>\n<\/ul>\n<hr data-start=\"1699\" data-end=\"1702\" \/>\n<h4 data-start=\"1704\" data-end=\"1730\"><strong data-start=\"1708\" data-end=\"1730\">Ingredientes clave<\/strong><\/h4>\n<ul data-start=\"1796\" data-end=\"2056\">\n<li data-start=\"1796\" data-end=\"1881\">\n<p data-start=\"1798\" data-end=\"1881\"><strong data-start=\"1798\" data-end=\"1821\">\u00c1cido Azelaico 13%:<\/strong> acci\u00f3n despigmentante, antiinflamatoria y antimicrobiana.Tratamiento a largo plazo, muy eficaz para aclarar la piel, reduce tanto el enrojecimiento como las manchas oscuras. Creando una tez m\u00e1s uniforme y luminosa.<\/p>\n<\/li>\n<li data-start=\"1796\" data-end=\"1881\"><strong>Glabridina Pura <\/strong>Derivada del regaliz, la glabridina puede ayudar a disminuir la aparici\u00f3n de manchas oscuras y proteger la piel del estr\u00e9s oxidativo.<\/li>\n<li data-start=\"1796\" data-end=\"1881\"><strong>\u00c1cido Octadecenodioico. <\/strong>Nuevo en el mercado, ayuda a atenuar las manchas oscuras e iluminar la piel.<\/li>\n<li data-start=\"1796\" data-end=\"1881\"><strong>Vitamina E<\/strong> La marca colabora continuamente con compa\u00f1\u00edas farmac\u00e9uticas internacionales l\u00edderes en el mercado del cuidado de la piel y cuenta con una red de distribuci\u00f3n global en m\u00e1s de 50 pa\u00edses. Este poderoso antioxidante ayuda a proteger la piel del estr\u00e9s oxidativo y del da\u00f1o UV, promueve la cicatrizaci\u00f3n de la piel y reduce el enrojecimiento.<\/li>\n<li data-start=\"1882\" data-end=\"1977\">\n<p data-start=\"1884\" data-end=\"1977\"><strong data-start=\"1884\" data-end=\"1911\">Tecnolog\u00eda DermShield\u2122:<\/strong> reduce el potencial irritativo manteniendo potencia del activo.<\/p>\n<\/li>\n<li data-start=\"1978\" data-end=\"2056\">\n<p data-start=\"1980\" data-end=\"2056\"><strong data-start=\"1980\" data-end=\"2020\">Sistema vehiculizante dermatol\u00f3gico:<\/strong> optimiza penetraci\u00f3n y estabilidad.<\/p>\n<\/li>\n<\/ul>\n<hr data-start=\"2058\" data-end=\"2061\" \/>\n<h4 data-start=\"2063\" data-end=\"2080\"><strong data-start=\"2067\" data-end=\"2080\">C\u00f3mo usar<\/strong><\/h4>\n<ol data-start=\"2081\" data-end=\"2400\">\n<li data-start=\"2081\" data-end=\"2133\">\n<p data-start=\"2084\" data-end=\"2133\">Aplicar sobre piel limpia y completamente seca.<\/p>\n<\/li>\n<li data-start=\"2134\" data-end=\"2208\">\n<p data-start=\"2137\" data-end=\"2208\">Colocar una peque\u00f1a cantidad en rostro o \u00e1reas con hiperpigmentaci\u00f3n.<\/p>\n<\/li>\n<li data-start=\"2209\" data-end=\"2253\">\n<p data-start=\"2212\" data-end=\"2253\">Masajear suavemente hasta su absorci\u00f3n.<\/p>\n<\/li>\n<li data-start=\"2254\" data-end=\"2320\">\n<p data-start=\"2257\" data-end=\"2320\">Utilizar una o dos veces al d\u00eda seg\u00fan indicaci\u00f3n profesional.<\/p>\n<\/li>\n<li data-start=\"2321\" data-end=\"2400\">\n<p data-start=\"2324\" data-end=\"2400\">Durante el d\u00eda, complementar con protector solar de amplio espectro SPF 50+<\/p>\n<\/li>\n<\/ol>\n<hr data-start=\"2402\" data-end=\"2405\" \/>\n<h4 data-start=\"2407\" data-end=\"2434\"><strong data-start=\"2411\" data-end=\"2434\">Llamada a la acci\u00f3n<\/strong><\/h4>\n<p data-start=\"2435\" data-end=\"2679\">Mejora visiblemente manchas y tono irregular con <strong data-start=\"2484\" data-end=\"2530\">NOON Aesthetics Azelaic-Br 13 + DermShield<\/strong>, disponible en <strong data-start=\"2546\" data-end=\"2580\">Farmacia en L\u00ednea Isela M\u00e9ndez<\/strong>. Incorp\u00f3ralo a tu rutina despigmentante profesional y potencia tus resultados con alta tolerancia.<\/p>\n","protected":false},"excerpt":{"rendered":"<p>S\u00e9rum con 13% \u00e1cido azelaico y DermShield\u2122 que reduce manchas, melasma y rojez con alta tolerancia dermatol\u00f3gica.<\/p>\n","protected":false},"featured_media":70400,"comment_status":"open","ping_status":"closed","template":"","meta":[],"product_brand":[452],"product_cat":[154,278,335,179,213,113,79,155,69],"product_tag":[],"class_list":{"0":"post-69866","1":"product","2":"type-product","3":"status-publish","4":"has-post-thumbnail","6":"product_brand-noon","7":"product_cat-despigmentantes","8":"product_cat-hiperpigmentacion","9":"product_cat-melasma","10":"product_cat-noon","11":"product_cat-piel-rojeces","12":"product_cat-piel-sensible","13":"product_cat-rostro","14":"product_cat-seboreguladores","15":"product_cat-suero","17":"first","18":"outofstock","19":"shipping-taxable","20":"purchasable","21":"product-type-simple"},"aioseo_notices":[],"_links":{"self":[{"href":"https:\/\/iselamendez.mx\/farmacia\/wp-json\/wp\/v2\/product\/69866","targetHints":{"allow":["GET"]}}],"collection":[{"href":"https:\/\/iselamendez.mx\/farmacia\/wp-json\/wp\/v2\/product"}],"about":[{"href":"https:\/\/iselamendez.mx\/farmacia\/wp-json\/wp\/v2\/types\/product"}],"replies":[{"embeddable":true,"href":"https:\/\/iselamendez.mx\/farmacia\/wp-json\/wp\/v2\/comments?post=69866"}],"wp:featuredmedia":[{"embeddable":true,"href":"https:\/\/iselamendez.mx\/farmacia\/wp-json\/wp\/v2\/media\/70400"}],"wp:attachment":[{"href":"https:\/\/iselamendez.mx\/farmacia\/wp-json\/wp\/v2\/media?parent=69866"}],"wp:term":[{"taxonomy":"product_brand","embeddable":true,"href":"https:\/\/iselamendez.mx\/farmacia\/wp-json\/wp\/v2\/product_brand?post=69866"},{"taxonomy":"product_cat","embeddable":true,"href":"https:\/\/iselamendez.mx\/farmacia\/wp-json\/wp\/v2\/product_cat?post=69866"},{"taxonomy":"product_tag","embeddable":true,"href":"https:\/\/iselamendez.mx\/farmacia\/wp-json\/wp\/v2\/product_tag?post=69866"}],"curies":[{"name":"wp","href":"https:\/\/api.w.org\/{rel}","templated":true}]}}