{"id":9137,"date":"2021-01-13T17:07:17","date_gmt":"2021-01-13T23:07:17","guid":{"rendered":"https:\/\/iselamendez.mx\/farmacia\/?post_type=product&#038;p=9137"},"modified":"2026-04-01T03:20:10","modified_gmt":"2026-04-01T09:20:10","slug":"epiology-cream-segundo-paso","status":"publish","type":"product","link":"https:\/\/iselamendez.mx\/farmacia\/tienda\/funcion\/tratamiento\/hidratacion\/epiology-cream-segundo-paso\/","title":{"rendered":"Epiology Cream Segundo Paso"},"content":{"rendered":"<p>Epiology Cream Segundo Paso Ayuda a evitar las imperfecciones y es parte de la rutina diaria para proteger la piel del rostro.<\/p>\n<p>Probada para prevenir el acn\u00e9 y dise\u00f1ada con tres acciones \u00fanicas:<\/p>\n<pre style=\"text-align: center;\">Mejorar la textura de la piel \/ Reducir la irritaci\u00f3n y Enrojecimiento \/ Hidratar la piel<\/pre>\n<div class=\"icon-box featured-box icon-box-left text-left\">\n<div class=\"icon-box-img\"><\/div>\n<div class=\"icon-box-text last-reset\">\n<h5>\u00bfC\u00f3mo act\u00faa?<\/h5>\n<p>En ocasiones el acn\u00e9 nos vuelve locos, Epiology ayuda a que tengas una rutina efectiva; al pasar el poco tiempo notar\u00e1s la diferencia y el confort de una piel lisa y sin irritaci\u00f3n.<\/p>\n<p>Desde la primer semana de la aplicaci\u00f3n notar\u00e1s una reducci\u00f3n de brotes.<\/p>\n<p>Por otro lado, llegar\u00e1s a sentir una piel protegida y con un alivio con su efecto calmante.<\/p>\n<\/div>\n<\/div>\n<div class=\"icon-box featured-box icon-box-left text-left\">\n<div class=\"icon-box-text last-reset\">\n<p>Por ultimo no tendr\u00e1s que preocuparte por tu rostro ya que protege la piel de los radicales libres, tambi\u00e9n como prote\u00ednas de defensa inmune. Todo para brindar una acci\u00f3n antimicrobiana, antiinflamatoria y antioxidante.<\/p>\n<p>Decide vivir sin todos los malestares causados por el acn\u00e9.<\/p>\n<\/div>\n<div class=\"icon-box featured-box icon-box-left text-left\">\n<div class=\"icon-box-text last-reset\">\n<h5>Modo de uso:<\/h5>\n<p>Despu\u00e9s de lavar el rostro con Epiology Cleanser y ya con el rostro seco, se debe aplicar una peque\u00f1a cantidad de Epiology Cream Segundo Paso por todo el rostro.<\/p>\n<\/div>\n<p>&nbsp;<\/p>\n<h6>Esta es la rutina que Epiology tiene para una perfecta rutina.<\/h6>\n<p><strong>Paso uno<\/strong>, limpia con\u00a0<a href=\"https:\/\/iselamendez.mx\/farmacia\/tienda\/marcas\/epiology\/epiology-cleanser-110-ml\/\"><strong> Cleanser Foam<\/strong><\/a> |<strong> Paso dos<\/strong> humecta tu rostro con la <a href=\"https:\/\/iselamendez.mx\/farmacia\/tienda\/marcas\/epiology\/epiology-cream-28g\/\"><strong>Cream<\/strong><\/a> | <strong>Paso tres<\/strong> para zonas especificas <strong><a href=\"https:\/\/iselamendez.mx\/farmacia\/?post_type=product&amp;p=9141&amp;preview=true\">Spot Gel brotes Localizados<\/a>.<\/strong><\/p>\n<\/div>\n<\/div>\n","protected":false},"excerpt":{"rendered":"<p>Salud es Belleza<\/p>\n","protected":false},"featured_media":9140,"comment_status":"open","ping_status":"closed","template":"","meta":[],"product_brand":[417],"product_cat":[161,177,157,153,79,155,71],"product_tag":[],"class_list":{"0":"post-9137","1":"product","2":"type-product","3":"status-publish","4":"has-post-thumbnail","6":"product_brand-epiology","7":"product_cat-crema-facial-tipo-de-producto","8":"product_cat-epiology","9":"product_cat-hidratacion","10":"product_cat-acne","11":"product_cat-rostro","12":"product_cat-seboreguladores","13":"product_cat-tratamiento","15":"first","16":"outofstock","17":"shipping-taxable","18":"purchasable","19":"product-type-simple"},"aioseo_notices":[],"_links":{"self":[{"href":"https:\/\/iselamendez.mx\/farmacia\/wp-json\/wp\/v2\/product\/9137","targetHints":{"allow":["GET"]}}],"collection":[{"href":"https:\/\/iselamendez.mx\/farmacia\/wp-json\/wp\/v2\/product"}],"about":[{"href":"https:\/\/iselamendez.mx\/farmacia\/wp-json\/wp\/v2\/types\/product"}],"replies":[{"embeddable":true,"href":"https:\/\/iselamendez.mx\/farmacia\/wp-json\/wp\/v2\/comments?post=9137"}],"wp:featuredmedia":[{"embeddable":true,"href":"https:\/\/iselamendez.mx\/farmacia\/wp-json\/wp\/v2\/media\/9140"}],"wp:attachment":[{"href":"https:\/\/iselamendez.mx\/farmacia\/wp-json\/wp\/v2\/media?parent=9137"}],"wp:term":[{"taxonomy":"product_brand","embeddable":true,"href":"https:\/\/iselamendez.mx\/farmacia\/wp-json\/wp\/v2\/product_brand?post=9137"},{"taxonomy":"product_cat","embeddable":true,"href":"https:\/\/iselamendez.mx\/farmacia\/wp-json\/wp\/v2\/product_cat?post=9137"},{"taxonomy":"product_tag","embeddable":true,"href":"https:\/\/iselamendez.mx\/farmacia\/wp-json\/wp\/v2\/product_tag?post=9137"}],"curies":[{"name":"wp","href":"https:\/\/api.w.org\/{rel}","templated":true}]}}