{"id":9141,"date":"2021-01-13T17:20:03","date_gmt":"2021-01-13T23:20:03","guid":{"rendered":"https:\/\/iselamendez.mx\/farmacia\/?post_type=product&#038;p=9141"},"modified":"2026-04-01T03:20:10","modified_gmt":"2026-04-01T09:20:10","slug":"epiology-spot-gel-tercer-paso","status":"publish","type":"product","link":"https:\/\/iselamendez.mx\/farmacia\/tienda\/funcion\/tratamiento\/acne\/epiology-spot-gel-tercer-paso\/","title":{"rendered":"Epiology Spot Gel 10g"},"content":{"rendered":"<p>Epiology Spot Gel Tercer Paso\u00a0 Es una formula para ayudar a eliminar brotes localizados. Contiene ingedientes antibacterianos y antioxidantes que penetran en el poro para reducir el enrojecimiento, regenerar la piel y brindar una sensaci\u00f3n de confort.<\/p>\n<div class=\"icon-box featured-box icon-box-left text-left\">\n<div class=\"icon-box-img\">\n<div class=\"icon\">\n<h5 class=\"icon-inner\">\u00bfC\u00f3mo act\u00faa?<\/h5>\n<\/div>\n<\/div>\n<div class=\"icon-box-text last-reset\">\n<p>Para una piel que ya ha sufrido mucho, se creo este gel focalizado para las zonas especificas donde sale un brote.<\/p>\n<p>Desde la primera semana de aplicaci\u00f3n notar\u00e1s c\u00f3mo se reducen los brotes y calma el mal estar de la piel.<\/p>\n<\/div>\n<\/div>\n<div class=\"icon-box featured-box icon-box-left text-left\">\n<div class=\"icon-box-text last-reset\">\n<p>Este gel ayuda a reducir el enrojecimiento. As\u00ed como; Protege a la piel de radicales libres. Es as\u00ed que se puede tener un uso diario,\u00a0 ya que reduce la inflamaci\u00f3n y enrojecimiento.<\/p>\n<div class=\"icon-box featured-box icon-box-left text-left\">\n<div class=\"icon-box-text last-reset\">\n<p>Por otro lado; contiene prote\u00ednas de defensa inmune.<\/p>\n<p>Econ la textura de gel con una f\u00e1cil absorci\u00f3n, le piel no se siente grasosa.<\/p>\n<p>&nbsp;<\/p>\n<\/div>\n<\/div>\n<div class=\"icon-box featured-box icon-box-left text-left\">\n<h5>Modo de uso:<\/h5>\n<p>El Epiology Spot Gel Tercer Paso es utilizando colocando una peque\u00f1a gota en la zona afectada cuantas veces sea necesario. En caso de zonas amplias de enrojecimiento se puede colocar una fina capa.<\/p>\n<h6>Miren la f\u00e1cil rutina en tres pasos<\/h6>\n<p>Paso uno, limpia con\u00a0<a href=\"https:\/\/iselamendez.mx\/farmacia\/tienda\/marcas\/epiology\/epiology-cleanser-110-ml\/\"><strong> Cleanser Foam<\/strong><\/a> | Paso dos humecta tu rostro con la <a href=\"https:\/\/iselamendez.mx\/farmacia\/tienda\/marcas\/epiology\/epiology-cream-28g\/\"><strong>Cream<\/strong><\/a> | Paso tres para zonas especificas <strong><a href=\"https:\/\/iselamendez.mx\/farmacia\/?post_type=product&amp;p=9141&amp;preview=true\">Spot Gel brotes Localizados<\/a>.<\/strong><\/p>\n<\/div>\n<\/div>\n<\/div>\n","protected":false},"excerpt":{"rendered":"<p>Salud es Belleza<\/p>\n","protected":false},"featured_media":9143,"comment_status":"open","ping_status":"closed","template":"","meta":[],"product_brand":[417],"product_cat":[161,177,153,79,155,71],"product_tag":[350],"class_list":{"0":"post-9141","1":"product","2":"type-product","3":"status-publish","4":"has-post-thumbnail","6":"product_brand-epiology","7":"product_cat-crema-facial-tipo-de-producto","8":"product_cat-epiology","9":"product_cat-acne","10":"product_cat-rostro","11":"product_cat-seboreguladores","12":"product_cat-tratamiento","13":"product_tag-esthederm","15":"first","16":"outofstock","17":"shipping-taxable","18":"purchasable","19":"product-type-simple"},"aioseo_notices":[],"_links":{"self":[{"href":"https:\/\/iselamendez.mx\/farmacia\/wp-json\/wp\/v2\/product\/9141","targetHints":{"allow":["GET"]}}],"collection":[{"href":"https:\/\/iselamendez.mx\/farmacia\/wp-json\/wp\/v2\/product"}],"about":[{"href":"https:\/\/iselamendez.mx\/farmacia\/wp-json\/wp\/v2\/types\/product"}],"replies":[{"embeddable":true,"href":"https:\/\/iselamendez.mx\/farmacia\/wp-json\/wp\/v2\/comments?post=9141"}],"wp:featuredmedia":[{"embeddable":true,"href":"https:\/\/iselamendez.mx\/farmacia\/wp-json\/wp\/v2\/media\/9143"}],"wp:attachment":[{"href":"https:\/\/iselamendez.mx\/farmacia\/wp-json\/wp\/v2\/media?parent=9141"}],"wp:term":[{"taxonomy":"product_brand","embeddable":true,"href":"https:\/\/iselamendez.mx\/farmacia\/wp-json\/wp\/v2\/product_brand?post=9141"},{"taxonomy":"product_cat","embeddable":true,"href":"https:\/\/iselamendez.mx\/farmacia\/wp-json\/wp\/v2\/product_cat?post=9141"},{"taxonomy":"product_tag","embeddable":true,"href":"https:\/\/iselamendez.mx\/farmacia\/wp-json\/wp\/v2\/product_tag?post=9141"}],"curies":[{"name":"wp","href":"https:\/\/api.w.org\/{rel}","templated":true}]}}