{"id":9526,"date":"2021-02-16T11:08:55","date_gmt":"2021-02-16T17:08:55","guid":{"rendered":"https:\/\/iselamendez.mx\/farmacia\/?post_type=product&#038;p=9526"},"modified":"2026-04-01T03:20:13","modified_gmt":"2026-04-01T09:20:13","slug":"la-roche-posay-eua-thermale-300ml","status":"publish","type":"product","link":"https:\/\/iselamendez.mx\/farmacia\/tienda\/funcion\/tratamiento\/piel-sensible\/la-roche-posay-eua-thermale-300ml\/","title":{"rendered":"La Roche-Posay Eau Thermale 300ml"},"content":{"rendered":"<p>La Roche Posay Eua Thermale 300ml es naturalmente rica en Selenio, anti-oxidante natural, calma y suaviza la piel; conforta la piel sensible y\/o irritada por factores externos (sol, tratamientos dermatol\u00f3gicos, etc). Ayuda a prevenir los signos de envejecimiento de la piel.<\/p>\n<h5>\u00bfC\u00d3MO ACT\u00daA?<\/h5>\n<p>Pieles sensibles y\/o irritadas por factores externos (sol, tratamientos dermatol\u00f3gicos,etc\u2026).<br \/>\nLa combinaci\u00f3n \u00fanica de\u00a0minerales\u00a0y oligoelementeos, como el Selenio, hacen que el\u00a0agua termal de\u00a0La Roche-Posay sea reconocida por sus propiedades calmantes\u00a0y suavizantes,\u00a0cient\u00edficamente comprobadas. Su estricta carta de formulaci\u00f3n minimiza el riesgo de intolerancias. Adecuada para las pieles de los adultos y los beb\u00e9s.<\/p>\n<p>Sin duda existen muchas marcas de Agua Termal, pero La Roche Posay no se queda atr\u00e1s en este producto. Estoy sufriendo de una temporada de piel super seca debido a un tratamiento del acn\u00e9 y decid\u00ed adquirir esta agua milagrosa, me roci\u00e9 solo un poco en la cara y sent\u00ed que volv\u00ed a la vida, siento mi rostro super hidratado, suave, con picor ni ardor. Es un excelentemente vers\u00e1til, funciona hasta como primer y fijador de maquillaje. Recomiendo ampliamente. Su relaci\u00f3n cantidad\/calidad\/precio es la mejor del mercado.<\/p>\n<p>&nbsp;<\/p>\n<p>Modo de uso:<\/p>\n<p>Sobre la piel limpia roc\u00eda La Roche Posay Eua Thermale 300ml sobre las zonas irritadas.<\/p>\n<p>Recuerda utilizar<a href=\"https:\/\/iselamendez.mx\/farmacia\/categoria-producto\/funcion\/protector-solar\/\">\u00a0protector solar<\/a>\u00a0todos los d\u00edas.<\/p>\n","protected":false},"excerpt":{"rendered":"<p>Salud es Belleza<\/p>\n","protected":false},"featured_media":10176,"comment_status":"open","ping_status":"closed","template":"","meta":[],"product_brand":[440],"product_cat":[100,80,181,113,79],"product_tag":[],"class_list":{"0":"post-9526","1":"product","2":"type-product","3":"status-publish","4":"has-post-thumbnail","6":"product_brand-la-roche-posay","7":"product_cat-brume","8":"product_cat-cuerpo","9":"product_cat-la-roche-posay","10":"product_cat-piel-sensible","11":"product_cat-rostro","13":"first","14":"outofstock","15":"shipping-taxable","16":"purchasable","17":"product-type-simple"},"aioseo_notices":[],"_links":{"self":[{"href":"https:\/\/iselamendez.mx\/farmacia\/wp-json\/wp\/v2\/product\/9526","targetHints":{"allow":["GET"]}}],"collection":[{"href":"https:\/\/iselamendez.mx\/farmacia\/wp-json\/wp\/v2\/product"}],"about":[{"href":"https:\/\/iselamendez.mx\/farmacia\/wp-json\/wp\/v2\/types\/product"}],"replies":[{"embeddable":true,"href":"https:\/\/iselamendez.mx\/farmacia\/wp-json\/wp\/v2\/comments?post=9526"}],"wp:featuredmedia":[{"embeddable":true,"href":"https:\/\/iselamendez.mx\/farmacia\/wp-json\/wp\/v2\/media\/10176"}],"wp:attachment":[{"href":"https:\/\/iselamendez.mx\/farmacia\/wp-json\/wp\/v2\/media?parent=9526"}],"wp:term":[{"taxonomy":"product_brand","embeddable":true,"href":"https:\/\/iselamendez.mx\/farmacia\/wp-json\/wp\/v2\/product_brand?post=9526"},{"taxonomy":"product_cat","embeddable":true,"href":"https:\/\/iselamendez.mx\/farmacia\/wp-json\/wp\/v2\/product_cat?post=9526"},{"taxonomy":"product_tag","embeddable":true,"href":"https:\/\/iselamendez.mx\/farmacia\/wp-json\/wp\/v2\/product_tag?post=9526"}],"curies":[{"name":"wp","href":"https:\/\/api.w.org\/{rel}","templated":true}]}}