{"id":9709,"date":"2021-03-04T11:43:45","date_gmt":"2021-03-04T17:43:45","guid":{"rendered":"https:\/\/iselamendez.mx\/farmacia\/?post_type=product&#038;p=9709"},"modified":"2026-04-22T14:12:04","modified_gmt":"2026-04-22T20:12:04","slug":"ds-laboratories-nia-fix","status":"publish","type":"product","link":"https:\/\/iselamendez.mx\/farmacia\/tienda\/tipo-de-producto\/atomizador\/ds-laboratories-nia-fix\/","title":{"rendered":"DS Laboratories NIA FIX 150ml"},"content":{"rendered":"<p><a href=\"https:\/\/dslaboratories.com.mx\/products\/nia-fix-tratamiento-reestructurante-del-cabello\">DS Laboratories NIA Fix 150ml<\/a><\/p>\n<h5 class=\"product__title-under\">TRATAMIENTO REESTRUCTURANTE DEL CABELLO<\/h5>\n<p>&nbsp;<\/p>\n<h5>\u00bfC\u00f3mo act\u00faa?<\/h5>\n<p dir=\"ltr\">Es un revolucionario tratamiento reestructurante que repara, nutre, protege e hidrata la estructura del cabello maltratado, quebradizo o da\u00f1ado qu\u00edmicamente. Fortalece los enlaces rotos debido a factores externos y repara f\u00edsicamente los enlaces y la cut\u00edcula de adentro hacia fuera gracias a su tratamiento en dos pasos.<\/p>\n<p>Repara el cabello qu\u00edmicamente da\u00f1ado:<\/p>\n<ul>\n<li>Con el tiempo, los tintes y los tratamientos qu\u00edmicos da\u00f1an el cabello. La falta de un cuidado habitual puede resultar en un cabello seco y da\u00f1ado, soluciona este problema y protege tu cabello de da\u00f1os futuros.<\/li>\n<\/ul>\n<p>Reduce el cabello quebradizo:<\/p>\n<ul>\n<li>No dejes que tu cabello sea v\u00edctima del estr\u00e9s y las tensiones de la vida diaria. Fortalece y multiplica los enlaces del cabello para reducir su quiebre.<\/li>\n<\/ul>\n<p>&nbsp;<\/p>\n<h5>Beneficios:<\/h5>\n<ul>\n<li>Protege su color<\/li>\n<li>Repara las puntas abiertas<\/li>\n<li>Transforma tu cabello<\/li>\n<li>La fuerza de los ingredientes naturales<\/li>\n<li>Ideal para cabello procesado<\/li>\n<\/ul>\n<h5><\/h5>\n<div class=\"product-info__info-title\">\n<h5>\u00bfQui\u00e9n necesita Nia?<\/h5>\n<\/div>\n<div class=\"product-info__who-content\">\n<ul>\n<li>Hombres y mujeres con cabello maltratado por procesos qu\u00edmicos, tintes, mechas, decoloraciones, exposici\u00f3n al sol, uso de planchas y secadores<\/li>\n<li>Hombres y mujeres que buscan reparar y reestructurar el cabello te\u00f1ido<\/li>\n<\/ul>\n<\/div>\n<p>&nbsp;<\/p>\n<h5>Modo de uso:<\/h5>\n<p>Lava tu cabello con <a href=\"https:\/\/iselamendez.mx\/farmacia\/tienda\/marcas\/ds-laboratories\/ds-laboratories-nia-shampoo\/\">Nia Shampoo<\/a> y enjuaga.<\/p>\n<p>Paso 1: Aplica Bond Creator Foam saturando desde las ra\u00edces hasta las puntas. Masajea uniformemente y deja reposar durante 20 minutos.<\/p>\n<p>Paso 2: Sin enjuagar el paso 1, aplica Energizing Mask y masajea el cabello. Deja reposar durante 20 minutos y enjuaga.<\/p>\n<p>Para obtener mejores resultados, utiliza una vez por semana.<\/p>\n<p>&nbsp;<\/p>\n<p>Tienda en l\u00ednea <a href=\"https:\/\/iselamendez.mx\/\">Isela M\u00e9ndez<\/a> tenemos los mejores productos de <strong>DS LABORATORIES<\/strong>\u00a0consulta algunos de nuestros dermat\u00f3logos para una mejor autoevaluaci\u00f3n.<\/p>\n<p>&nbsp;<\/p>\n","protected":false},"excerpt":{"rendered":"<p>Salud es belleza<\/p>\n","protected":false},"featured_media":9715,"comment_status":"open","ping_status":"closed","template":"","meta":[],"product_brand":[412],"product_cat":[67,112,209,115,590,69],"product_tag":[348],"class_list":{"0":"post-9709","1":"product","2":"type-product","3":"status-publish","4":"has-post-thumbnail","6":"product_brand-ds-laboratories","7":"product_cat-atomizador","8":"product_cat-cabeza","9":"product_cat-cuidado-capilar","10":"product_cat-ds-laboratories","11":"product_cat-semana-santa","12":"product_cat-suero","13":"product_tag-ds-laboratories","15":"first","16":"outofstock","17":"shipping-taxable","18":"purchasable","19":"product-type-simple"},"aioseo_notices":[],"_links":{"self":[{"href":"https:\/\/iselamendez.mx\/farmacia\/wp-json\/wp\/v2\/product\/9709","targetHints":{"allow":["GET"]}}],"collection":[{"href":"https:\/\/iselamendez.mx\/farmacia\/wp-json\/wp\/v2\/product"}],"about":[{"href":"https:\/\/iselamendez.mx\/farmacia\/wp-json\/wp\/v2\/types\/product"}],"replies":[{"embeddable":true,"href":"https:\/\/iselamendez.mx\/farmacia\/wp-json\/wp\/v2\/comments?post=9709"}],"wp:featuredmedia":[{"embeddable":true,"href":"https:\/\/iselamendez.mx\/farmacia\/wp-json\/wp\/v2\/media\/9715"}],"wp:attachment":[{"href":"https:\/\/iselamendez.mx\/farmacia\/wp-json\/wp\/v2\/media?parent=9709"}],"wp:term":[{"taxonomy":"product_brand","embeddable":true,"href":"https:\/\/iselamendez.mx\/farmacia\/wp-json\/wp\/v2\/product_brand?post=9709"},{"taxonomy":"product_cat","embeddable":true,"href":"https:\/\/iselamendez.mx\/farmacia\/wp-json\/wp\/v2\/product_cat?post=9709"},{"taxonomy":"product_tag","embeddable":true,"href":"https:\/\/iselamendez.mx\/farmacia\/wp-json\/wp\/v2\/product_tag?post=9709"}],"curies":[{"name":"wp","href":"https:\/\/api.w.org\/{rel}","templated":true}]}}