{"id":9811,"date":"2021-03-18T17:20:09","date_gmt":"2021-03-18T23:20:09","guid":{"rendered":"https:\/\/iselamendez.mx\/farmacia\/?post_type=product&#038;p=9811"},"modified":"2026-05-04T09:04:40","modified_gmt":"2026-05-04T15:04:40","slug":"svr-ampoule-relax-%e2%98%be","status":"publish","type":"product","link":"https:\/\/iselamendez.mx\/farmacia\/tienda\/funcion\/tratamiento\/ojeras\/svr-ampoule-relax-%e2%98%be\/","title":{"rendered":"SVR Ampoule Relax 15ml"},"content":{"rendered":"<p><a href=\"https:\/\/es.labo-svr.com\/products\/ampoule-relax\">SVR Ampoule Relax \u263e 15ml<\/a><\/p>\n<h5>Concentrado de ojos revitalizante y regenerador<\/h5>\n<p>S\u00e9rum enriquecido con GABA para calmar, relajar y ayudar a regenerar la piel del contorno de tus ojos durante la noche.<\/p>\n<p>&nbsp;<\/p>\n<h5>\u00bfC\u00f3mo act\u00faa?<\/h5>\n<p>Este s\u00e9rum de noche calma, relaja y ayuda a regenerar la piel del contorno del ojo. Su exclusiva f\u00f3rmula enriquecida con GABA act\u00faa como relajante cut\u00e1neo para reducir arrugas y tonificar la piel. El \u00e1rea ocular luce descansada, a la vez que las arrugas y las l\u00edneas de expresi\u00f3n se suavizan visiblemente. La f\u00f3rmula incorpora un postbi\u00f3tico, y combinada con un masaje, estimula la microcirculaci\u00f3n para corregir significativamente las ojeras y las bolsas. Adem\u00e1s, \u00a1viene con un innovador aplicador! Una pipeta dise\u00f1ada para masajear el producto directamente en esta \u00e1rea para un efecto reconfortante instant\u00e1neo, maximizando la acci\u00f3n relajante.<\/p>\n<p>No m\u00e1s ojos cansados y arrugas profundas al despertar: el contorno de ojos se regenera, descansa y alisa, como despu\u00e9s de un largo sue\u00f1o reparador.<\/p>\n<h5>Beneficios:<\/h5>\n<p>\u2022 Reducci\u00f3n de la superficie y el color de las ojeras<br \/>\n\u2022 Reducci\u00f3n de las bolsas de debajo de los ojos<br \/>\n\u2022 Reducci\u00f3n de arrugas y patas de gallo<br \/>\n\u2022<strong>\u00a0<\/strong>Piel m\u00e1s alisada alrededor de los ojos<\/p>\n<p>.<\/p>\n<h5>Modo de uso:<\/h5>\n<div class=\"product__content\">\n<div class=\"product__tab expanded\" data-drawer-container=\"\">\n<div class=\"product__tab-content\" data-drawer-content=\"\">\n<p>Por la noche, extrae una peque\u00f1a cantidad de s\u00e9rum en la pipeta y apl\u00edcatelo sobre la piel limpia y seca alrededor de los ojos y luego masajea con la punta del aplicador suavemente. Puedes terminar el masaje con las yemas de los dedos hasta que el s\u00e9rum se absorba por completo. No aplicar directamente sobre del ojo mismo.<\/p>\n<\/div>\n<p>Para un delicioso descanso\u00a0 <a href=\"https:\/\/iselamendez.mx\/farmacia\/tienda\/marcas\/svr\/svr-ampoule-refresh-%e2%98%bc\/\">SVR <\/a><span style=\"color: #868686; font-size: 15px;\">Ampoule Refresh \u263c<\/span><\/p>\n<\/div>\n<\/div>\n","protected":false},"excerpt":{"rendered":"<p>Salud es belleza<\/p>\n<h2><\/h2>\n","protected":false},"featured_media":16373,"comment_status":"open","ping_status":"closed","template":"","meta":[],"product_brand":[474],"product_cat":[159,78,486,69,32],"product_tag":[368],"class_list":{"0":"post-9811","1":"product","2":"type-product","3":"status-publish","4":"has-post-thumbnail","6":"product_brand-svr","7":"product_cat-ojeras","8":"product_cat-ojos","9":"product_cat-promociones-2026","10":"product_cat-suero","11":"product_cat-svr","12":"product_tag-svr","14":"first","15":"outofstock","16":"sale","17":"shipping-taxable","18":"purchasable","19":"product-type-simple"},"aioseo_notices":[],"_links":{"self":[{"href":"https:\/\/iselamendez.mx\/farmacia\/wp-json\/wp\/v2\/product\/9811","targetHints":{"allow":["GET"]}}],"collection":[{"href":"https:\/\/iselamendez.mx\/farmacia\/wp-json\/wp\/v2\/product"}],"about":[{"href":"https:\/\/iselamendez.mx\/farmacia\/wp-json\/wp\/v2\/types\/product"}],"replies":[{"embeddable":true,"href":"https:\/\/iselamendez.mx\/farmacia\/wp-json\/wp\/v2\/comments?post=9811"}],"wp:featuredmedia":[{"embeddable":true,"href":"https:\/\/iselamendez.mx\/farmacia\/wp-json\/wp\/v2\/media\/16373"}],"wp:attachment":[{"href":"https:\/\/iselamendez.mx\/farmacia\/wp-json\/wp\/v2\/media?parent=9811"}],"wp:term":[{"taxonomy":"product_brand","embeddable":true,"href":"https:\/\/iselamendez.mx\/farmacia\/wp-json\/wp\/v2\/product_brand?post=9811"},{"taxonomy":"product_cat","embeddable":true,"href":"https:\/\/iselamendez.mx\/farmacia\/wp-json\/wp\/v2\/product_cat?post=9811"},{"taxonomy":"product_tag","embeddable":true,"href":"https:\/\/iselamendez.mx\/farmacia\/wp-json\/wp\/v2\/product_tag?post=9811"}],"curies":[{"name":"wp","href":"https:\/\/api.w.org\/{rel}","templated":true}]}}